057
CXUS53 KDMX 020306
CF6EST
PRELIMINARY LOCAL CLIMATOLOGICAL DATA (WS FORM: F-6)
STATION: ESTHERVILLE IA
MONTH: AUGUST
YEAR: 2020
LATITUDE: 43 24 N
LONGITUDE: 94 45 W
TEMPERATURE IN F: :PCPN: SNOW: WIND :SUNSHINE: SKY :PK WND
================================================================================
1 2 3 4 5 6A 6B 7 8 9 10 11 12 13 14 15 16 17 18
12Z AVG MX 2MIN
DY MAX MIN AVG DEP HDD CDD WTR SNW DPTH SPD SPD DIR MIN PSBL S-S WX SPD DR
================================================================================
1 78 55 67 -4 0 2 0.08 0.0 0 5.1 20 350 M M 7 13 25 350
2 73 49 61 -10 4 0 0.00 0.0 0 11.4 23 360 M M 2 30 10
3 72 45 59 -12 6 0 0.00 0.0 0 5.1 12 60 M M 4 18 50
4 72 45 59 -12 6 0 0.00 0.0 0 4.2 9 130 M M 1 1 14 130
5 69 50 60 -10 5 0 T 0.0 0 7.9 17 160 M M 7 1 23 150
6 77 58 68 -2 0 3 0.13 0.0 0 10.5 18 150 M M 7 1 26 170
7 82 63 73 3 0 8 0.00 0.0 0 11.6 22 160 M M 5 1 32 160
8 81 69 75 5 0 10 0.00 0.0 0 9.8 18 200 M M 4 25 210
9 84 66 75 5 0 10 0.29 0.0 0 11.0 36 300 M M 2 13 52 290
10 74 52 63 -7 2 0 0.06 0.0 0 7.4 23 20 M M 2 1 32 30
11 79 50 65 -5 0 0 0.00 0.0 0 6.7 13 140 M M 1 20 150
12 82 59 71 1 0 6 0.00 0.0 0 10.8 22 100 M M 4 1 30 180
13 85 70 78 8 0 13 0.00 0.0 0 11.7 18 170 M M 3 1 28 180
14 84 60 72 2 0 7 0.00 0.0 0 12.1 25 180 M M 4 1 36 170
15 78 50 64 -5 1 0 0.00 0.0 0 4.0 10 330 M M 0 15 350
16 84 57 71 2 0 6 0.00 0.0 0 7.7 16 320 M M 1 24 320
17 77 52 65 -4 0 0 0.00 0.0 0 10.4 20 350 M M 0 28 320
18 78 48 63 -6 2 0 0.00 0.0 0 3.4 9 130 M M 0 11 80
19 83 50 67 -2 0 2 0.00 0.0 0 8.7 17 190 M M 0 24 170
20 83 57 70 1 0 5 0.00 0.0 0 10.8 20 210 M M 0 29 210
21 90 64 77 9 0 12 0.03 0.0 0 11.0 21 230 M M 3 13 28 210
22 89 61 75 7 0 10 0.00 0.0 0 8.9 18 100 M M 4 12 25 170
23 93 60 77 9 0 12 0.00 0.0 0 3.6 8 190 M M 1 12 12 340
24 93 65 79 11 0 14 0.00 0.0 0 9.7 21 160 M M 1 13 27 170
25 94 62 78 10 0 13 0.00 0.0 0 10.5 22 210 M M 0 31 210
26 92 65 79 11 0 14 0.01 0.0 0 12.3 26 220 M M 0 39 220
27 89 61 75 8 0 10 T 0.0 0 3.7 13 10 M M 0 1 16 10
28 82 59 71 4 0 6 0.23 0.0 0 10.8 24 300 M M 1 13 34 320
29 76 51 64 -3 1 0 0.00 0.0 0 5.9 13 340 M M 1 19 350
30 78 50 64 -3 1 0 T 0.0 0 11.4 22 150 M M 1 31 150
31 73 46 60 -6 5 0 0.03 0.0 0 10.7 29 310 M M 3 1 43 290
================================================================================
SM 2524 1749 33 163 0.86 0.0 268.8 M 69
================================================================================
AV 81.4 56.4 8.7 FASTST M M 2 MAX(MPH)
MISC ----> # 36 300 # 52 290
================================================================================
NOTES:
# LAST OF SEVERAL OCCURRENCES
COLUMN 17 PEAK WIND IN M.P.H.
PRELIMINARY LOCAL CLIMATOLOGICAL DATA (WS FORM: F-6) , PAGE 2
STATION: ESTHERVILLE IA
MONTH: AUGUST
YEAR: 2020
LATITUDE: 43 24 N
LONGITUDE: 94 45 W
[TEMPERATURE DATA] [PRECIPITATION DATA] SYMBOLS USED IN COLUMN 16
AVERAGE MONTHLY: 68.9 TOTAL FOR MONTH: 0.86 1 = FOG OR MIST
DPTR FM NORMAL: -0.1 DPTR FM NORMAL: -3.06 2 = FOG REDUCING VISIBILITY
HIGHEST: 94 ON 25 GRTST 24HR 0.29 ON 9- 9 TO 1/4 MILE OR LESS
LOWEST: 45 ON 4, 3 3 = THUNDER
SNOW, ICE PELLETS, HAIL 4 = ICE PELLETS
TOTAL MONTH: 0.0 INCH 5 = HAIL
GRTST 24HR 0.0 6 = FREEZING RAIN OR DRIZZLE
GRTST DEPTH: 0 7 = DUSTSTORM OR SANDSTORM:
VSBY 1/2 MILE OR LESS
8 = SMOKE OR HAZE
[NO. OF DAYS WITH] [WEATHER - DAYS WITH] 9 = BLOWING SNOW
X = TORNADO
MAX 32 OR BELOW: 0 0.01 INCH OR MORE: 8
MAX 90 OR ABOVE: 5 0.10 INCH OR MORE: 3
MIN 32 OR BELOW: 0 0.50 INCH OR MORE: 0
MIN 0 OR BELOW: 0 1.00 INCH OR MORE: 0
[HDD (BASE 65) ]
TOTAL THIS MO. 33 CLEAR (SCALE 0-3) 21
DPTR FM NORMAL 10 PTCLDY (SCALE 4-7) 10
TOTAL FM JUL 1 35 CLOUDY (SCALE 8-10) 0
DPTR FM NORMAL 3
[CDD (BASE 65) ]
TOTAL THIS MO. 163
DPTR FM NORMAL 15 [PRESSURE DATA]
TOTAL FM JAN 1 602 HIGHEST SLP 30.20 ON 3
DPTR FM NORMAL 62 LOWEST SLP 29.59 ON 31
[REMARKS]
#FINAL-08-20#