000
CXUS53 KPAH 010949
CF6EVV
PRELIMINARY LOCAL CLIMATOLOGICAL DATA (WS FORM: F-6)
STATION: EVANSVILLE IN
MONTH: AUGUST
YEAR: 2021
LATITUDE: 38 2 N
LONGITUDE: 87 32 W
TEMPERATURE IN F: :PCPN: SNOW: WIND :SUNSHINE: SKY :PK WND
================================================================================
1 2 3 4 5 6A 6B 7 8 9 10 11 12 13 14 15 16 17 18
12Z AVG MX 2MIN
DY MAX MIN AVG DEP HDD CDD WTR SNW DPTH SPD SPD DIR MIN PSBL S-S WX SPD DR
================================================================================
1 85 62 74 -4 0 9 0.00 0.0 0 5.8 12 10 M M 3 18 18 320
2 82 59 71 -7 0 6 0.00 0.0 0 5.4 13 350 M M 0 8 21 10
3 84 63 74 -4 0 9 0.00 0.0 0 6.4 15 50 M M 2 19 60
4 86 61 74 -4 0 9 0.00 0.0 0 5.1 14 50 M M 2 19 50
5 86 57 72 -6 0 7 0.00 0.0 0 2.2 10 260 M M 2 15 260
6 87 60 74 -4 0 9 0.00 0.0 0 2.6 13 210 M M 0 1 17 240
7 89 67 78 0 0 13 0.00 0.0 0 4.0 12 210 M M 0 17 250
8 91 67 79 1 0 14 0.54 0.0 0 7.5 22 260 M M 3 138 31 260
9 84 69 77 -1 0 12 2.19 0.0 0 8.0 17 220 M M 5 13 24 330
10 93 73 83 5 0 18 0.10 0.0 0 9.7 29 250 M M 2 13 36 250
11 93 75 84 6 0 19 0.00 0.0 0 10.9 20 220 M M 1 28 220
12 93 73 83 5 0 18 0.00 0.0 0 8.7 17 360 M M 1 27 350
13 90 72 81 3 0 16 0.00 0.0 0 3.9 13 260 M M 1 17 260
14 84 73 79 1 0 14 T 0.0 0 7.6 16 40 M M 7 20 30
15 81 69 75 -3 0 10 0.00 0.0 0 7.6 13 60 M M 9 18 50
16 85 68 77 -1 0 12 0.00 0.0 0 2.8 10 150 M M 6 14 130
17 86 69 78 0 0 13 0.00 0.0 0 2.3 9 140 M M 3 1 14 150
18 86 69 78 1 0 13 0.04 0.0 0 3.5 16 170 M M 3 12 24 160
19 87 72 80 3 0 15 1.74 0.0 0 1.9 9 160 M M 6 1 13 140
20 89 70 80 3 0 15 0.00 0.0 0 4.0 12 90 M M 3 12 16 130
21 87 70 79 2 0 14 1.92 0.0 0 3.3 17 70 M M 5 13 25 90
22 91 70 81 4 0 16 0.00 0.0 0 2.3 9 270 M M 5 12 12 270
23 93 71 82 5 0 17 0.00 0.0 0 2.5 10 260 M M 1 12 15 250
24 93 74 84 8 0 19 0.00 0.0 0 2.9 13 220 M M 1 1 17 210
25 95 73 84 8 0 19 0.00 0.0 0 2.2 10 80 M M 1 18 15 90
26 96 73 85 9 0 20 0.00 0.0 0 1.8 10 10 M M 1 1 16 250
27 92 72 82 6 0 17 0.19 0.0 0 3.7 23 130 M M 1 138 35 140
28 92 70 81 5 0 16 0.00 0.0 0 4.1 13 190 M M 2 123 18 200
29 92 71 82 6 0 17 0.00 0.0 0 4.5 14 240 M M 2 21 240
30 85 71 78 3 0 13 0.02 0.0 0 4.7 15 340 M M 5 13 20 340
31 84 69 77 2 0 12 0.00 0.0 0 7.2 14 90 M M 5 19 40
================================================================================
SM 2741 2132 0 431 6.74 0.0 149.1 M 88
================================================================================
AV 88.4 68.8 4.8 FASTST M M 3 MAX(MPH)
MISC ----> 29 250 36 250
================================================================================
NOTES:
# LAST OF SEVERAL OCCURRENCES
COLUMN 17 PEAK WIND IN M.P.H.
PRELIMINARY LOCAL CLIMATOLOGICAL DATA (WS FORM: F-6) , PAGE 2
STATION: EVANSVILLE IN
MONTH: AUGUST
YEAR: 2021
LATITUDE: 38 2 N
LONGITUDE: 87 32 W
[TEMPERATURE DATA] [PRECIPITATION DATA] SYMBOLS USED IN COLUMN 16
AVERAGE MONTHLY: 78.6 TOTAL FOR MONTH: 6.74 1 = FOG OR MIST
DPTR FM NORMAL: 1.3 DPTR FM NORMAL: 3.67 2 = FOG REDUCING VISIBILITY
HIGHEST: 96 ON 26 GRTST 24HR 2.73 ON 8- 9 TO 1/4 MILE OR LESS
LOWEST: 57 ON 5 3 = THUNDER
SNOW, ICE PELLETS, HAIL 4 = ICE PELLETS
TOTAL MONTH: 0.0 INCH 5 = HAIL
GRTST 24HR 0.0 6 = FREEZING RAIN OR DRIZZLE
GRTST DEPTH: 0 7 = DUSTSTORM OR SANDSTORM:
VSBY 1/2 MILE OR LESS
8 = SMOKE OR HAZE
[NO. OF DAYS WITH] [WEATHER - DAYS WITH] 9 = BLOWING SNOW
X = TORNADO
MAX 32 OR BELOW: 0 0.01 INCH OR MORE: 8
MAX 90 OR ABOVE: 13 0.10 INCH OR MORE: 6
MIN 32 OR BELOW: 0 0.50 INCH OR MORE: 4
MIN 0 OR BELOW: 0 1.00 INCH OR MORE: 3
[HDD (BASE 65) ]
TOTAL THIS MO. 0 CLEAR (SCALE 0-3) 20
DPTR FM NORMAL 0 PTCLDY (SCALE 4-7) 10
TOTAL FM JUL 1 0 CLOUDY (SCALE 8-10) 1
DPTR FM NORMAL 0
[CDD (BASE 65) ]
TOTAL THIS MO. 431
DPTR FM NORMAL 49 [PRESSURE DATA]
TOTAL FM JAN 1 1295 HIGHEST SLP 30.19 ON 14
DPTR FM NORMAL 2 LOWEST SLP 29.65 ON 31
[REMARKS]
#FINAL-08-21#
7TH WETTEST AUGUST AT EVANSVILLE.