000
CXUS56 KSLC 052146
CF6EVW
PRELIMINARY LOCAL CLIMATOLOGICAL DATA (WS FORM: F-6)
STATION: EVANSTON WY
MONTH: JULY
YEAR: 2022
LATITUDE: 41 16 N
LONGITUDE: 111 2 W
TEMPERATURE IN F: :PCPN: SNOW: WIND :SUNSHINE: SKY :PK WND
================================================================================
1 2 3 4 5 6A 6B 7 8 9 10 11 12 13 14 15 16 17 18
12Z AVG MX 2MIN
DY MAX MIN AVG DEP HDD CDD WTR SNW DPTH SPD SPD DIR MIN PSBL S-S WX SPD DR
================================================================================
1 81 54 68 4 0 3 0.01 M M 9.1 28 360 M M 2 3 41 360
2 85 54 70 6 0 5 0.01 M M 9.5 25 220 M M 1 35 220
3 85 57 71 7 0 6 0.00 M M 14.6 32 210 M M 1 43 200
4 82 55 69 4 0 4 0.00 M M 13.8 28 210 M M 0 45 190
5 82 56 69 4 0 4 0.00 M M 10.6 24 210 M M 0 36 260
6 85 56 71 5 0 6 0.00 M M 11.0 25 220 M M 1 36 230
7 85 56 71 5 0 6 0.00 M M 11.3 25 200 M M 1 37 210
8 87 57 72 6 0 7 0.00 M M 11.4 30 230 M M 0 41 230
9 91 61 76 10 0 11 0.00 M M 14.4 43 220 M M 1 60 210
10 88 58 73 6 0 8 0.00 M M 9.8 25 270 M M 0 35 290
11 89 54 72 5 0 7 0.00 M M 5.7 22 260 M M 0 31 270
12 88 53 71 4 0 6 0.00 M M 9.0 31 230 M M 0 46 280
13 90 58 74 6 0 9 0.04 M M 11.5 45 190 M M 2 71 200
14 89 56 73 5 0 8 T M M 9.8 22 220 M M 1 27 210
15 73 59 66 -2 0 1 0.28 M M 6.8 20 250 M M 6 13 26 260
16 88 54 71 3 0 6 0.00 M M 7.0 20 270 M M 0 28 280
17 93 59 76 8 0 11 0.00 M M 11.3 39 270 M M 1 50 260
18 87 58 73 5 0 8 0.00 M M 15.0 28 250 M M 1 38 240
19 87 58 73 4 0 8 0.00 M M 9.6 24 260 M M 3 3 35 260
20 87 58 73 4 0 8 0.00 M M 5.9 17 280 M M 2 26 280
21 88 57 73 4 0 8 0.00 M M 7.3 24 350 M M 1 36 270
22 92 60 76 7 0 11 T M M 10.4 39 250 M M 1 3 53 260
23 90 61 76 7 0 11 0.00 M M 6.8 21 240 M M 3 28 230
24 81 59 70 1 0 5 0.00 M M 10.6 24 230 M M 1 33 240
25 87 52 70 1 0 5 0.00 M M 11.3 28 270 M M 0 37 250
26 89 55 72 3 0 7 0.00 M M 9.3 23 260 M M 0 31 240
27 90 55 73 4 0 8 0.00 M M 8.0 20 320 M M 1 27 220
28 88 59 74 5 0 9 T M M 10.2 32 70 M M 2 3 46 60
29 85 54 70 1 0 5 0.15 M M 6.6 31 360 M M 2 3 46 360
30 86 55 71 2 0 6 0.01 M M 7.0 21 160 M M 1 32 160
31 89 56 73 4 0 8 0.00 M M 6.7 15 330 M M 1 25 330
================================================================================
SM 2687 1754 0 215 0.50 M 301.3 M 36
================================================================================
AV 86.7 56.6 9.7 FASTST M M 1 MAX(MPH)
MISC ----> 45 190 71 200
================================================================================
NOTES:
# LAST OF SEVERAL OCCURRENCES
COLUMN 17 PEAK WIND IN M.P.H.
PRELIMINARY LOCAL CLIMATOLOGICAL DATA (WS FORM: F-6) , PAGE 2
STATION: EVANSTON WY
MONTH: JULY
YEAR: 2022
LATITUDE: 41 16 N
LONGITUDE: 111 2 W
[TEMPERATURE DATA] [PRECIPITATION DATA] SYMBOLS USED IN COLUMN 16
AVERAGE MONTHLY: 71.6 TOTAL FOR MONTH: 0.50 1 = FOG OR MIST
DPTR FM NORMAL: 4.1 DPTR FM NORMAL: -0.05 2 = FOG REDUCING VISIBILITY
HIGHEST: 93 ON 17 GRTST 24HR 0.28 ON 15-15 TO 1/4 MILE OR LESS
LOWEST: 52 ON 25 3 = THUNDER
SNOW, ICE PELLETS, HAIL 4 = ICE PELLETS
TOTAL MONTH: M 5 = HAIL
GRTST 24HR M ON M 6 = FREEZING RAIN OR DRIZZLE
GRTST DEPTH: M ON M 7 = DUSTSTORM OR SANDSTORM:
VSBY 1/2 MILE OR LESS
8 = SMOKE OR HAZE
[NO. OF DAYS WITH] [WEATHER - DAYS WITH] 9 = BLOWING SNOW
X = TORNADO
MAX 32 OR BELOW: 0 0.01 INCH OR MORE: 6
MAX 90 OR ABOVE: 6 0.10 INCH OR MORE: 2
MIN 32 OR BELOW: 0 0.50 INCH OR MORE: 0
MIN 0 OR BELOW: 0 1.00 INCH OR MORE: 0
[HDD (BASE 65) ]
TOTAL THIS MO. 0 CLEAR (SCALE 0-3) 30
DPTR FM NORMAL -30 PTCLDY (SCALE 4-7) 1
TOTAL FM JUL 1 0 CLOUDY (SCALE 8-10) 0
DPTR FM NORMAL -25
[CDD (BASE 65) ]
TOTAL THIS MO. 215
DPTR FM NORMAL 109 [PRESSURE DATA]
TOTAL FM JAN 1 244 HIGHEST SLP 30.19 ON 15
DPTR FM NORMAL 120 LOWEST SLP 29.66 ON 3
[REMARKS]
#FINAL-07-22#