740
CXUS56 KSLC 020833
CF6EVW
PRELIMINARY LOCAL CLIMATOLOGICAL DATA (WS FORM: F-6)
STATION: EVANSTON WY
MONTH: JANUARY
YEAR: 2021
LATITUDE: 41 16 N
LONGITUDE: 111 2 W
TEMPERATURE IN F: :PCPN: SNOW: WIND :SUNSHINE: SKY :PK WND
================================================================================
1 2 3 4 5 6A 6B 7 8 9 10 11 12 13 14 15 16 17 18
12Z AVG MX 2MIN
DY MAX MIN AVG DEP HDD CDD WTR SNW DPTH SPD SPD DIR MIN PSBL S-S WX SPD DR
================================================================================
1 30 10 20 -1 45 0 T M M 6.5 13 230 M M 4 128 16 210
2 32 11 22 1 43 0 0.00 M M 12.7 23 260 M M 7 12 27 270
3 32 18 25 4 40 0 T M M 13.0 26 240 M M 7 12 31 230
4 42 18 30 9 35 0 T T M 8.0 18 230 M M 4 1 23 230
5 33 14 24 3 41 0 T M M 12.8 32 270 M M 5 18 41 260
6 35 11 23 2 42 0 0.00 M M 6.9 12 230 M M 0 14 200
7 35 19 27 6 38 0 0.00 M M 8.1 22 240 M M 5 26 250
8 34 13 24 3 41 0 0.00 M M 6.6 15 80 M M 3 18 80
9 30 13 22 1 43 0 0.00 M M 6.0 13 340 M M 2 16 20
10 29 7 18 -4 47 0 0.00 M M 5.1 13 270 M M 0 18 17 270
11 32 4 18 -4 47 0 0.00 M M 7.1 13 250 M M 2 128 16 200
12 43 16 30 8 35 0 0.00 M M 11.1 22 240 M M 1 26 230
13 46 22 34 12 31 0 T M M 19.1 39 250 M M 6 1 47 240
14 33 17 25 3 40 0 0.00 M M 14.6 28 280 M M 1 35 280
15 42 16 29 7 36 0 0.00 M M 14.2 24 250 M M 1 30 250
16 37 23 30 8 35 0 T M M 13.1 20 250 M M 5 25 250
17 41 21 31 9 34 0 0.00 M M 14.1 28 250 M M 5 34 250
18 32 17 25 3 40 0 T M M 8.7 23 280 M M 3 8 27 270
19 30 14 22 0 43 0 T M M 12.4 29 70 M M 0 36 80
20 39 12 26 4 39 0 0.00 M M 11.3 22 260 M M 0 28 240
21 39 23 31 9 34 0 0.00 M M 11.3 24 260 M M 6 30 260
22 42 25 34 12 31 0 T M M 7.1 20 220 M M 8 128 23 210
23 29 23 26 4 39 0 0.01 M M 9.2 21 220 M M 10 12 24 220
24 26 16 21 -1 44 0 0.02 M M 5.8 16 260 M M 9 12 19 250
25 21 10 16 -6 49 0 T M M 7.3 17 70 M M 7 1 21 70
26 21 11 16 -6 49 0 T M M 7.6 16 230 M M 7 18 20 230
27 25 10 18 -4 47 0 T M M 7.5 24 220 M M 3 28 230
28 35 20 28 6 37 0 0.05 M M 7.0 14 220 M M 6 1 17 220
29 37 26 32 10 33 0 T T M 9.6 23 240 M M 7 12 28 250
30 28 15 22 0 43 0 T T M 13.0 20 230 M M 6 1 27 230
31 31 10 21 -1 44 0 0.00 M M 5.8 14 100 M M 1 15 100
================================================================================
SM 1041 485 1245 0 0.08 T 302.6 M 131
================================================================================
AV 33.6 15.6 9.8 FASTST M M 4 MAX(MPH)
MISC ----> 39 250 47 240
================================================================================
NOTES:
# LAST OF SEVERAL OCCURRENCES
COLUMN 17 PEAK WIND IN M.P.H.
PRELIMINARY LOCAL CLIMATOLOGICAL DATA (WS FORM: F-6) , PAGE 2
STATION: EVANSTON WY
MONTH: JANUARY
YEAR: 2021
LATITUDE: 41 16 N
LONGITUDE: 111 2 W
[TEMPERATURE DATA] [PRECIPITATION DATA] SYMBOLS USED IN COLUMN 16
AVERAGE MONTHLY: 24.6 TOTAL FOR MONTH: 0.08 1 = FOG OR MIST
DPTR FM NORMAL: 3.1 DPTR FM NORMAL: -0.46 2 = FOG REDUCING VISIBILITY
HIGHEST: 46 ON 13 GRTST 24HR 0.05 ON 28-28 TO 1/4 MILE OR LESS
LOWEST: 4 ON 11 3 = THUNDER
SNOW, ICE PELLETS, HAIL 4 = ICE PELLETS
TOTAL MONTH: T 5 = HAIL
GRTST 24HR T ON 4- 4 6 = FREEZING RAIN OR DRIZZLE
GRTST DEPTH: M ON M 7 = DUSTSTORM OR SANDSTORM:
VSBY 1/2 MILE OR LESS
8 = SMOKE OR HAZE
[NO. OF DAYS WITH] [WEATHER - DAYS WITH] 9 = BLOWING SNOW
X = TORNADO
MAX 32 OR BELOW: 15 0.01 INCH OR MORE: 3
MAX 90 OR ABOVE: 0 0.10 INCH OR MORE: 0
MIN 32 OR BELOW: 31 0.50 INCH OR MORE: 0
MIN 0 OR BELOW: 0 1.00 INCH OR MORE: 0
[HDD (BASE 65) ]
TOTAL THIS MO. 1245 CLEAR (SCALE 0-3) 10
DPTR FM NORMAL -105 PTCLDY (SCALE 4-7) 19
TOTAL FM JUL 1 4275 CLOUDY (SCALE 8-10) 2
DPTR FM NORMAL -550
[CDD (BASE 65) ]
TOTAL THIS MO. 0
DPTR FM NORMAL 0 [PRESSURE DATA]
TOTAL FM JAN 1 0 HIGHEST SLP 30.60 ON 14
DPTR FM NORMAL 0 LOWEST SLP 29.58 ON 23
[REMARKS]
#FINAL-01-21#