000
CXUS56 KSLC 011229
CF6EVW
PRELIMINARY LOCAL CLIMATOLOGICAL DATA (WS FORM: F-6)
STATION: EVANSTON WY
MONTH: MARCH
YEAR: 2020
LATITUDE: 41 16 N
LONGITUDE: 111 2 W
TEMPERATURE IN F: :PCPN: SNOW: WIND :SUNSHINE: SKY :PK WND
================================================================================
1 2 3 4 5 6A 6B 7 8 9 10 11 12 13 14 15 16 17 18
12Z AVG MX 2MIN
DY MAX MIN AVG DEP HDD CDD WTR SNW DPTH SPD SPD DIR MIN PSBL S-S WX SPD DR
================================================================================
1 33 15 24 -2 41 0 T M 0 11.1 22 210 M M 8 1 27 210
2 25 9 17 -9 48 0 T M 0 11.7 21 240 M M 4 128 24 250
3 36 18 27 0 38 0 0.00 0.0 0 10.0 18 250 M M 5 22 240
4 39 18 29 2 36 0 0.00 0.0 0 13.3 25 250 M M 0 29 260
5 46 26 36 9 29 0 0.00 0.0 0 6.8 13 230 M M 0 13 230
6 49 30 40 12 25 0 0.00 0.0 0 5.5 10 170 M M 0 13 210
7 47 33 40 12 25 0 T M 0 12.4 30 220 M M 2 36 220
8 38 28 33 5 32 0 0.09 M 0 7.1 23 220 M M 8 12 30 220
9 39 25 32 3 33 0 0.00 0.0 0 8.7 21 220 M M 7 12 24 260
10 40 26 33 4 32 0 0.00 0.0 0 7.8 16 270 M M 3 20 270
11 44 26 35 6 30 0 T M 0 10.4 21 250 M M 3 26 260
12 43 25 34 4 31 0 0.00 0.0 0 14.0 24 250 M M 0 29 250
13 32 20 26 -4 39 0 T M 0 9.4 21 80 M M 3 8 25 70
14 45 21 33 3 32 0 T M 0 17.4 33 210 M M 5 1 41 210
15 49 33 41 10 24 0 0.00 0.0 0 15.0 31 210 M M 3 8 38 200
16 49 30 40 9 25 0 0.00 0.0 0 5.6 17 240 M M 2 22 230
17 52 28 40 9 25 0 0.00 0.0 0 11.8 29 190 M M 3 39 180
18 39 28 34 2 31 0 0.07 M 0 8.2 23 240 M M 8 12 26 240
19 33 26 30 -2 35 0 0.15 M 0 8.9 20 70 M M 9 12 22 70
20 37 22 30 -2 35 0 T T 0 7.5 18 70 M M 7 18 23 60
21 42 21 32 0 33 0 T M 0 7.7 17 270 M M 3 25 240
22 43 23 33 0 32 0 0.01 M 0 11.1 22 270 M M 5 18 27 270
23 44 24 34 1 31 0 0.01 M 0 10.1 24 250 M M 6 18 31 250
24 43 28 36 3 29 0 0.10 M 0 11.2 36 220 M M 9 12 45 210
25 33 24 29 -5 36 0 0.35 M 0 9.5 21 320 M M 10 128 27 240
26 31 15 23 -11 42 0 T M 0 6.5 17 360 M M 8 128 20 360
27 30 12 21 -13 44 0 0.00 0.0 0 6.2 20 290 M M 6 24 290
28 34 19 27 -7 38 0 T M 0 10.8 22 260 M M 6 1 26 260
29 39 17 28 -7 37 0 0.02 M 0 5.8 20 230 M M 7 12 22 230
30 41 25 33 -2 32 0 T M 0 11.3 24 250 M M 8 128 30 240
31 51 32 42 7 23 0 T M 0 16.6 33 230 M M 8 1 43 230
================================================================================
SM 1246 727 1023 0 0.80 T 309.4 M 156
================================================================================
AV 40.2 23.5 10.0 FASTST M M 5 MAX(MPH)
MISC ----> # 36 220 # 45 210
================================================================================
NOTES:
# LAST OF SEVERAL OCCURRENCES
COLUMN 17 PEAK WIND IN M.P.H.
PRELIMINARY LOCAL CLIMATOLOGICAL DATA (WS FORM: F-6) , PAGE 2
STATION: EVANSTON WY
MONTH: MARCH
YEAR: 2020
LATITUDE: 41 16 N
LONGITUDE: 111 2 W
[TEMPERATURE DATA] [PRECIPITATION DATA] SYMBOLS USED IN COLUMN 16
AVERAGE MONTHLY: 31.8 TOTAL FOR MONTH: 0.80 1 = FOG OR MIST
DPTR FM NORMAL: 1.0 DPTR FM NORMAL: -0.06 2 = FOG REDUCING VISIBILITY
HIGHEST: 52 ON 17 GRTST 24HR 0.35 ON 25-25 TO 1/4 MILE OR LESS
LOWEST: 9 ON 2 3 = THUNDER
SNOW, ICE PELLETS, HAIL 4 = ICE PELLETS
TOTAL MONTH: T 5 = HAIL
GRTST 24HR T ON 20-20 6 = FREEZING RAIN OR DRIZZLE
GRTST DEPTH: 0 7 = DUSTSTORM OR SANDSTORM:
VSBY 1/2 MILE OR LESS
8 = SMOKE OR HAZE
[NO. OF DAYS WITH] [WEATHER - DAYS WITH] 9 = BLOWING SNOW
X = TORNADO
MAX 32 OR BELOW: 4 0.01 INCH OR MORE: 8
MAX 90 OR ABOVE: 0 0.10 INCH OR MORE: 3
MIN 32 OR BELOW: 29 0.50 INCH OR MORE: 0
MIN 0 OR BELOW: 0 1.00 INCH OR MORE: 0
[HDD (BASE 65) ]
TOTAL THIS MO. 1023 CLEAR (SCALE 0-3) 11
DPTR FM NORMAL -37 PTCLDY (SCALE 4-7) 14
TOTAL FM JUL 1 7169 CLOUDY (SCALE 8-10) 6
DPTR FM NORMAL 101
[CDD (BASE 65) ]
TOTAL THIS MO. 0
DPTR FM NORMAL 0 [PRESSURE DATA]
TOTAL FM JAN 1 0 HIGHEST SLP 30.40 ON 5
DPTR FM NORMAL 0 LOWEST SLP 29.62 ON 19
[REMARKS]
#FINAL-03-20#