000
CXUS53 KIND 010600
CF6EYE
PRELIMINARY LOCAL CLIMATOLOGICAL DATA (WS FORM: F-6)
STATION: INDIANAPOLIS EAGLE CREEK IN
MONTH: APRIL
YEAR: 2022
LATITUDE: 39 49 N
LONGITUDE: 86 18 W
TEMPERATURE IN F: :PCPN: SNOW: WIND :SUNSHINE: SKY :PK WND
================================================================================
1 2 3 4 5 6A 6B 7 8 9 10 11 12 13 14 15 16 17 18
12Z AVG MX 2MIN
DY MAX MIN AVG DEP HDD CDD WTR SNW DPTH SPD SPD DIR MIN PSBL S-S WX SPD DR
================================================================================
1 43 32 38 -10 27 0 0.03 M M 9.7 18 290 M M 9 1 26 300
2 57 27 42 -7 23 0 0.04 M M 8.2 28 290 M M 3 42 300
3 58 31 45 -4 20 0 0.00 M M 4.2 16 310 M M 4 22 290
4 64 40 52 2 13 0 0.02 M M 7.8 17 200 M M 6 27 200
5 57 39 48 -2 17 0 0.11 M M 5.8 15 140 M M 5 1 20 140
6 57 48 53 3 12 0 0.43 M M 7.5 21 280 M M 7 1 34 300
7 50 40 45 -6 20 0 T M M 9.3 24 270 M M 8 40 270
8 47 37 42 -9 23 0 0.07 M M 9.0 21 290 M M 9 28 250
9 46 33 40 -11 25 0 T M M 10.2 21 290 M M 8 1 28 290
10 64 30 47 -5 18 0 0.00 M M 8.3 20 150 M M 0 34 140
11 67 51 59 7 6 0 0.46 M M 5.2 20 220 M M 7 13 37 230
12 67 46 57 5 8 0 0.00 M M 7.4 18 130 M M 6 12 26 120
13 68 46 57 4 8 0 0.78 M M 10.1 25 280 M M 7 1 35 290
14 59 36 48 -5 17 0 0.01 M M 10.9 25 280 M M 3 38 240
15 69 47 58 5 7 0 0.01 M M 8.1 25 240 M M 3 46 220
16 57 41 49 -5 16 0 0.01 M M 10.4 23 300 M M 4 32 300
17 52 33 43 -11 22 0 0.00 M M 9.6 18 70 M M 0 25 110
18 45 34 40 -14 25 0 0.22 M M 12.8 28 300 M M 10 1 38 290
19 51 33 42 -13 23 0 0.00 M M 10.2 21 300 M M 6 35 290
20 65 44 55 0 10 0 0.03 M M 10.7 23 210 M M 8 40 220
21 70 51 61 5 4 0 0.20 M M 6.0 20 180 M M 6 1 31 190
22 77 49 63 7 2 0 T M M 5.9 17 120 M M 3 24 110
23 86 59 73 17 0 8 0.00 M M 8.8 21 200 M M 0 36 200
24 81 65 73 17 0 8 0.19 M M 11.8 26 290 M M 5 13 44 210
25 65 44 55 -2 10 0 0.73 M M 7.9 18 300 M M 8 13 26 320
26 54 38 46 -11 19 0 0.00 M M 9.7 21 300 M M 4 28 280
27 62 36 49 -9 16 0 0.00 M M 5.2 12 60 M M 3 16 50
28 61 46 54 -4 11 0 T M M 9.8 16 100 M M 7 22 100
29 71 52 62 4 3 0 0.04 M M 9.2 17 110 M M 10 25 120
30 78 55 67 9 0 2 1.16 M M 10.2 22 260 M M 5 13 38 260
================================================================================
SM 1848 1263 405 18 4.54 M 259.9 M 164
================================================================================
AV 61.6 42.1 8.7 FASTST M M 5 MAX(MPH)
MISC ----> # 28 290 46 220
================================================================================
NOTES:
# LAST OF SEVERAL OCCURRENCES
COLUMN 17 PEAK WIND IN M.P.H.
PRELIMINARY LOCAL CLIMATOLOGICAL DATA (WS FORM: F-6) , PAGE 2
STATION: INDIANAPOLIS EAGLE CREEK IN
MONTH: APRIL
YEAR: 2022
LATITUDE: 39 49 N
LONGITUDE: 86 18 W
[TEMPERATURE DATA] [PRECIPITATION DATA] SYMBOLS USED IN COLUMN 16
AVERAGE MONTHLY: 51.9 TOTAL FOR MONTH: 4.54 1 = FOG OR MIST
DPTR FM NORMAL: -1.7 DPTR FM NORMAL: 0.46 2 = FOG REDUCING VISIBILITY
HIGHEST: 86 ON 23 GRTST 24HR 1.16 ON 30-30 TO 1/4 MILE OR LESS
LOWEST: 27 ON 2 3 = THUNDER
SNOW, ICE PELLETS, HAIL 4 = ICE PELLETS
TOTAL MONTH: M 5 = HAIL
GRTST 24HR M ON M 6 = FREEZING RAIN OR DRIZZLE
GRTST DEPTH: M ON M 7 = DUSTSTORM OR SANDSTORM:
VSBY 1/2 MILE OR LESS
8 = SMOKE OR HAZE
[NO. OF DAYS WITH] [WEATHER - DAYS WITH] 9 = BLOWING SNOW
X = TORNADO
MAX 32 OR BELOW: 0 0.01 INCH OR MORE: 18
MAX 90 OR ABOVE: 0 0.10 INCH OR MORE: 9
MIN 32 OR BELOW: 4 0.50 INCH OR MORE: 3
MIN 0 OR BELOW: 0 1.00 INCH OR MORE: 1
[HDD (BASE 65) ]
TOTAL THIS MO. 405 CLEAR (SCALE 0-3) 6
DPTR FM NORMAL 48 PTCLDY (SCALE 4-7) 18
TOTAL FM JUL 1 4720 CLOUDY (SCALE 8-10) 6
DPTR FM NORMAL -362
[CDD (BASE 65) ]
TOTAL THIS MO. 18
DPTR FM NORMAL 4 [PRESSURE DATA]
TOTAL FM JAN 1 18 HIGHEST SLP M ON M
DPTR FM NORMAL 1 LOWEST SLP 29.51 ON 6
[REMARKS]
#FINAL-04-22#