000
CXUS53 KFGF 010915
CF6FAR
PRELIMINARY LOCAL CLIMATOLOGICAL DATA (WS FORM: F-6)
STATION: FARGO HECTOR INTL AP ND
MONTH: DECEMBER
YEAR: 2022
LATITUDE: 46 54 N
LONGITUDE: 96 48 W
TEMPERATURE IN F: :PCPN: SNOW: WIND :SUNSHINE: SKY :PK WND
================================================================================
1 2 3 4 5 6A 6B 7 8 9 10 11 12 13 14 15 16 17 18
12Z AVG MX 2MIN
DY MAX MIN AVG DEP HDD CDD WTR SNW DPTH SPD SPD DIR MIN PSBL S-S WX SPD DR
================================================================================
1 31 5 18 -4 47 0 0.00 0.0 T 13.8 25 150 M M 0 38 150
2 29 0 15 -6 50 0 0.05 0.7 T 18.3 33 340 M M 6 19 44 330
3 12 -5 4 -17 61 0 0.00 0.0 1 10.2 18 210 M M 2 23 290
4 33 5 19 -1 46 0 0.00 0.0 1 12.1 24 210 M M 1 31 200
5 21 3 12 -8 53 0 0.00 0.0 1 11.2 23 320 M M 3 30 330
6 16 0 8 -12 57 0 0.14 2.3 1 10.6 22 340 M M 9 18 26 340
7 2 -10 -4 -23 69 0 0.00 0.0 3 8.3 18 10 M M 4 25 10
8 17 1 9 -10 56 0 0.00 0.0 3 7.5 16 170 M M 2 18 23 160
9 30 4 17 -1 48 0 0.00 0.0 2 7.3 21 150 M M 10 12 31 140
10 32 21 27 9 38 0 T T 2 9.6 21 150 M M 10 1 31 130
11 32 17 25 8 40 0 0.00 0.0 2 9.6 25 130 M M 3 1 34 140
12 31 25 28 11 37 0 0.00 0.0 1 17.4 26 140 M M 8 18 39 140
13 33 31 32 15 33 0 0.68 4.8 1 12.5 20 70 M M 10 128 26 60
14 33 31 32 16 33 0 0.27 1.8 6 9.0 15 70 M M 10 1 20 70
15 33 26 30 14 35 0 0.35 4.5 6 21.2 30 350 M M 10 12 39 350
16 26 13 20 5 45 0 0.05 0.7 10 23.5 30 330 M M 10 12 39 340
17 14 -4 5 -10 60 0 0.01 0.1 11 18.3 24 330 M M 7 19 36 330
18 -3 -15 -9 -24 74 0 T T 11 7.1 16 320 M M 3 1 21 320
19 -2 -19 -10 -24 75 0 0.06 2.9 11 6.3 12 280 M M 8 1 14 310
20 -13 -25 -19 -33 84 0 0.00 0.0 13 9.6 18 280 M M 1 18 25 270
21 -11 -17 -14 -28 79 0 0.12 1.8 13 7.6 17 330 M M 10 18 22 330
22 -9 -17 -13 -26 78 0 T T 14 16.7 24 310 M M 6 18 32 320
23 -7 -12 -9 -22 74 0 0.00 0.0 14 21.3 31 320 M M 3 89 39 320
24 -4 -16 -10 -23 75 0 0.00 0.0 13 11.6 20 320 M M 1 25 320
25 1 -20 -9 -21 74 0 0.21 3.2 13 7.5 20 360 M M 6 128 26 10
26 5 -20 -7 -19 72 0 0.00 0.0 15 10.3 20 200 M M 2 1 24 170
27 25 5 15 3 50 0 0.00 0.0 15 16.0 26 160 M M 4 1 35 150
28 31 16 24 12 41 0 0.01 0.0 15 5.2 14 120 M M 5 1 19 120
29 20 12 16 5 49 0 0.00 0.0 15 11.2 20 280 M M 8 12 26 300
30 18 1 10 -1 55 0 T T 14 8.2 15 140 M M 9 1 21 140
31 25 18 22 11 43 0 0.00 0.0 14 6.9 16 150 M M 10 12 24 150
================================================================================
SM 501 54 1731 0 1.95 22.8 365.9 M 181
================================================================================
AV 16.2 1.7 11.8 FASTST M M 6 MAX(MPH)
MISC ----> 33 340 44 330
================================================================================
NOTES:
# LAST OF SEVERAL OCCURRENCES
COLUMN 17 PEAK WIND IN M.P.H.
PRELIMINARY LOCAL CLIMATOLOGICAL DATA (WS FORM: F-6) , PAGE 2
STATION: FARGO HECTOR INTL AP ND
MONTH: DECEMBER
YEAR: 2022
LATITUDE: 46 54 N
LONGITUDE: 96 48 W
[TEMPERATURE DATA] [PRECIPITATION DATA] SYMBOLS USED IN COLUMN 16
AVERAGE MONTHLY: 9.0 TOTAL FOR MONTH: 1.95 1 = FOG OR MIST
DPTR FM NORMAL: -6.7 DPTR FM NORMAL: 1.06 2 = FOG REDUCING VISIBILITY
HIGHEST: 33 ON 15,14 GRTST 24HR 0.76 ON 13-14 TO 1/4 MILE OR LESS
LOWEST: -25 ON 20 3 = THUNDER
SNOW, ICE PELLETS, HAIL 4 = ICE PELLETS
TOTAL MONTH: 22.8 INCHES 5 = HAIL
GRTST 24HR 4.8 ON 13-13 6 = FREEZING RAIN OR DRIZZLE
GRTST DEPTH: 15 ON 29,28 7 = DUSTSTORM OR SANDSTORM:
VSBY 1/2 MILE OR LESS
8 = SMOKE OR HAZE
[NO. OF DAYS WITH] [WEATHER - DAYS WITH] 9 = BLOWING SNOW
X = TORNADO
MAX 32 OR BELOW: 27 0.01 INCH OR MORE: 11
MAX 90 OR ABOVE: 0 0.10 INCH OR MORE: 6
MIN 32 OR BELOW: 31 0.50 INCH OR MORE: 1
MIN 0 OR BELOW: 14 1.00 INCH OR MORE: 0
[HDD (BASE 65) ]
TOTAL THIS MO. 1731 CLEAR (SCALE 0-3) 9
DPTR FM NORMAL 204 PTCLDY (SCALE 4-7) 11
TOTAL FM JUL 1 3605 CLOUDY (SCALE 8-10) 11
DPTR FM NORMAL 157
[CDD (BASE 65) ]
TOTAL THIS MO. 0
DPTR FM NORMAL 0 [PRESSURE DATA]
TOTAL FM JAN 1 563 HIGHEST SLP 30.72 ON 20
DPTR FM NORMAL 21 LOWEST SLP 29.30 ON 28
[REMARKS]
#FINAL-12-22#