000
CXUS56 KHNX 150659
CF6FAT
PRELIMINARY LOCAL CLIMATOLOGICAL DATA (WS FORM: F-6)
STATION: FRESNO CA
MONTH: FEBRUARY
YEAR: 2023
LATITUDE: 36 46 N
LONGITUDE: 119 43 W
TEMPERATURE IN F: :PCPN: SNOW: WIND :SUNSHINE: SKY :PK WND
================================================================================
1 2 3 4 5 6A 6B 7 8 9 10 11 12 13 14 15 16 17 18
12Z AVG MX 2MIN
DY MAX MIN AVG DEP HDD CDD WTR SNW DPTH SPD SPD DIR MIN PSBL S-S WX SPD DR
================================================================================
1 62 34 48 -2 17 0 0.00 0.0 0 3.2 7 90 M M 3 1 9 330
2 64 37 51 1 14 0 0.00 0.0 0 3.6 9 80 M M 5 11 120
3 68 44 56 6 9 0 0.00 0.0 0 2.7 7 300 M M 7 9 120
4 68 40 54 4 11 0 0.03 0.0 0 6.9 15 110 M M 8 20 110
5 59 42 51 1 14 0 0.60 0.0 0 7.1 28 340 M M 7 13 32 350
6 52 38 45 -6 20 0 0.00 0.0 0 2.8 8 210 M M 6 128 13 220
7 59 36 48 -3 17 0 0.00 0.0 0 2.3 9 340 M M 4 1 11 340
8 63 37 50 -1 15 0 0.00 0.0 0 2.9 7 160 M M 3 18 8 130
9 68 41 55 4 10 0 0.00 0.0 0 2.5 7 260 M M 0 18 8 270
10 69 42 56 5 9 0 0.00 0.0 0 6.4 22 320 M M 7 18 26 320
11 58 42 50 -2 15 0 0.00 0.0 0 5.8 18 310 M M 7 23 310
12 59 39 49 -3 16 0 0.00 0.0 0 4.9 10 140 M M 6 16 140
13 65 40 53 1 12 0 0.00 0.0 0 4.3 15 320 M M 2 22 320
14 56 39 48 -4 17 0 0.00 0.0 0 16.3 30 310 M M 6 38 300
15 55 31 43 -9 22 0 0.00 0.0 0 3.8 14 150 M M 1 18 150
16 60 33 47 -5 18 0 0.00 0.0 0 3.6 9 150 M M 6 13 160
17 61 36 49 -4 16 0 0.00 0.0 0 3.9 12 320 M M 8 17 310
18 63 34 49 -4 16 0 0.00 0.0 0 3.1 9 160 M M 3 12 170
19 66 36 51 -2 14 0 0.00 0.0 0 1.8 6 110 M M 3 8 310
20 68 38 53 0 12 0 0.00 0.0 0 3.4 10 340 M M 4 12 340
21 68 42 55 1 10 0 T 0.0 0 11.0 39 280 M M 6 78 54 300
22 52 37 45 -9 20 0 0.18 0.0 0 7.1 22 240 M M 5 15 27 230
23 52 35 44 -10 21 0 T 0.0 0 10.8 21 150 M M 6 27 150
24 49 41 45 -9 20 0 2.16 0.0 0 13.1 30 150 M M 10 1 44 130
25 46 38 42 -12 23 0 0.69 0.0 0 5.8 14 130 M M 9 1 16 150
26 52 37 45 -10 20 0 0.02 0.0 0 7.0 15 130 M M 9 18 17 130
27 53 40 47 -8 18 0 0.15 0.0 0 7.9 24 230 M M 8 1 30 220
28 51 38 45 -10 20 0 0.45 0.0 0 10.0 20 120 M M 9 1 23 120
================================================================================
SM 1666 1067 446 0 4.28 0.0 164.0 M 158
================================================================================
AV 59.5 38.1 5.9 FASTST M M 6 MAX(MPH)
MISC ----> 39 280 54 300
================================================================================
NOTES:
# LAST OF SEVERAL OCCURRENCES
COLUMN 17 PEAK WIND IN M.P.H.
PRELIMINARY LOCAL CLIMATOLOGICAL DATA (WS FORM: F-6) , PAGE 2
STATION: FRESNO CA
MONTH: FEBRUARY
YEAR: 2023
LATITUDE: 36 46 N
LONGITUDE: 119 43 W
[TEMPERATURE DATA] [PRECIPITATION DATA] SYMBOLS USED IN COLUMN 16
AVERAGE MONTHLY: 48.8 TOTAL FOR MONTH: 4.28 1 = FOG OR MIST
DPTR FM NORMAL: -3.5 DPTR FM NORMAL: 2.35 2 = FOG REDUCING VISIBILITY
HIGHEST: 69 ON 10 GRTST 24HR 2.81 ON 24-25 TO 1/4 MILE OR LESS
LOWEST: 31 ON 15 3 = THUNDER
SNOW, ICE PELLETS, HAIL 4 = ICE PELLETS
TOTAL MONTH: 0.0 INCH 5 = HAIL
GRTST 24HR 0.0 6 = FREEZING RAIN OR DRIZZLE
GRTST DEPTH: 0 7 = DUSTSTORM OR SANDSTORM:
VSBY 1/2 MILE OR LESS
8 = SMOKE OR HAZE
[NO. OF DAYS WITH] [WEATHER - DAYS WITH] 9 = BLOWING SNOW
X = TORNADO
MAX 32 OR BELOW: 0 0.01 INCH OR MORE: 8
MAX 90 OR ABOVE: 0 0.10 INCH OR MORE: 6
MIN 32 OR BELOW: 1 0.50 INCH OR MORE: 3
MIN 0 OR BELOW: 0 1.00 INCH OR MORE: 1
[HDD (BASE 65) ]
TOTAL THIS MO. 446 CLEAR (SCALE 0-3) 6
DPTR FM NORMAL 90 PTCLDY (SCALE 4-7) 17
TOTAL FM JUL 1 1870 CLOUDY (SCALE 8-10) 5
DPTR FM NORMAL 90
[CDD (BASE 65) ]
TOTAL THIS MO. 0
DPTR FM NORMAL 0 [PRESSURE DATA]
TOTAL FM JAN 1 0 HIGHEST SLP 30.44 ON 6
DPTR FM NORMAL 0 LOWEST SLP 29.59 ON 21
[REMARKS]
#FINAL-02-23#