000
CXUS56 KHNX 051520
CLMFAT
CLIMATE REPORT
NATIONAL WEATHER SERVICE
820 AM PDT SAT AUG 05 2023
...................................
...THE FRESNO CA CLIMATE SUMMARY FOR THE MONTH OF JULY 2023...
CLIMATE NORMAL PERIOD 1991 TO 2020
CLIMATE RECORD PERIOD 1887 TO 2023
WEATHER OBSERVED NORMAL DEPART LAST YEAR`S
VALUE DATE(S) VALUE FROM VALUE DATE(S)
NORMAL
................................................................
TEMPERATURE (F)
RECORD
HIGH 115 07/08/1905
LOW 50 07/06/1955
07/03/1901
HIGHEST 109 07/17 MM 110 07/17
LOWEST 59 07/10 MM 58 07/03
MEAN 86.6 83.5 3.1 85.7
DAYS MAX >= 90 30 29.5 0.5 29
DAYS MIN <= 32 0 0.0 0.0 0
PRECIPITATION (INCHES)
RECORD
MAXIMUM 0.43 2015
MINIMUM 0.00 2021
TOTALS 0.00R 0.03 -0.03
DAYS >= .01 0 0.3 -0.3 0
DAYS >= .10 0 0.1 -0.1 0
DAYS >= .50 0 0.0 0.0 0
DAYS >= 1.00 0 0.0 0.0 0
SNOWFALL (INCHES)
RECORDS
TOTAL 0.0
TOTALS 0.0 0.0
DEGREE DAYS
HEATING TOTAL 0 0 0 0
SINCE 7/1 0 0 0 MM
COOLING TOTAL 676 573 103 649
SINCE 1/1 1295 1200 95 MM
................................................................
WIND (MPH)
AVERAGE WIND SPEED 7.3
HIGHEST WIND SPEED/DIRECTION 18/310 DATE 07/02
18/310 07/03
HIGHEST GUST SPEED/DIRECTION 24/310 DATE 07/02
AVERAGE RH (PERCENT) 36
WEATHER CONDITIONS. NUMBER OF DAYS WITH
THUNDERSTORM 0 RAIN 0
HAIL 0 FOG 0
FOG W/VIS <= 1/4 MILE 0 HAZE 1
- INDICATES NEGATIVE NUMBERS.
R INDICATES RECORD WAS SET OR TIED.
MM INDICATES DATA IS MISSING.
T INDICATES TRACE AMOUNT.
$$