000
CXUS52 KFFC 011010
CF6FFC
PRELIMINARY LOCAL CLIMATOLOGICAL DATA (WS FORM: F-6)
STATION: PEACHTREE CITY
MONTH: MARCH
YEAR: 2023
LATITUDE: 33 20 N
LONGITUDE: 84 34 W
TEMPERATURE IN F: :PCPN: SNOW: WIND :SUNSHINE: SKY :PK WND
================================================================================
1 2 3 4 5 6A 6B 7 8 9 10 11 12 13 14 15 16 17 18
12Z AVG MX 2MIN
DY MAX MIN AVG DEP HDD CDD WTR SNW DPTH SPD SPD DIR MIN PSBL S-S WX SPD DR
================================================================================
1 76 51 64 12 1 0 0.00 M M 2.9 9 190 M M 5 18 19 240
2 70 60 65 13 0 0 0.33 M M 3.8 16 340 M M 9 18 23 340
3 78 55 67 15 0 2 0.10 M M 7.0 21 280 M M 9 18 41 210
4 72 46 59 6 6 0 0.00 M M 3.0 14 300 M M 0 1 21 310
5 73 38 56 3 9 0 0.00 M M 2.4 14 140 M M 0 21 120
6 79 43 61 8 4 0 0.00 M M 1.5 12 290 M M 1 16 250
7 80 53 67 14 0 2 0.00 M M 5.7 16 330 M M 2 18 24 360
8 68 43 56 2 9 0 0.00 M M 4.0 16 130 M M 1 25 120
9 62 48 55 1 10 0 0.75 M M 3.2 13 140 M M 10 1 19 130
10 66 46 56 2 9 0 0.42 M M 4.8 17 320 M M 6 1 26 310
11 67 38 53 -1 12 0 0.00 M M 4.3 13 330 M M 0 19 340
12 59 48 54 0 11 0 1.28 M M 4.5 16 340 M M 10 1 23 340
13 58 40 49 -6 16 0 0.00 M M 12.8 23 320 M M 3 1 29 310
14 52 30 41 -14 24 0 0.00 M M 11.7 20 320 M M 0 29 340
15 63 26 45 -10 20 0 0.00 M M 2.3 10 310 M M 0 14 340
16 71 29 50 -5 15 0 0.00 M M 2.7 12 150 M M 0 8 22 160
17 65 46 56 0 9 0 0.66 M M 7.4 21 310 M M 9 1 27 300
18 54 36 45 -11 20 0 0.00 M M 12.6 22 310 M M 1 30 320
19 46 31 39 -17 26 0 0.00 M M 12.4 21 320 M M 0 29 320
20 55 26 41 -15 24 0 0.00 M M 6.5 14 310 M M 0 20 310
21 62 27 45 -11 20 0 0.00 M M 3.8 14 120 M M 0 22 130
22 72 37 55 -2 10 0 0.00 M M 2.1 10 90 M M 4 8 14 80
23 79 44 62 5 3 0 0.00 M M 1.9 13 250 M M 0 1 20 240
24 80 51 66 9 0 1 0.00 M M 4.1 14 280 M M 2 1 20 220
25 83 57 70 13 0 5 0.43 M M 5.2 16 250 M M 3 13 32 320
26 73 63 68 10 0 3 2.13 M M 3.5 15 280 M M 9 13 26 300
27 80 58 69 11 0 4 0.85 M M 3.5 13 310 M M 6 13 23 180
28 75 49 62 4 3 0 0.00 M M 5.6 22 330 M M 2 1 31 320
29 66 41 54 -4 11 0 0.00 M M 5.3 17 340 M M 0 24 330
30 74 36 55 -3 10 0 0.00 M M 1.5 10 130 M M 1 12 16 140
31 79 47 63 4 2 0 0.00 M M 4.7 15 160 M M 1 25 130
================================================================================
SM 2137 1343 284 17 6.95 M 156.7 M 94
================================================================================
AV 68.9 43.3 5.1 FASTST M M 3 MAX(MPH)
MISC ----> 23 320 41 210
================================================================================
NOTES:
# LAST OF SEVERAL OCCURRENCES
COLUMN 17 PEAK WIND IN M.P.H.
PRELIMINARY LOCAL CLIMATOLOGICAL DATA (WS FORM: F-6) , PAGE 2
STATION: PEACHTREE CITY
MONTH: MARCH
YEAR: 2023
LATITUDE: 33 20 N
LONGITUDE: 84 34 W
[TEMPERATURE DATA] [PRECIPITATION DATA] SYMBOLS USED IN COLUMN 16
AVERAGE MONTHLY: 56.1 TOTAL FOR MONTH: 6.95 1 = FOG OR MIST
DPTR FM NORMAL: 0.8 DPTR FM NORMAL: 2.05 2 = FOG REDUCING VISIBILITY
HIGHEST: 83 ON 25 GRTST 24HR 2.54 ON 26-27 TO 1/4 MILE OR LESS
LOWEST: 26 ON 20,15 3 = THUNDER
SNOW, ICE PELLETS, HAIL 4 = ICE PELLETS
TOTAL MONTH: M 5 = HAIL
GRTST 24HR M ON M 6 = FREEZING RAIN OR DRIZZLE
GRTST DEPTH: M ON M 7 = DUSTSTORM OR SANDSTORM:
VSBY 1/2 MILE OR LESS
8 = SMOKE OR HAZE
[NO. OF DAYS WITH] [WEATHER - DAYS WITH] 9 = BLOWING SNOW
X = TORNADO
MAX 32 OR BELOW: 0 0.01 INCH OR MORE: 9
MAX 90 OR ABOVE: 0 0.10 INCH OR MORE: 9
MIN 32 OR BELOW: 6 0.50 INCH OR MORE: 5
MIN 0 OR BELOW: 0 1.00 INCH OR MORE: 2
[HDD (BASE 65) ]
TOTAL THIS MO. 284 CLEAR (SCALE 0-3) 19
DPTR FM NORMAL -28 PTCLDY (SCALE 4-7) 6
TOTAL FM JUL 1 1940 CLOUDY (SCALE 8-10) 6
DPTR FM NORMAL -492
[CDD (BASE 65) ]
TOTAL THIS MO. 17
DPTR FM NORMAL 5 [PRESSURE DATA]
TOTAL FM JAN 1 32 HIGHEST SLP 30.45 ON 21
DPTR FM NORMAL 16 LOWEST SLP 29.44 ON 3
[REMARKS]
#FINAL-03-23#