000
CXUS53 KLMK 010710
CF6FFT
PRELIMINARY LOCAL CLIMATOLOGICAL DATA (WS FORM: F-6)
STATION: FRANKFORT KY
MONTH: MAY
YEAR: 2022
LATITUDE: 38 10 N
LONGITUDE: 84 54 W
TEMPERATURE IN F: :PCPN: SNOW: WIND :SUNSHINE: SKY :PK WND
================================================================================
1 2 3 4 5 6A 6B 7 8 9 10 11 12 13 14 15 16 17 18
12Z AVG MX 2MIN
DY MAX MIN AVG DEP HDD CDD WTR SNW DPTH SPD SPD DIR MIN PSBL S-S WX SPD DR
================================================================================
1 77 55 66 4 0 1 0.29 M M 11.5 26 220 M M 4 13 38 220
2 75 45 60 -2 5 0 0.00 M M 2.3 12 240 M M 0 16 240
3 83 61 72 10 0 7 0.27 M M 10.4 30 200 M M 5 13 40 220
4 65 54 60 -2 5 0 0.00 M M 5.3 14 290 M M 9 8 22 290
5 73 54 64 1 1 0 0.00 M M 6.4 14 90 M M 6 21 110
6 74 60 67 4 0 2 0.79 M M 5.2 16 210 M M 8 13 21 300
7 60 54 57 -6 8 0 0.07 M M 6.8 14 340 M M 10 18 22 290
8 70 50 60 -3 5 0 0.00 M M 7.2 14 70 M M 1 23 110
9 78 50 64 0 1 0 0.00 M M 5.7 16 160 M M 0 21 160
10 83 57 70 6 0 5 0.00 M M 5.1 14 180 M M 3 19 170
11 87 60 74 10 0 9 0.00 M M 2.0 12 80 M M 5 15 80
12 85 51 68 4 0 3 0.00 M M 4.4 14 80 M M 0 23 70
13 84 55 70 5 0 5 0.00 M M 4.2 13 130 M M 0 18 140
14 85 60 73 8 0 8 1.26 M M 4.3 29 110 M M 2 13 41 110
15 85 56 71 6 0 6 0.00 M M 3.3 8 230 M M 1 1 12 230
16 77 57 67 1 0 2 0.10 M M 7.3 25 320 M M 4 13 37 340
17 83 53 68 2 0 3 0.00 M M 5.2 17 270 M M 1 29 250
18 80 57 69 3 0 4 0.31 M M 4.6 20 200 M M 3 13 29 180
19 83 59 71 5 0 6 0.56 M M 6.2 24 220 M M 5 123 37 220
20 88 71 80 13 0 15 0.00 M M 13.0 26 230 M M 1 38 230
21 88 67 78 11 0 13 0.50 M M 8.3 24 290 M M 3 138 42 290
22 71 62 67 0 0 2 T M M 6.1 14 320 M M 9 18 19 320
23 62 52 57 -10 8 0 0.11 M M 6.3 12 360 M M 9 18 20 40
24 73 53 63 -5 2 0 0.00 M M 6.9 15 100 M M 8 21 90
25 86 64 75 7 0 10 0.01 M M 10.4 23 170 M M 6 36 160
26 77 63 70 2 0 5 0.83 M M 9.5 21 180 M M 8 18 28 170
27 71 59 65 -4 0 0 0.26 M M 6.9 16 190 M M 8 18 25 200
28 76 58 67 -2 0 2 0.00 M M 4.7 10 240 M M 6 17 300
29 83 55 69 0 0 4 0.00 M M 5.3 15 160 M M 1 1 21 160
30 88 65 77 7 0 12 0.00 M M 8.2 17 170 M M 0 25 180
31 88 66 77 7 0 12 0.00 M M 5.3 13 240 M M 0 18 190
================================================================================
SM 2438 1783 35 136 5.36 M 198.3 M 126
================================================================================
AV 78.6 57.5 6.4 FASTST M M 4 MAX(MPH)
MISC ----> 30 200 42 290
================================================================================
NOTES:
# LAST OF SEVERAL OCCURRENCES
COLUMN 17 PEAK WIND IN M.P.H.
PRELIMINARY LOCAL CLIMATOLOGICAL DATA (WS FORM: F-6) , PAGE 2
STATION: FRANKFORT KY
MONTH: MAY
YEAR: 2022
LATITUDE: 38 10 N
LONGITUDE: 84 54 W
[TEMPERATURE DATA] [PRECIPITATION DATA] SYMBOLS USED IN COLUMN 16
AVERAGE MONTHLY: 68.1 TOTAL FOR MONTH: 5.36 1 = FOG OR MIST
DPTR FM NORMAL: 2.6 DPTR FM NORMAL: 0.26 2 = FOG REDUCING VISIBILITY
HIGHEST: 88 ON 31,30 GRTST 24HR 1.26 ON 14-14 TO 1/4 MILE OR LESS
LOWEST: 45 ON 2 3 = THUNDER
SNOW, ICE PELLETS, HAIL 4 = ICE PELLETS
TOTAL MONTH: M 5 = HAIL
GRTST 24HR M ON M 6 = FREEZING RAIN OR DRIZZLE
GRTST DEPTH: M ON M 7 = DUSTSTORM OR SANDSTORM:
VSBY 1/2 MILE OR LESS
8 = SMOKE OR HAZE
[NO. OF DAYS WITH] [WEATHER - DAYS WITH] 9 = BLOWING SNOW
X = TORNADO
MAX 32 OR BELOW: 0 0.01 INCH OR MORE: 13
MAX 90 OR ABOVE: 0 0.10 INCH OR MORE: 11
MIN 32 OR BELOW: 0 0.50 INCH OR MORE: 5
MIN 0 OR BELOW: 0 1.00 INCH OR MORE: 1
[HDD (BASE 65) ]
TOTAL THIS MO. 35 CLEAR (SCALE 0-3) 15
DPTR FM NORMAL -57 PTCLDY (SCALE 4-7) 12
TOTAL FM JUL 1 4012 CLOUDY (SCALE 8-10) 4
DPTR FM NORMAL -368
[CDD (BASE 65) ]
TOTAL THIS MO. 136
DPTR FM NORMAL 27 [PRESSURE DATA]
TOTAL FM JAN 1 165 HIGHEST SLP M ON M
DPTR FM NORMAL 26 LOWEST SLP 29.49 ON 6
[REMARKS]
#FINAL-05-22#