000
CXUS53 KLMK 010710
CF6FFT
PRELIMINARY LOCAL CLIMATOLOGICAL DATA (WS FORM: F-6)
STATION: FRANKFORT KY
MONTH: AUGUST
YEAR: 2021
LATITUDE: 38 10 N
LONGITUDE: 84 54 W
TEMPERATURE IN F: :PCPN: SNOW: WIND :SUNSHINE: SKY :PK WND
================================================================================
1 2 3 4 5 6A 6B 7 8 9 10 11 12 13 14 15 16 17 18
12Z AVG MX 2MIN
DY MAX MIN AVG DEP HDD CDD WTR SNW DPTH SPD SPD DIR MIN PSBL S-S WX SPD DR
================================================================================
1 83 65 74 -3 0 9 T M M 4.3 16 320 M M 6 18 24 320
2 83 57 70 -7 0 5 0.00 M M 4.5 10 30 M M 2 1 16 20
3 84 57 71 -6 0 6 0.00 M M 3.3 12 350 M M 1 17 50
4 84 57 71 -6 0 6 0.00 M M 4.5 14 40 M M 2 3 20 10
5 87 59 73 -4 0 8 0.00 M M 3.3 14 190 M M 1 18 190
6 88 62 75 -2 0 10 0.00 M M 4.4 13 220 M M 1 17 250
7 89 68 79 2 0 14 0.00 M M 3.4 17 200 M M 0 1 23 200
8 90 67 79 2 0 14 0.00 M M 5.6 14 180 M M 0 20 210
9 79 71 75 -2 0 10 0.41 M M 7.3 17 200 M M 3 13 22 200
10 89 72 81 4 0 16 0.21 M M 7.6 15 200 M M 3 138 23 190
11 93 75 84 7 0 19 0.00 M M 9.6 22 230 M M 1 30 220
12 93 75 84 7 0 19 T M M 8.2 21 310 M M 2 3 36 320
13 93 71 82 5 0 17 0.56 M M 7.2 25 230 M M 2 13 36 230
14 85 69 77 0 0 12 0.15 M M 3.4 9 360 M M 6 123 14 360
15 78 68 73 -3 0 8 T M M 5.8 12 60 M M 7 16 60
16 84 70 77 1 0 12 0.22 M M 4.1 14 170 M M 7 13 17 170
17 84 71 78 2 0 13 0.09 M M 3.5 17 170 M M 3 22 160
18 89 67 78 2 0 13 T M M 4.0 14 210 M M 2 1 19 210
19 85 69 77 1 0 12 3.97 M M 2.6 9 150 M M 6 1 11 110
20 89 66 78 2 0 13 0.00 M M 1.5 9 100 M M 3 12 14 100
21 89 66 78 2 0 13 0.00 M M 1.5 9 110 M M 2 12 14 150
22 92 67 80 4 0 15 0.00 M M 1.5 8 60 M M 1 1 14 20
23 93 68 81 5 0 16 0.00 M M 2.7 9 290 M M 0 1 14 280
24 92 71 82 7 0 17 0.00 M M 1.8 9 220 M M 1 18 14 210
25 93 71 82 7 0 17 0.02 M M 2.3 12 330 M M 1 13 17 320
26 94 69 82 7 0 17 0.00 M M 2.9 10 60 M M 1 1 16 30
27 92 70 81 6 0 16 0.05 M M 2.9 25 240 M M 1 13 36 240
28 93 68 81 6 0 16 0.00 M M 2.4 10 220 M M 1 1 14 190
29 91 72 82 8 0 17 0.00 M M 4.9 13 230 M M 0 19 220
30 83 70 77 3 0 12 1.03 M M 4.1 16 20 M M 4 123 25 360
31 73 70 72 -2 0 7 2.21 M M 5.7 15 40 M M 8 1 22 100
================================================================================
SM 2714 2098 0 399 8.92 M 130.8 M 78
================================================================================
AV 87.5 67.7 4.2 FASTST M M 3 MAX(MPH)
MISC ----> # 25 230 # 36 320
================================================================================
NOTES:
# LAST OF SEVERAL OCCURRENCES
COLUMN 17 PEAK WIND IN M.P.H.
PRELIMINARY LOCAL CLIMATOLOGICAL DATA (WS FORM: F-6) , PAGE 2
STATION: FRANKFORT KY
MONTH: AUGUST
YEAR: 2021
LATITUDE: 38 10 N
LONGITUDE: 84 54 W
[TEMPERATURE DATA] [PRECIPITATION DATA] SYMBOLS USED IN COLUMN 16
AVERAGE MONTHLY: 77.6 TOTAL FOR MONTH: 8.92 1 = FOG OR MIST
DPTR FM NORMAL: 1.5 DPTR FM NORMAL: 5.77 2 = FOG REDUCING VISIBILITY
HIGHEST: 94 ON 26 GRTST 24HR 3.97 ON 19-19 TO 1/4 MILE OR LESS
LOWEST: 57 ON 4, 3 3 = THUNDER
SNOW, ICE PELLETS, HAIL 4 = ICE PELLETS
TOTAL MONTH: M 5 = HAIL
GRTST 24HR M ON M 6 = FREEZING RAIN OR DRIZZLE
GRTST DEPTH: M ON M 7 = DUSTSTORM OR SANDSTORM:
VSBY 1/2 MILE OR LESS
8 = SMOKE OR HAZE
[NO. OF DAYS WITH] [WEATHER - DAYS WITH] 9 = BLOWING SNOW
X = TORNADO
MAX 32 OR BELOW: 0 0.01 INCH OR MORE: 11
MAX 90 OR ABOVE: 12 0.10 INCH OR MORE: 8
MIN 32 OR BELOW: 0 0.50 INCH OR MORE: 4
MIN 0 OR BELOW: 0 1.00 INCH OR MORE: 3
[HDD (BASE 65) ]
TOTAL THIS MO. 0 CLEAR (SCALE 0-3) 23
DPTR FM NORMAL -1 PTCLDY (SCALE 4-7) 7
TOTAL FM JUL 1 0 CLOUDY (SCALE 8-10) 1
DPTR FM NORMAL 0
[CDD (BASE 65) ]
TOTAL THIS MO. 399
DPTR FM NORMAL 54 [PRESSURE DATA]
TOTAL FM JAN 1 1168 HIGHEST SLP M ON M
DPTR FM NORMAL 37 LOWEST SLP 29.63 ON 31
[REMARKS]
#FINAL-08-21#