000
CXUS53 KFGF 010815
CF6FGF
PRELIMINARY LOCAL CLIMATOLOGICAL DATA (WS FORM: F-6)
STATION: GRAND FORKS UNIV. (NWS) ND
MONTH: APRIL
YEAR: 2022
LATITUDE: 47 55 N
LONGITUDE: 97 6 W
TEMPERATURE IN F: :PCPN: SNOW: WIND :SUNSHINE: SKY :PK WND
================================================================================
1 2 3 4 5 6A 6B 7 8 9 10 11 12 13 14 15 16 17 18
12Z AVG MX 2MIN
DY MAX MIN AVG DEP HDD CDD WTR SNW DPTH SPD SPD DIR MIN PSBL S-S WX SPD DR
================================================================================
1 55 24 40 5 25 0 T T 0 M M M M M M M M
2 36 30 33 -3 32 0 0.00 0.0 0 M M M M M 0 M M
3 36 26 31 -5 34 0 0.00 0.0 0 M M M M M M M M
4 49 25 37 0 28 0 T T 0 M M M M M M 4 M M
5 38 33 36 -1 29 0 0.06 T 0 M M M M M M M M
6 36 32 34 -4 31 0 0.30 0.3 0 M M M M M M M M
7 40 30 35 -3 30 0 T 0.1 T M M M M M M M M
8 47 26 37 -2 28 0 0.00 0.0 0 M M M M M M M M
9 51 24 38 -2 27 0 0.00 0.0 0 M M M M M M M M
10 45 34 40 0 25 0 T 0.0 0 M M M M M M M M
11 52 29 41 0 24 0 0.00 0.0 0 M M M M M M M M
12 33 29 31 -10 34 0 0.63 11.0 0 M M M M M M 9 M M
13 36 30 33 -9 32 0 0.24 0.7 12 M M M M M M 6 M M
14 30 14 22 -20 43 0 0.04 0.9 8 M M M M M M M M
15 25 13 19 -24 46 0 T T 6 M M M M M M M M
16 30 13 22 -22 43 0 0.00 0.0 6 M M M M M M M M
17 32 11 22 -22 43 0 0.23 2.5 5 M M M M M M M M
18 35 15 25 -20 40 0 T T 8 M M M M M M M M
19 39 11 25 -20 40 0 0.00 0.0 6 M M M M M M M M
20 47 32 40 -6 25 0 0.06 T 5 M M M M M M M M
21 41 33 37 -9 28 0 0.00 0.0 0 M M M M M M M M
22 41 35 38 -9 27 0 0.66 0.0 0 M M M M M M M M
23 55 37 46 -1 19 0 2.40 T 0 M M M M M M M M
24 41 27 34 -14 31 0 0.32 0.6 0 M M M M M M M M
25 27 24 26 -22 39 0 T T T M M M M M M M M
26 38 23 31 -17 34 0 0.00 0.0 T M M M M M M M M
27 49 28 39 -10 26 0 0.00 0.0 0 M M M M M M M M
28 52 33 43 -6 22 0 0.00 0.0 0 M M M M M M M M
29 45 39 42 -8 23 0 0.98 0.0 0 M M M M M M M M
30 43 39 41 -9 24 0 0.57 0.0 0 M M M M M M M M
================================================================================
SM 1224 799 932 0 6.49 16.1 M M 0
================================================================================
AV 40.8 26.6 M FASTST M M 0 MAX(MPH)
MISC ----> M M M M
================================================================================
NOTES:
# LAST OF SEVERAL OCCURRENCES
COLUMN 17 PEAK WIND IN M.P.H.
PRELIMINARY LOCAL CLIMATOLOGICAL DATA (WS FORM: F-6) , PAGE 2
STATION: GRAND FORKS UNIV. (NWS) ND
MONTH: APRIL
YEAR: 2022
LATITUDE: 47 55 N
LONGITUDE: 97 6 W
[TEMPERATURE DATA] [PRECIPITATION DATA] SYMBOLS USED IN COLUMN 16
AVERAGE MONTHLY: 33.7 TOTAL FOR MONTH: 6.49 1 = FOG OR MIST
DPTR FM NORMAL: -9.3 DPTR FM NORMAL: 5.51 2 = FOG REDUCING VISIBILITY
HIGHEST: 55 ON 23, 1 GRTST 24HR 2.40 ON 23-23 TO 1/4 MILE OR LESS
LOWEST: 11 ON 19,17 3 = THUNDER
SNOW, ICE PELLETS, HAIL 4 = ICE PELLETS
TOTAL MONTH: 16.1 INCHES 5 = HAIL
GRTST 24HR 11.0 ON 12-12 6 = FREEZING RAIN OR DRIZZLE
GRTST DEPTH: 12 ON 13 7 = DUSTSTORM OR SANDSTORM:
VSBY 1/2 MILE OR LESS
8 = SMOKE OR HAZE
[NO. OF DAYS WITH] [WEATHER - DAYS WITH] 9 = BLOWING SNOW
X = TORNADO
MAX 32 OR BELOW: 5 0.01 INCH OR MORE: 12
MAX 90 OR ABOVE: 0 0.10 INCH OR MORE: 9
MIN 32 OR BELOW: 22 0.50 INCH OR MORE: 5
MIN 0 OR BELOW: 0 1.00 INCH OR MORE: 1
[HDD (BASE 65) ]
TOTAL THIS MO. 932 CLEAR (SCALE 0-3) 1
DPTR FM NORMAL 283 PTCLDY (SCALE 4-7) 0
TOTAL FM JUL 1 9038 CLOUDY (SCALE 8-10) 29
DPTR FM NORMAL 209
[CDD (BASE 65) ]
TOTAL THIS MO. 0
DPTR FM NORMAL -3 [PRESSURE DATA]
TOTAL FM JAN 1 0 HIGHEST SLP M ON M
DPTR FM NORMAL -3 LOWEST SLP M ON M
[REMARKS]
#FINAL-04-22#