608
CXUS53 KMKX 010810
CF6FLD
PRELIMINARY LOCAL CLIMATOLOGICAL DATA (WS FORM: F-6)
STATION: FOND_DU_LAC WI
MONTH: MARCH
YEAR: 2021
LATITUDE: 43 46 N
LONGITUDE: 88 29 W
TEMPERATURE IN F: :PCPN: SNOW: WIND :SUNSHINE: SKY :PK WND
================================================================================
1 2 3 4 5 6A 6B 7 8 9 10 11 12 13 14 15 16 17 18
12Z AVG MX 2MIN
DY MAX MIN AVG DEP HDD CDD WTR SNW DPTH SPD SPD DIR MIN PSBL S-S WX SPD DR
================================================================================
1 29 16 23 -5 42 0 0.00 M M 11.3 21 340 M M 2 28 330
2 38 15 27 -1 38 0 M M M 14.2 28 200 M M 0 42 200
3 51 28 40 12 25 0 0.00 M M 5.7 12 350 M M 0 17 330
4 36 23 30 1 35 0 0.00 M M 6.7 16 20 M M 1 22 10
5 47 22 35 6 30 0 0.00 M M 3.1 9 30 M M 1 13 350
6 45 20 33 3 32 0 0.00 M M 2.7 12 270 M M 0 16 280
7 47 22 35 5 30 0 0.00 M M 9.8 22 190 M M 1 32 210
8 60 32 46 16 19 0 0.00 M M 8.7 21 190 M M 2 31 210
9 65 31 48 17 17 0 0.00 M M 11.3 25 190 M M 1 34 190
10 63 53 58 27 7 0 0.03 M M 18.4 31 190 M M 8 42 200
11 59 38 49 17 16 0 0.00 M M 15.2 33 220 M M 3 53 230
12 46 23 35 3 30 0 0.00 M M 7.1 21 340 M M 0 29 340
13 58 22 40 8 25 0 0.00 M M 8.2 20 270 M M 0 30 260
14 45 29 37 4 28 0 0.00 M M 10.8 22 60 M M 0 27 70
15 37 28 33 0 32 0 T M M 11.9 23 120 M M 4 18 32 110
16 40 28 34 0 31 0 0.01 M M 5.0 10 40 M M 9 18 14 40
17 36 33 35 1 30 0 0.18 M M 5.8 13 30 M M 9 16 16 30
18 46 30 38 3 27 0 0.00 M M 17.3 32 40 M M 0 43 40
19 52 24 38 3 27 0 0.00 M M 5.6 13 130 M M 0 17 150
20 60 23 42 6 23 0 M M M 9.2 20 190 M M 0 27 190
21 66 39 53 17 12 0 0.00 M M 15.7 28 180 M M 0 36 190
22 60 49 55 19 10 0 0.00 M M 9.4 20 190 M M 8 29 200
23 69 46 58 21 7 0 0.82 M M 8.8 22 130 M M 8 1 30 130
24 53 42 48 11 17 0 0.18 M M 15.6 23 240 M M 10 1 39 210
25 43 32 38 0 27 0 0.02 M M 10.4 23 30 M M 10 30 30
26 43 29 36 -2 29 0 0.03 M M 7.9 22 20 M M 8 6 28 40
27 42 32 37 -2 28 0 0.30 M M 7.1 21 140 M M 8 1 29 130
28 41 28 35 -4 30 0 0.12 M M 13.9 29 310 M M 9 1 42 310
29 63 29 46 6 19 0 M M M 19.1 32 180 M M 1 47 200
30 62 37 50 10 15 0 0.00 M M 15.5 26 190 M M 1 39 180
31 41 25 33 -7 32 0 0.00 M M 13.7 23 310 M M 5 29 310
================================================================================
SM 1543 928 770 0 1.69 M 325.1 M 109
================================================================================
AV 49.8 29.9 10.5 FASTST M M 4 MAX(MPH)
MISC ----> 33 220 53 230
================================================================================
NOTES:
# LAST OF SEVERAL OCCURRENCES
COLUMN 17 PEAK WIND IN M.P.H.
PRELIMINARY LOCAL CLIMATOLOGICAL DATA (WS FORM: F-6) , PAGE 2
STATION: FOND_DU_LAC WI
MONTH: MARCH
YEAR: 2021
LATITUDE: 43 46 N
LONGITUDE: 88 29 W
[TEMPERATURE DATA] [PRECIPITATION DATA] SYMBOLS USED IN COLUMN 16
AVERAGE MONTHLY: 39.9 TOTAL FOR MONTH: 1.69 1 = FOG OR MIST
DPTR FM NORMAL: 6.0 DPTR FM NORMAL: 0.01 2 = FOG REDUCING VISIBILITY
HIGHEST: 69 ON 23 GRTST 24HR 0.99 ON 23-24 TO 1/4 MILE OR LESS
LOWEST: 15 ON 2 3 = THUNDER
SNOW, ICE PELLETS, HAIL 4 = ICE PELLETS
TOTAL MONTH: M 5 = HAIL
GRTST 24HR M ON M 6 = FREEZING RAIN OR DRIZZLE
GRTST DEPTH: M ON M 7 = DUSTSTORM OR SANDSTORM:
VSBY 1/2 MILE OR LESS
8 = SMOKE OR HAZE
[NO. OF DAYS WITH] [WEATHER - DAYS WITH] 9 = BLOWING SNOW
X = TORNADO
MAX 32 OR BELOW: 1 0.01 INCH OR MORE: 9
MAX 90 OR ABOVE: 0 0.10 INCH OR MORE: 5
MIN 32 OR BELOW: 23 0.50 INCH OR MORE: 1
MIN 0 OR BELOW: 0 1.00 INCH OR MORE: 0
[HDD (BASE 65) ]
TOTAL THIS MO. 770 CLEAR (SCALE 0-3) 18
DPTR FM NORMAL -196 PTCLDY (SCALE 4-7) 7
TOTAL FM JUL 1 6005 CLOUDY (SCALE 8-10) 6
DPTR FM NORMAL -370
[CDD (BASE 65) ]
TOTAL THIS MO. 0
DPTR FM NORMAL 0 [PRESSURE DATA]
TOTAL FM JAN 1 0 HIGHEST SLP M ON M
DPTR FM NORMAL 0 LOWEST SLP 29.49 ON 24
[REMARKS]
#FINAL-03-21#