919
CXUS52 KMFL 011000
CF6FLL
PRELIMINARY LOCAL CLIMATOLOGICAL DATA (WS FORM: F-6)
STATION: FORT LAUDERDALE
MONTH: JULY
YEAR: 2020
LATITUDE: 26 4 N
LONGITUDE: 80 9 W
TEMPERATURE IN F: :PCPN: SNOW: WIND :SUNSHINE: SKY :PK WND
================================================================================
1 2 3 4 5 6A 6B 7 8 9 10 11 12 13 14 15 16 17 18
12Z AVG MX 2MIN
DY MAX MIN AVG DEP HDD CDD WTR SNW DPTH SPD SPD DIR MIN PSBL S-S WX SPD DR
================================================================================
1 93 76 85 1 0 20 0.01 0.0 0 6.5 22 350 M M 4 3 28 340
2 93 76 85 1 0 20 0.09 0.0 0 6.0 29 280 M M 5 3 34 280
3 93 81 87 3 0 22 0.00 0.0 0 7.2 17 140 M M 5 22 180
4 93 79 86 2 0 21 0.14 0.0 0 4.8 17 190 M M 7 13 20 170
5 92 75 84 0 0 19 1.32 0.0 0 4.9 36 50 M M 7 138 46 40
6 90 76 83 -1 0 18 0.16 0.0 0 4.3 20 240 M M 6 3 23 230
7 90 79 85 1 0 20 T 0.0 0 5.6 14 140 M M 5 3 18 130
8 93 78 86 2 0 21 0.19 0.0 0 4.6 14 300 M M 6 13 20 310
9 96 79 88 4 0 23 T 0.0 0 7.2 16 140 M M 7 22 150
10 95 79 87 3 0 22 0.01 0.0 0 7.6 21 170 M M 5 13 27 160
11 87 77 82 -2 0 17 0.37 0.0 0 6.7 23 270 M M 8 13 30 270
12 92 79 86 2 0 21 T 0.0 0 8.4 28 270 M M 7 3 39 260
13 90 79 85 1 0 20 0.37 0.0 0 6.8 21 190 M M 5 38 27 200
14 93 75 84 0 0 19 0.22 0.0 0 5.4 26 340 M M 5 13 39 340
15 93 78 86 2 0 21 0.00 0.0 0 5.5 16 100 M M 4 3 20 90
16 92 77 85 1 0 20 T 0.0 0 9.3 18 100 M M 4 23 70
17 91 76 84 0 0 19 0.96 0.0 0 9.3 23 70 M M 5 1238 32 80
18 86 74 80 -4 0 15 0.85 0.0 0 8.6 28 110 M M 9 13 32 100
19 91 82 87 3 0 22 0.00 0.0 0 13.3 20 110 M M 6 26 110
20 90 80 85 1 0 20 0.18 0.0 0 12.2 24 120 M M 4 13 31 110
21 87 75 81 -4 0 16 0.56 0.0 0 11.8 30 130 M M 7 13 41 130
22 85 75 80 -5 0 15 1.63 0.0 0 7.0 28 120 M M 7 13 39 130
23 86 74 80 -5 0 15 0.68 0.0 0 11.3 30 90 M M 7 138 36 140
24 90 75 83 -2 0 18 0.47 0.0 0 12.1 31 120 M M 5 13 39 120
25 89 79 84 -1 0 19 0.01 0.0 0 12.6 23 100 M M 5 3 30 90
26 90 76 83 -2 0 18 0.01 0.0 0 8.9 23 200 M M 5 13 30 180
27 90 77 84 -1 0 19 0.00 0.0 0 6.6 17 350 M M 7 22 140
28 91 77 84 -1 0 19 0.00 0.0 0 8.3 20 90 M M 6 30 90
29 90 82 86 1 0 21 T 0.0 0 9.8 16 130 M M 5 22 80
30 90 82 86 1 0 21 0.00 0.0 0 10.3 16 100 M M 3 20 90
31 91 83 87 2 0 22 0.00 0.0 0 12.5 20 80 M M 3 29 90
================================================================================
SM 2812 2410 0 603 8.23 0.0 255.4 M 174
================================================================================
AV 90.7 77.7 8.2 FASTST M M 6 MAX(MPH)
MISC ----> # 36 50 # 46 40
================================================================================
NOTES:
# LAST OF SEVERAL OCCURRENCES
COLUMN 17 PEAK WIND IN M.P.H.
PRELIMINARY LOCAL CLIMATOLOGICAL DATA (WS FORM: F-6) , PAGE 2
STATION: FORT LAUDERDALE
MONTH: JULY
YEAR: 2020
LATITUDE: 26 4 N
LONGITUDE: 80 9 W
[TEMPERATURE DATA] [PRECIPITATION DATA] SYMBOLS USED IN COLUMN 16
AVERAGE MONTHLY: 84.2 TOTAL FOR MONTH: 8.23 1 = FOG OR MIST
DPTR FM NORMAL: -0.1 DPTR FM NORMAL: 2.25 2 = FOG REDUCING VISIBILITY
HIGHEST: 96 ON 9 GRTST 24HR 1.63 ON 22-22 TO 1/4 MILE OR LESS
LOWEST: 74 ON 23,18 3 = THUNDER
SNOW, ICE PELLETS, HAIL 4 = ICE PELLETS
TOTAL MONTH: 0.0 INCH 5 = HAIL
GRTST 24HR 0.0 6 = FREEZING RAIN OR DRIZZLE
GRTST DEPTH: 0 7 = DUSTSTORM OR SANDSTORM:
VSBY 1/2 MILE OR LESS
8 = SMOKE OR HAZE
[NO. OF DAYS WITH] [WEATHER - DAYS WITH] 9 = BLOWING SNOW
X = TORNADO
MAX 32 OR BELOW: 0 0.01 INCH OR MORE: 19
MAX 90 OR ABOVE: 25 0.10 INCH OR MORE: 14
MIN 32 OR BELOW: 0 0.50 INCH OR MORE: 6
MIN 0 OR BELOW: 0 1.00 INCH OR MORE: 2
[HDD (BASE 65) ]
TOTAL THIS MO. 0 CLEAR (SCALE 0-3) 1
DPTR FM NORMAL 0 PTCLDY (SCALE 4-7) 29
TOTAL FM JUL 1 0 CLOUDY (SCALE 8-10) 1
DPTR FM NORMAL 0
[CDD (BASE 65) ]
TOTAL THIS MO. 603
DPTR FM NORMAL 5 [PRESSURE DATA]
TOTAL FM JAN 1 2847 HIGHEST SLP 30.13 ON 26
DPTR FM NORMAL 288 LOWEST SLP 29.88 ON 3
[REMARKS]
#FINAL-07-20#