000
CXUS52 KILM 011000
CF6FLO
PRELIMINARY LOCAL CLIMATOLOGICAL DATA (WS FORM: F-6)
STATION: FLORENCE SOUTH CAROLINA
MONTH: APRIL
YEAR: 2022
LATITUDE: 34 10 N
LONGITUDE: 79 43 W
TEMPERATURE IN F: :PCPN: SNOW: WIND :SUNSHINE: SKY :PK WND
================================================================================
1 2 3 4 5 6A 6B 7 8 9 10 11 12 13 14 15 16 17 18
12Z AVG MX 2MIN
DY MAX MIN AVG DEP HDD CDD WTR SNW DPTH SPD SPD DIR MIN PSBL S-S WX SPD DR
================================================================================
1 76 51 64 4 1 0 0.00 M M 11.1 23 270 M M 0 32 260
2 71 43 57 -4 8 0 0.00 M M 7.2 16 60 M M 0 20 100
3 77 44 61 0 4 0 0.00 M M 7.0 20 330 M M 0 18 24 340
4 75 43 59 -2 6 0 0.00 M M 7.8 16 150 M M 1 20 100
5 79 48 64 2 1 0 1.36 M M 9.5 21 260 M M 4 1 32 260
6 79 60 70 8 0 5 0.29 M M 10.2 20 200 M M 4 18 32 200
7 83 52 68 6 0 3 0.10 M M 11.5 26 260 M M 4 34 230
8 70 47 59 -3 6 0 0.00 M M 10.5 24 230 M M 5 33 310
9 57 45 51 -12 14 0 0.00 M M 12.3 22 270 M M 6 29 260
10 70 35 53 -10 12 0 0.00 M M 7.2 18 290 M M 0 23 330
11 84 41 63 0 2 0 0.00 M M 7.6 20 220 M M 0 8 24 220
12 86 54 70 6 0 5 0.00 M M 8.0 18 220 M M 1 8 23 220
13 84 60 72 8 0 7 0.00 M M 9.3 17 180 M M 2 1 25 230
14 85 65 75 11 0 10 0.00 M M 9.9 22 220 M M 1 8 29 240
15 77 53 65 1 0 0 0.00 M M 8.8 22 50 M M 1 27 50
16 77 51 64 -1 1 0 0.61 M M 5.1 12 230 M M 5 1 14 270
17 82 58 70 5 0 5 0.00 M M 9.0 25 90 M M 1 1 32 100
18 61 48 55 -10 10 0 0.51 M M 9.3 23 80 M M 9 1 31 90
19 65 42 54 -11 11 0 0.00 M M 5.4 14 310 M M 0 1 21 330
20 70 40 55 -11 10 0 0.00 M M 6.7 17 70 M M 0 21 70
21 78 45 62 -4 3 0 0.00 M M 3.7 13 230 M M 0 14 240
22 84 50 67 1 0 2 0.00 M M 3.1 12 180 M M 1 18 14 180
23 82 54 68 2 0 3 0.00 M M 4.2 13 210 M M 1 1 17 210
24 84 54 69 2 0 4 0.00 M M 5.1 16 200 M M 2 12 24 150
25 85 54 70 3 0 5 0.00 M M 5.9 14 240 M M 1 18 17 240
26 89 62 76 9 0 11 0.39 M M 7.1 21 280 M M 3 12 28 310
27 75 49 62 -6 3 0 0.00 M M 8.2 18 360 M M 1 128 23 10
28 77 47 62 -6 3 0 0.00 M M 7.0 18 10 M M 0 8 25 10
29 79 50 65 -3 0 0 0.00 M M 4.8 12 210 M M 2 15 220
30 83 57 70 2 0 5 0.00 M M 7.0 16 210 M M 2 20 210
================================================================================
SM 2324 1502 95 65 3.26 M 229.5 M 57
================================================================================
AV 77.5 50.1 7.7 FASTST M M 2 MAX(MPH)
MISC ----> 26 260 34 230
================================================================================
NOTES:
# LAST OF SEVERAL OCCURRENCES
COLUMN 17 PEAK WIND IN M.P.H.
PRELIMINARY LOCAL CLIMATOLOGICAL DATA (WS FORM: F-6) , PAGE 2
STATION: FLORENCE SOUTH CAROLINA
MONTH: APRIL
YEAR: 2022
LATITUDE: 34 10 N
LONGITUDE: 79 43 W
[TEMPERATURE DATA] [PRECIPITATION DATA] SYMBOLS USED IN COLUMN 16
AVERAGE MONTHLY: 63.8 TOTAL FOR MONTH: 3.26 1 = FOG OR MIST
DPTR FM NORMAL: -0.6 DPTR FM NORMAL: 0.26 2 = FOG REDUCING VISIBILITY
HIGHEST: 89 ON 26 GRTST 24HR 1.36 ON 5- 5 TO 1/4 MILE OR LESS
LOWEST: 35 ON 10 3 = THUNDER
SNOW, ICE PELLETS, HAIL 4 = ICE PELLETS
TOTAL MONTH: M 5 = HAIL
GRTST 24HR M ON M 6 = FREEZING RAIN OR DRIZZLE
GRTST DEPTH: M ON M 7 = DUSTSTORM OR SANDSTORM:
VSBY 1/2 MILE OR LESS
8 = SMOKE OR HAZE
[NO. OF DAYS WITH] [WEATHER - DAYS WITH] 9 = BLOWING SNOW
X = TORNADO
MAX 32 OR BELOW: 0 0.01 INCH OR MORE: 6
MAX 90 OR ABOVE: 0 0.10 INCH OR MORE: 6
MIN 32 OR BELOW: 0 0.50 INCH OR MORE: 3
MIN 0 OR BELOW: 0 1.00 INCH OR MORE: 1
[HDD (BASE 65) ]
TOTAL THIS MO. 95 CLEAR (SCALE 0-3) 23
DPTR FM NORMAL -9 PTCLDY (SCALE 4-7) 6
TOTAL FM JUL 1 1988 CLOUDY (SCALE 8-10) 1
DPTR FM NORMAL -330
[CDD (BASE 65) ]
TOTAL THIS MO. 65
DPTR FM NORMAL -21 [PRESSURE DATA]
TOTAL FM JAN 1 131 HIGHEST SLP 30.49 ON 21
DPTR FM NORMAL 12 LOWEST SLP 29.52 ON 7
[REMARKS]
#FINAL-04-22#