000
CXUS53 KOAX 011000
CF6FNB
PRELIMINARY LOCAL CLIMATOLOGICAL DATA (WS FORM: F-6)
STATION: FALLS CITY NE
MONTH: SEPTEMBER
YEAR: 2020
LATITUDE: 40 4 N
LONGITUDE: 95 35 W
TEMPERATURE IN F: :PCPN: SNOW: WIND :SUNSHINE: SKY :PK WND
================================================================================
1 2 3 4 5 6A 6B 7 8 9 10 11 12 13 14 15 16 17 18
12Z AVG MX 2MIN
DY MAX MIN AVG DEP HDD CDD WTR SNW DPTH SPD SPD DIR MIN PSBL S-S WX SPD DR
================================================================================
1 75 60 68 -4 0 3 0.36 M M 4.2 13 50 M M 8 13 18 40
2 88 58 73 1 0 8 0.00 M M 3.9 15 200 M M 4 12 21 210
3 79 56 68 -4 0 3 0.00 M M 7.7 20 360 M M 0 34 350
4 84 49 67 -4 0 2 0.00 M M 4.3 14 200 M M 0 21 150
5 93 57 75 4 0 10 0.00 M M 7.1 17 210 M M 1 26 170
6 96 75 86 15 0 21 0.00 M M 13.5 25 220 M M 1 37 200
7 79 60 70 0 0 5 0.00 M M 11.6 23 40 M M 5 39 40
8 60 47 54 -16 11 0 0.24 M M 14.2 23 20 M M 10 13 37 30
9 52 46 49 -21 16 0 0.45 M M 9.7 16 10 M M 10 1 24 10
10 56 49 53 -16 12 0 0.57 M M 7.5 12 30 M M 10 1 18 20
11 63 53 58 -11 7 0 0.27 M M 2.0 8 240 M M 10 1 11 250
12 75 54 65 -3 0 0 0.00 M M 5.1 17 300 M M 5 12 22 290
13 80 49 65 -3 0 0 0.00 M M 2.8 10 360 M M 0 14 340
14 79 51 65 -3 0 0 0.00 M M 3.3 10 110 M M 1 12 14 130
15 81 52 67 0 0 2 0.00 M M 5.2 13 170 M M 2 12 18 180
16 86 56 71 4 0 6 0.00 M M 5.7 14 310 M M 0 18 26 350
17 74 51 63 -3 2 0 0.00 M M 3.4 10 70 M M 0 14 60
18 73 49 61 -5 4 0 0.00 M M 6.1 13 110 M M 0 18 90
19 73 50 62 -3 3 0 0.00 M M 8.5 20 160 M M 0 30 180
20 77 48 63 -2 2 0 0.00 M M 10.3 21 160 M M 0 30 160
21 81 50 66 1 0 1 0.00 M M 7.1 17 160 M M 0 22 170
22 81 53 67 3 0 2 0.00 M M 5.7 14 150 M M 0 1 20 160
23 76 59 68 4 0 3 0.00 M M 6.4 13 210 M M 6 20 210
24 85 56 71 8 0 6 0.00 M M 8.5 15 170 M M 0 23 190
25 90 61 76 13 0 11 0.00 M M 9.5 18 170 M M 0 27 180
26 95 65 80 18 0 15 0.00 M M 11.1 30 200 M M 0 43 210
27 74 51 63 1 2 0 0.24 M M 6.2 15 350 M M 7 13 26 350
28 68 48 58 -4 7 0 0.00 M M 12.4 28 310 M M 5 38 300
29 77 40 59 -2 6 0 0.00 M M 8.8 22 250 M M 1 29 270
30 73 48 61 0 4 0 0.00 M M 11.0 26 320 M M 0 38 320
================================================================================
SM 2323 1601 76 98 2.13 M 222.8 M 86
================================================================================
AV 77.4 53.4 7.4 FASTST M M 3 MAX(MPH)
MISC ----> # 30 200 # 43 210
================================================================================
NOTES:
# LAST OF SEVERAL OCCURRENCES
COLUMN 17 PEAK WIND IN M.P.H.
PRELIMINARY LOCAL CLIMATOLOGICAL DATA (WS FORM: F-6) , PAGE 2
STATION: FALLS CITY NE
MONTH: SEPTEMBER
YEAR: 2020
LATITUDE: 40 4 N
LONGITUDE: 95 35 W
[TEMPERATURE DATA] [PRECIPITATION DATA] SYMBOLS USED IN COLUMN 16
AVERAGE MONTHLY: 65.4 TOTAL FOR MONTH: 2.13 1 = FOG OR MIST
DPTR FM NORMAL: -1.3 DPTR FM NORMAL: -1.42 2 = FOG REDUCING VISIBILITY
HIGHEST: 96 ON 6 GRTST 24HR 0.57 ON 10-10 TO 1/4 MILE OR LESS
LOWEST: 40 ON 29 3 = THUNDER
SNOW, ICE PELLETS, HAIL 4 = ICE PELLETS
TOTAL MONTH: M 5 = HAIL
GRTST 24HR M ON M 6 = FREEZING RAIN OR DRIZZLE
GRTST DEPTH: M ON M 7 = DUSTSTORM OR SANDSTORM:
VSBY 1/2 MILE OR LESS
8 = SMOKE OR HAZE
[NO. OF DAYS WITH] [WEATHER - DAYS WITH] 9 = BLOWING SNOW
X = TORNADO
MAX 32 OR BELOW: 0 0.01 INCH OR MORE: 6
MAX 90 OR ABOVE: 4 0.10 INCH OR MORE: 6
MIN 32 OR BELOW: 0 0.50 INCH OR MORE: 1
MIN 0 OR BELOW: 0 1.00 INCH OR MORE: 0
[HDD (BASE 65) ]
TOTAL THIS MO. 76 CLEAR (SCALE 0-3) 19
DPTR FM NORMAL -7 PTCLDY (SCALE 4-7) 7
TOTAL FM JUL 1 77 CLOUDY (SCALE 8-10) 4
DPTR FM NORMAL -12
[CDD (BASE 65) ]
TOTAL THIS MO. 98
DPTR FM NORMAL -38 [PRESSURE DATA]
TOTAL FM JAN 1 1219 HIGHEST SLP 30.35 ON 18
DPTR FM NORMAL 1 LOWEST SLP 29.54 ON 26
[REMARKS]
#FINAL-09-20#