000
CXUS53 KFSD 020211
CLMFSD
CLIMATE REPORT
NATIONAL WEATHER SERVICE SIOUX FALLS SD
911 PM CDT SAT JUL 01 2023
...................................
...THE SIOUX FALLS CLIMATE SUMMARY FOR THE MONTH OF JUNE 2023...
CLIMATE NORMAL PERIOD: 1991 TO 2020
CLIMATE RECORD PERIOD: 1893 TO 2023
WEATHER OBSERVED NORMAL DEPART LAST YEAR`S
VALUE DATE(S) VALUE FROM VALUE DATE(S)
NORMAL
................................................................
TEMPERATURE (F)
RECORD
HIGH 110 06/21/1988
LOW 32 06/07/1901
06/07/1897
HIGHEST 96 06/19 MM MM 100 06/20
LOWEST 48 06/12 MM MM 44 06/03
AVG. MAXIMUM 87.1 80.9 6.2 84.5
AVG. MINIMUM 62.9 58.8 4.1 60.5
MEAN 75.0 69.9 5.1 72.5
DAYS MAX >= 90 12 3.0 9.0 10
DAYS MAX <= 32 0 0.0 0.0 0
DAYS MIN <= 32 0 0.0 0.0 0
DAYS MIN <= 0 0 0.0 0.0 0
PRECIPITATION (INCHES)
RECORD
MAXIMUM 13.70 2014
MINIMUM 0.36 1893
TOTALS 1.42 4.23 -2.81 1.95
DAILY AVG. 0.05 0.14 -0.09 0.07
DAYS >= .01 8 11.8 -3.8 12
DAYS >= .10 4 7.3 -3.3 5
DAYS >= .50 0 2.5 -2.5 2
DAYS >= 1.00 0 1.1 -1.1 0
GREATEST
24 HR. TOTAL 0.49 06/09 TO 06/09
DEGREE DAYS
HEATING TOTAL 1 32 -31 19
SINCE 7/1 7386 7245 141 MM
COOLING TOTAL 305 178 127 251
SINCE 1/1 443 229 214 MM
................................................................
WIND (MPH)
AVERAGE WIND SPEED 7.7
HIGHEST WIND SPEED/DIRECTION 33/190 DATE 06/24
HIGHEST GUST SPEED/DIRECTION 58/180 DATE 06/24
SKY COVER
POSSIBLE SUNSHINE (PERCENT) MM
AVERAGE SKY COVER 0.48
NUMBER OF DAYS FAIR 10
NUMBER OF DAYS PC 16
NUMBER OF DAYS CLOUDY 4
AVERAGE RH (PERCENT) 59
WEATHER CONDITIONS. NUMBER OF DAYS WITH
THUNDERSTORM 11 MIXED PRECIP 0
HEAVY RAIN 3 RAIN 1
LIGHT RAIN 14 FREEZING RAIN 0
LT FREEZING RAIN 0 HAIL 0
HEAVY SNOW 0 SNOW 0
LIGHT SNOW 0 SLEET 0
FOG 8 FOG W/VIS <= 1/4 MILE 0
HAZE 4
- INDICATES NEGATIVE NUMBERS.
R INDICATES RECORD WAS SET OR TIED.
MM INDICATES DATA IS MISSING.
T INDICATES TRACE AMOUNT.
$$