000
CXUS54 KTSA 311127
CF6FSM
PRELIMINARY LOCAL CLIMATOLOGICAL DATA (WS FORM: F-6)
STATION: FORT SMITH ARKANSAS
MONTH: JULY
YEAR: 2022
LATITUDE: 35 19 N
LONGITUDE: 94 22 W
TEMPERATURE IN F: :PCPN: SNOW: WIND :SUNSHINE: SKY :PK WND
================================================================================
1 2 3 4 5 6A 6B 7 8 9 10 11 12 13 14 15 16 17 18
12Z AVG MX 2MIN
DY MAX MIN AVG DEP HDD CDD WTR SNW DPTH SPD SPD DIR MIN PSBL S-S WX SPD DR
================================================================================
1 96 74 85 3 0 20 0.00 0.0 0 4.1 10 100 M M 1 14 100
2 95 75 85 3 0 20 0.00 0.0 0 4.2 12 170 M M 1 16 170
3 96 76 86 4 0 21 0.00 0.0 0 5.1 12 80 M M 1 17 80
4 102 79 91 9 0 26 0.00 0.0 0 6.8 14 220 M M 2 25 150
5 102 75 89 7 0 24 0.00 0.0 0 5.5 14 240 M M 0 20 190
6 103 75 89 7 0 24 0.00 0.0 0 3.9 12 230 M M 1 16 210
7 103 77 90 8 0 25 0.00 0.0 0 4.6 13 190 M M 0 19 220
8 106 79 93 10 0 28 0.00 0.0 0 6.1 17 250 M M 1 3 22 250
9 101 82 92 9 0 27 0.00 0.0 0 9.0 17 350 M M 1 3 24 10
10 95 74 85 2 0 20 0.00 0.0 0 6.8 15 70 M M 1 20 90
11 101 72 87 4 0 22 0.00 0.0 0 4.0 13 40 M M 0 18 30
12 101 74 88 5 0 23 0.00 0.0 0 6.1 18 20 M M 0 23 20
13 100 77 89 6 0 24 0.00 0.0 0 5.2 13 80 M M 0 18 130
14 102 77 90 7 0 25 0.00 0.0 0 7.5 15 50 M M 0 23 80
15 102 77 90 7 0 25 0.00 0.0 0 4.8 13 190 M M 1 19 170
16 105 76 91 8 0 26 0.00 0.0 0 4.8 13 150 M M 0 19 200
17 105 79 92 9 0 27 0.01 0.0 0 7.2 22 280 M M 2 3 29 360
18 103 75 89 6 0 24 T 0.0 0 6.3 12 280 M M 1 17 280
19 108 79 94 11 0 29 0.00 0.0 0 6.8 16 200 M M 0 23 230
20 100 82 91 7 0 26 0.01 0.0 0 5.1 14 250 M M 1 18 250
21 106 74 90 6 0 25 0.09 0.0 0 6.9 30 200 M M 1 3 44 210
22 98 73 86 2 0 21 T 0.0 0 5.0 17 230 M M 0 24 220
23 101 73 87 3 0 22 0.00 0.0 0 5.9 15 220 M M 0 19 220
24 104 75 90 6 0 25 0.00 0.0 0 6.1 16 240 M M 0 22 230
25 104 77 91 7 0 26 0.00 0.0 0 5.4 13 220 M M 0 19 180
26 105 81 93 9 0 28 0.00 0.0 0 7.7 20 230 M M 0 25 220
27 106 82 94 10 0 29 0.00 0.0 0 5.8 16 190 M M 1 23 220
28 101 76 89 5 0 24 0.34 0.0 0 5.5 18 270 M M 2 13 25 160
29 85 73 79 -5 0 14 1.48 0.0 0 4.3 13 360 M M 5 13 16 360
30 84 76 80 -4 0 15 0.03 0.0 0 7.5 15 80 M M 5 1 20 80
31 85 74 80 -4 0 15 0.10 0.0 0 5.5 9 70 M M 4 1 12 150
================================================================================
SM 3105 2368 0 730 2.06 0.0 179.5 M 32
================================================================================
AV100.2 76.4 5.8 FASTST M M 1 MAX(MPH)
MISC ----> 30 200 44 210
================================================================================
NOTES:
# LAST OF SEVERAL OCCURRENCES
COLUMN 17 PEAK WIND IN M.P.H.
PRELIMINARY LOCAL CLIMATOLOGICAL DATA (WS FORM: F-6) , PAGE 2
STATION: FORT SMITH ARKANSAS
MONTH: JULY
YEAR: 2022
LATITUDE: 35 19 N
LONGITUDE: 94 22 W
[TEMPERATURE DATA] [PRECIPITATION DATA] SYMBOLS USED IN COLUMN 16
AVERAGE MONTHLY: 88.3 TOTAL FOR MONTH: 2.06 1 = FOG OR MIST
DPTR FM NORMAL: 5.2 DPTR FM NORMAL: -1.33 2 = FOG REDUCING VISIBILITY
HIGHEST: 108 ON 19 GRTST 24HR 1.82 ON 28-29 TO 1/4 MILE OR LESS
LOWEST: 72 ON 11 3 = THUNDER
SNOW, ICE PELLETS, HAIL 4 = ICE PELLETS
TOTAL MONTH: 0.0 INCH 5 = HAIL
GRTST 24HR 0.0 6 = FREEZING RAIN OR DRIZZLE
GRTST DEPTH: 0 7 = DUSTSTORM OR SANDSTORM:
VSBY 1/2 MILE OR LESS
8 = SMOKE OR HAZE
[NO. OF DAYS WITH] [WEATHER - DAYS WITH] 9 = BLOWING SNOW
X = TORNADO
MAX 32 OR BELOW: 0 0.01 INCH OR MORE: 7
MAX 90 OR ABOVE: 28 0.10 INCH OR MORE: 3
MIN 32 OR BELOW: 0 0.50 INCH OR MORE: 1
MIN 0 OR BELOW: 0 1.00 INCH OR MORE: 1
[HDD (BASE 65) ]
TOTAL THIS MO. 0 CLEAR (SCALE 0-3) 28
DPTR FM NORMAL 0 PTCLDY (SCALE 4-7) 3
TOTAL FM JUL 1 0 CLOUDY (SCALE 8-10) 0
DPTR FM NORMAL 0
[CDD (BASE 65) ]
TOTAL THIS MO. 730
DPTR FM NORMAL 169 [PRESSURE DATA]
TOTAL FM JAN 1 1509 HIGHEST SLP 30.11 ON 31
DPTR FM NORMAL 264 LOWEST SLP 29.69 ON 19
[REMARKS]
#FINAL-07-22#