000
CXUS54 KMAF 011448
CF6FST
PRELIMINARY LOCAL CLIMATOLOGICAL DATA (WS FORM: F-6)
STATION: FORT STOCKTON
MONTH: OCTOBER
YEAR: 2021
LATITUDE: 30 55 N
LONGITUDE: 102 55 W
TEMPERATURE IN F: :PCPN: SNOW: WIND :SUNSHINE: SKY :PK WND
================================================================================
1 2 3 4 5 6A 6B 7 8 9 10 11 12 13 14 15 16 17 18
12Z AVG MX 2MIN
DY MAX MIN AVG DEP HDD CDD WTR SNW DPTH SPD SPD DIR MIN PSBL S-S WX SPD DR
================================================================================
1 73 60 67 -5 0 2 0.00 M M 4.9 13 80 M M 8 16 350
2 84 59 72 0 0 7 0.00 M M 5.8 13 350 M M 4 18 15 350
3 84 59 72 0 0 7 0.00 M M 6.5 15 280 M M 0 17 280
4 86 58 72 0 0 7 0.00 M M 5.9 13 40 M M 1 17 50
5 88 63 76 5 0 11 0.00 M M 9.0 17 190 M M 0 23 190
6 91 58 75 4 0 10 0.00 M M 7.9 15 160 M M 0 19 160
7 94 62 78 7 0 13 0.00 M M 9.4 20 150 M M 1 27 150
8 96 64 80 10 0 15 0.00 M M 11.4 23 150 M M 0 29 160
9 99 64 82 12 0 17 0.00 M M 12.2 22 180 M M 0 28 160
10 96 58 77 7 0 12 0.00 M M 15.8 38 310 M M 1 8 51 290
11 88 48 68 -1 0 3 0.00 M M 12.5 25 150 M M 0 36 140
12 94 64 79 10 0 14 0.00 M M 17.3 31 220 M M 0 40 210
13 77 63 70 1 0 5 T M M 7.8 18 150 M M 2 25 160
14 88 61 75 7 0 10 0.00 M M 9.1 17 290 M M 1 23 300
15 75 53 64 -4 1 0 0.00 M M 10.0 22 340 M M 0 26 330
16 69 46 58 -10 7 0 T M M 9.7 18 120 M M 0 26 130
17 75 52 64 -3 1 0 0.00 M M 12.7 22 150 M M 0 28 150
18 88 55 72 5 0 7 0.00 M M 14.1 24 160 M M 0 31 160
19 87 57 72 5 0 7 0.00 M M 11.3 22 170 M M 0 29 160
20 87 54 71 5 0 6 0.00 M M 7.9 17 160 M M 0 8 24 170
21 83 60 72 6 0 7 0.00 M M 8.8150 17 M M M 150 21
22 89 61 75 9 0 10 0.00 M M 10.1150 22 M M M 150 29
23 94 63 79 14 0 14 0.01 M M 10.6160 22 M M M 3 160 29
24 88 60 74 9 0 9 0.00 M M 9.9 18 290 M M M 26 300
25 94 59 77 13 0 12 0.00 0.0 0 9.9217 150 M M M 22 150
26 96 64 80 16 0 15 0.00 0.0 0 15.6 28 220 M M M 35 190
27 72 55 64 0 1 0 0.00 0.0 0 16.1 29 320 M M 0 38 320
28 73 44 59 -4 6 0 0.00 M M 6.9 14 250 M M 0 18 20
29 75 45 60 -3 5 0 0.00 M M 4.6 12 170 M M 0 8 14 180
30 88 52 70 8 0 5 0.00 M M 10.4 16 220 M M 0 20 290
31 78 54 66 4 0 1 0.00 M M 10.8 20 310 M M 0 26 300
================================================================================
SM 2649 1775 21 226 0.01 0.0 314.9 M 18
================================================================================
AV 85.5 57.3 10.2 FASTST M M 1 MAX(MPH)
MISC ----> 217 150 160 29
================================================================================
NOTES:
# LAST OF SEVERAL OCCURRENCES
COLUMN 17 PEAK WIND IN M.P.H.
PRELIMINARY LOCAL CLIMATOLOGICAL DATA (WS FORM: F-6) , PAGE 2
STATION: FORT STOCKTON
MONTH: OCTOBER
YEAR: 2021
LATITUDE: 30 55 N
LONGITUDE: 102 55 W
[TEMPERATURE DATA] [PRECIPITATION DATA] SYMBOLS USED IN COLUMN 16
AVERAGE MONTHLY: 71.4 TOTAL FOR MONTH: 0.01 1 = FOG OR MIST
DPTR FM NORMAL: 3.9 DPTR FM NORMAL: -1.02 2 = FOG REDUCING VISIBILITY
HIGHEST: 99 ON 9 GRTST 24HR 0.01 ON 23-23 TO 1/4 MILE OR LESS
LOWEST: 44 ON 28 3 = THUNDER
SNOW, ICE PELLETS, HAIL 4 = ICE PELLETS
TOTAL MONTH: 0.0 INCH 5 = HAIL
GRTST 24HR 0.0 6 = FREEZING RAIN OR DRIZZLE
GRTST DEPTH: 0 7 = DUSTSTORM OR SANDSTORM:
VSBY 1/2 MILE OR LESS
8 = SMOKE OR HAZE
[NO. OF DAYS WITH] [WEATHER - DAYS WITH] 9 = BLOWING SNOW
X = TORNADO
MAX 32 OR BELOW: 0 0.01 INCH OR MORE: 1
MAX 90 OR ABOVE: 9 0.10 INCH OR MORE: 0
MIN 32 OR BELOW: 0 0.50 INCH OR MORE: 0
MIN 0 OR BELOW: 0 1.00 INCH OR MORE: 0
[HDD (BASE 65) ]
TOTAL THIS MO. 21 CLEAR (SCALE 0-3) 23
DPTR FM NORMAL -46 PTCLDY (SCALE 4-7) 2
TOTAL FM JUL 1 21 CLOUDY (SCALE 8-10) 6
DPTR FM NORMAL -51
[CDD (BASE 65) ]
TOTAL THIS MO. 226
DPTR FM NORMAL 81 [PRESSURE DATA]
TOTAL FM JAN 1 2624 HIGHEST SLP 30.38 ON 16
DPTR FM NORMAL 41 LOWEST SLP 29.47 ON 26
[REMARKS]
#FINAL-10-21#