000
CXUS54 KFWD 072153
CF6FTW
PRELIMINARY LOCAL CLIMATOLOGICAL DATA (WS FORM: F-6)
STATION: FORT WORTH MEACHAM
MONTH: AUGUST
YEAR: 2022
LATITUDE: 32 49 N
LONGITUDE: 97 21 W
TEMPERATURE IN F: :PCPN: SNOW: WIND :SUNSHINE: SKY :PK WND
================================================================================
1 2 3 4 5 6A 6B 7 8 9 10 11 12 13 14 15 16 17 18
12Z AVG MX 2MIN
DY MAX MIN AVG DEP HDD CDD WTR SNW DPTH SPD SPD DIR MIN PSBL S-S WX SPD DR
================================================================================
1 101 82 92 6 0 27 0.00 M M 10.7 21 180 M M 0 29 170
2 104 82 93 7 0 28 0.00 M M 13.6 23 170 M M 0 30 150
3 105 81 93 7 0 28 0.00 M M 14.3 21 170 M M 0 31 180
4 102 81 92 6 0 27 0.00 M M 11.4 18 130 M M 0 24 120
5 104 83 94 8 0 29 0.00 M M 10.4 26 140 M M 0 33 140
6 99 79 89 3 0 24 0.00 M M 12.2 21 140 M M 1 27 130
7 100 79 90 4 0 25 0.00 M M 11.4 20 140 M M 1 28 150
8 103 81 92 6 0 27 0.00 M M 10.5 20 180 M M 1 27 190
9 102 78 90 4 0 25 0.31 M M 9.1 25 350 M M 1 3 34 330
10 98 76 87 1 0 22 0.02 M M 6.7 22 40 M M 2 3 33 30
11 98 75 87 1 0 22 0.00 M M 5.9 17 40 M M 1 29 70
12 98 79 89 3 0 24 0.00 M M 8.8 15 30 M M 1 24 30
13 99 80 90 4 0 25 0.00 M M 7.5 15 40 M M 1 23 100
14 100 78 89 3 0 24 0.00 M M 8.5 17 110 M M 1 22 130
15 100 77 89 3 0 24 0.00 M M 8.7 20 160 M M 0 29 150
16 101 80 91 5 0 26 0.00 M M 6.6 14 130 M M 0 22 150
17 103 73 88 2 0 23 1.61 M M 8.1 29 190 M M 1 13 49 140
18 87 73 80 -5 0 15 T M M 5.9 13 330 M M 4 17 360
19 94 74 84 -1 0 19 0.00 M M 6.5 15 110 M M 4 18 21 120
20 89 75 82 -3 0 17 0.01 M M 10.0 21 130 M M 3 26 130
21 89 73 81 -4 0 16 4.45 M M 9.3 18 60 M M 4 13 26 80
22 79 72 76 -9 0 11 5.11 M M 7.8 17 360 M M 8 13 24 60
23 84 75 80 -4 0 15 0.12 M M 7.5 18 40 M M 4 1 22 40
24 89 77 83 -1 0 18 0.00 M M 5.5 14 70 M M 6 19 80
25 94 72 83 -1 0 18 0.00 M M 5.9 15 40 M M 1 21 50
26 94 73 84 0 0 19 0.00 M M 5.5 13 70 M M 2 18 60
27 96 76 86 2 0 21 0.00 M M 8.1 17 130 M M 1 23 150
28 96 78 87 4 0 22 0.00 M M 12.7 21 150 M M 0 29 150
29 94 74 84 1 0 19 0.05 M M 10.1 26 360 M M 2 1 33 350
30 87 76 82 -1 0 17 T M M 6.1 21 140 M M 5 3 26 140
31 88 73 81 -1 0 16 0.03 M M 4.3 20 230 M M 5 3 27 240
================================================================================
SM 2977 2385 0 673 11.71 M 269.6 M 60
================================================================================
AV 96.0 76.9 8.7 FASTST M M 2 MAX(MPH)
MISC ----> 29 190 49 140
================================================================================
NOTES:
# LAST OF SEVERAL OCCURRENCES
COLUMN 17 PEAK WIND IN M.P.H.
PRELIMINARY LOCAL CLIMATOLOGICAL DATA (WS FORM: F-6) , PAGE 2
STATION: FORT WORTH MEACHAM
MONTH: AUGUST
YEAR: 2022
LATITUDE: 32 49 N
LONGITUDE: 97 21 W
[TEMPERATURE DATA] [PRECIPITATION DATA] SYMBOLS USED IN COLUMN 16
AVERAGE MONTHLY: 86.5 TOTAL FOR MONTH: 11.71 1 = FOG OR MIST
DPTR FM NORMAL: 1.3 DPTR FM NORMAL: 9.48 2 = FOG REDUCING VISIBILITY
HIGHEST: 105 ON 3 GRTST 24HR 9.56 ON 21-22 TO 1/4 MILE OR LESS
LOWEST: 72 ON 22,25 3 = THUNDER
SNOW, ICE PELLETS, HAIL 4 = ICE PELLETS
TOTAL MONTH: M 5 = HAIL
GRTST 24HR M ON M 6 = FREEZING RAIN OR DRIZZLE
GRTST DEPTH: M ON M 7 = DUSTSTORM OR SANDSTORM:
VSBY 1/2 MILE OR LESS
8 = SMOKE OR HAZE
[NO. OF DAYS WITH] [WEATHER - DAYS WITH] 9 = BLOWING SNOW
X = TORNADO
MAX 32 OR BELOW: 0 0.01 INCH OR MORE: 9
MAX 90 OR ABOVE: 23 0.10 INCH OR MORE: 5
MIN 32 OR BELOW: 0 0.50 INCH OR MORE: 3
MIN 0 OR BELOW: 0 1.00 INCH OR MORE: 3
[HDD (BASE 65) ]
TOTAL THIS MO. 0 CLEAR (SCALE 0-3) 23
DPTR FM NORMAL 0 PTCLDY (SCALE 4-7) 8
TOTAL FM JUL 1 0 CLOUDY (SCALE 8-10) 0
DPTR FM NORMAL 0
[CDD (BASE 65) ]
TOTAL THIS MO. 673
DPTR FM NORMAL 47 [PRESSURE DATA]
TOTAL FM JAN 1 2654 HIGHEST SLP 30.05 ON 31
DPTR FM NORMAL 512 LOWEST SLP 29.71 ON 28
[REMARKS]
#FINAL-08-22#