000
CXUS56 KSGX 100918
CF6FUL
PRELIMINARY LOCAL CLIMATOLOGICAL DATA (WS FORM: F-6)
STATION: FULLERTON AIRPORT CA
MONTH: DECEMBER
YEAR: 2022
LATITUDE: 33 52 N
LONGITUDE: 117 58 W
TEMPERATURE IN F: :PCPN: SNOW: WIND :SUNSHINE: SKY :PK WND
================================================================================
1 2 3 4 5 6A 6B 7 8 9 10 11 12 13 14 15 16 17 18
12Z AVG MX 2MIN
DY MAX MIN AVG DEP HDD CDD WTR SNW DPTH SPD SPD DIR MIN PSBL S-S WX SPD DR
================================================================================
1 63 54 59 1 6 0 T M M 4.1 12 190 M M 8 15 180
2 64 53 59 1 6 0 0.03 M M 3.7 12 60 M M 9 18 14 60
3 74 50 62 4 3 0 0.01 M M 1.3 9 200 M M 3 1 12 200
4 67 51 59 1 6 0 0.06 M M 1.5 8 350 M M 8 1 10 330
5 65 51 58 0 7 0 0.01 M M 2.2 9 240 M M 6 18 14 230
6 62 49 56 -1 9 0 0.00 M M 4.4 12 90 M M 6 8 17 90
7 64 44 54 -3 11 0 0.01 M M 2.3 12 210 M M 2 18 14 200
8 66 43 55 -2 10 0 0.00 M M 1.9 9 290 M M 0 8 17 250
9 65 42 54 -3 11 0 0.00 M M 3.3 9 190 M M 0 13 230
10 66 45 56 -1 9 0 T M M 3.4 10 220 M M 5 18 14 220
11 60 47 54 -3 11 0 1.03 M M 6.7 18 170 M M 7 18 28 160
12 56 45 51 -6 14 0 0.39 M M 4.0 12 80 M M 6 138 13 70
13 62 44 53 -4 12 0 0.00 M M 2.3 10 200 M M 3 8 14 170
14 65 39 52 -4 13 0 0.00 M M 1.9 8 80 M M 0 11 270
15 65 42 54 -2 11 0 0.00 M M 1.1 7 80 M M 4 18 8 120
16 72 47 60 4 5 0 0.00 M M 5.0 17 90 M M 1 8 22 90
17 69 44 57 1 8 0 0.00 M M 3.4 15 70 M M 3 8 19 80
18 65 41 53 -3 12 0 0.00 M M 2.9 10 200 M M 0 8 13 220
19 69 39 54 -2 11 0 0.00 M M 1.1 7 220 M M 0 8 9 230
20 71 40 56 0 9 0 0.00 M M 1.4 8 90 M M 0 10 90
21 76 42 59 3 6 0 0.00 M M 2.1 8 290 M M 0 8 12 300
22 72 45 59 3 6 0 0.00 M M 0.9 7 210 M M 0 8 8 210
23 71 44 58 2 7 0 0.00 M M 2.0 8 80 M M 2 18 10 190
24 82 44 63 7 2 0 0.00 M M 1.4 7 310 M M 0 18 9 310
25 83 48 66 10 0 1 0.00 M M 1.1 8 160 M M 2 8 10 310
26 82 50 66 9 0 1 0.00 M M 1.2 7 90 M M 3 8 8 90
27 67 53 60 3 5 0 0.32 M M 2.3 9 70 M M 6 18 12 80
28 65 53 59 2 6 0 0.08 M M 2.1 10 190 M M 7 1 13 180
29 61 54 58 1 7 0 0.02 M M 3.0 10 120 M M 9 12 120
30 58 55 57 0 8 0 0.10 M M 1.2 6 200 M M 10 1 7 160
31 60 56 58 1 7 0 0.94 M M 7.2 17 170 M M 10 1 27 180
================================================================================
SM 2087 1454 238 2 3.00 M 82.4 M 120
================================================================================
AV 67.3 46.9 2.7 FASTST M M 4 MAX(MPH)
MISC ----> 18 170 28 160
================================================================================
NOTES:
# LAST OF SEVERAL OCCURRENCES
COLUMN 17 PEAK WIND IN M.P.H.
PRELIMINARY LOCAL CLIMATOLOGICAL DATA (WS FORM: F-6) , PAGE 2
STATION: FULLERTON AIRPORT CA
MONTH: DECEMBER
YEAR: 2022
LATITUDE: 33 52 N
LONGITUDE: 117 58 W
[TEMPERATURE DATA] [PRECIPITATION DATA] SYMBOLS USED IN COLUMN 16
AVERAGE MONTHLY: 57.1 TOTAL FOR MONTH: 3.00 1 = FOG OR MIST
DPTR FM NORMAL: 0.2 DPTR FM NORMAL: 1.14 2 = FOG REDUCING VISIBILITY
HIGHEST: 83 ON 25 GRTST 24HR 1.03 ON 11-11 TO 1/4 MILE OR LESS
LOWEST: 39 ON 19,14 3 = THUNDER
SNOW, ICE PELLETS, HAIL 4 = ICE PELLETS
TOTAL MONTH: M 5 = HAIL
GRTST 24HR M ON M 6 = FREEZING RAIN OR DRIZZLE
GRTST DEPTH: M ON M 7 = DUSTSTORM OR SANDSTORM:
VSBY 1/2 MILE OR LESS
8 = SMOKE OR HAZE
[NO. OF DAYS WITH] [WEATHER - DAYS WITH] 9 = BLOWING SNOW
X = TORNADO
MAX 32 OR BELOW: 0 0.01 INCH OR MORE: 12
MAX 90 OR ABOVE: 0 0.10 INCH OR MORE: 5
MIN 32 OR BELOW: 0 0.50 INCH OR MORE: 2
MIN 0 OR BELOW: 0 1.00 INCH OR MORE: 1
[HDD (BASE 65) ]
TOTAL THIS MO. 238 CLEAR (SCALE 0-3) 17
DPTR FM NORMAL -16 PTCLDY (SCALE 4-7) 10
TOTAL FM JUL 1 369 CLOUDY (SCALE 8-10) 4
DPTR FM NORMAL -13
[CDD (BASE 65) ]
TOTAL THIS MO. 2
DPTR FM NORMAL 0 [PRESSURE DATA]
TOTAL FM JAN 1 1841 HIGHEST SLP 30.31 ON 8
DPTR FM NORMAL 333 LOWEST SLP 29.72 ON 31
[REMARKS]
#FINAL-12-22#