000
CXUS53 KIWX 010800
CF6FWA
PRELIMINARY LOCAL CLIMATOLOGICAL DATA (WS FORM: F-6)
STATION: FORT WAYNE
MONTH: MAY
YEAR: 2020
LATITUDE: 41 0 N
LONGITUDE: 85 12 W
TEMPERATURE IN F: :PCPN: SNOW: WIND :SUNSHINE: SKY :PK WND
================================================================================
1 2 3 4 5 6A 6B 7 8 9 10 11 12 13 14 15 16 17 18
12Z AVG MX 2MIN
DY MAX MIN AVG DEP HDD CDD WTR SNW DPTH SPD SPD DIR MIN PSBL S-S WX SPD DR
================================================================================
1 67 41 54 -2 11 0 T 0.0 0 8.0 20 350 M M 5 27 360
2 82 51 67 11 0 2 0.00 0.0 0 12.7 26 260 M M 8 35 280
3 75 47 61 5 4 0 T 0.0 0 8.9 17 300 M M 6 8 23 310
4 63 43 53 -4 12 0 0.00 0.0 0 8.9 18 10 M M 6 25 20
5 52 43 48 -9 17 0 0.04 0.0 0 13.8 22 50 M M 10 32 50
6 61 39 50 -7 15 0 0.00 0.0 0 9.2 18 270 M M 5 37 350
7 68 36 52 -6 13 0 0.00 0.0 0 11.3 29 260 M M 6 43 260
8 53 29 41 -17 24 0 0.00 0.0 0 12.3 26 300 M M 6 8 37 310
9 55 23 39 -19 26 0 0.00 0.0 0 11.3 24 260 M M 2 34 290
10 61 37 49 -9 16 0 0.16 0.0 0 16.3 47 240 M M 8 138 77 240
11 48 31 40 -19 25 0 0.02 T 0 10.2 20 320 M M 8 1 31 310
12 62 29 46 -13 19 0 0.00 0.0 0 8.4 21 260 M M 3 8 26 260
13 68 34 51 -9 14 0 0.00 0.0 0 8.8 20 130 M M 5 26 130
14 75 51 63 3 2 0 0.77 0.0 0 11.0 29 220 M M 10 13 39 240
15 74 53 64 4 1 0 0.05 0.0 0 7.7 15 200 M M 9 13 21 210
16 74 49 62 2 3 0 0.00 0.0 0 7.8 20 70 M M 7 12 26 60
17 65 54 60 -1 5 0 0.81 0.0 0 12.5 17 80 M M 10 18 24 80
18 63 57 60 -1 5 0 1.35 0.0 0 5.8 21 250 M M 10 1 26 240
19 63 54 59 -2 6 0 0.07 0.0 0 16.2 26 100 M M 10 18 38 100
20 60 52 56 -6 9 0 T 0.0 0 15.8 24 70 M M 10 31 110
21 65 50 58 -4 7 0 0.01 0.0 0 9.4 20 80 M M 9 1 27 70
22 72 56 64 2 1 0 0.01 0.0 0 1.9 7 90 M M 8 1 10 170
23 79 52 66 3 0 1 0.00 0.0 0 6.9 15 140 M M 6 1 20 120
24 89 61 75 12 0 10 0.00 0.0 0 8.4 16 190 M M 4 21 260
25 87 64 76 13 0 11 0.00 0.0 0 6.3 18 110 M M 7 3 25 130
26 91 63 77 13 0 12 T 0.0 0 6.5 16 150 M M 3 1 22 140
27 84 66 75 11 0 10 T 0.0 0 5.7 18 160 M M 8 24 140
28 79 64 72 8 0 7 0.38 0.0 0 7.2 25 250 M M 7 13 32 260
29 76 59 68 3 0 3 0.01 0.0 0 9.2 20 340 M M 7 27 330
30 72 50 61 -4 4 0 0.00 0.0 0 9.2 21 350 M M 3 8 27 340
31 69 46 58 -7 7 0 0.00 0.0 0 6.3 17 350 M M 1 22 360
================================================================================
SM 2152 1484 246 56 3.68 T 293.9 M 207
================================================================================
AV 69.4 47.9 9.5 FASTST M M 7 MAX(MPH)
MISC ----> # 47 240 # 77 240
================================================================================
NOTES:
# LAST OF SEVERAL OCCURRENCES
COLUMN 17 PEAK WIND IN M.P.H.
PRELIMINARY LOCAL CLIMATOLOGICAL DATA (WS FORM: F-6) , PAGE 2
STATION: FORT WAYNE
MONTH: MAY
YEAR: 2020
LATITUDE: 41 0 N
LONGITUDE: 85 12 W
[TEMPERATURE DATA] [PRECIPITATION DATA] SYMBOLS USED IN COLUMN 16
AVERAGE MONTHLY: 58.7 TOTAL FOR MONTH: 3.68 1 = FOG OR MIST
DPTR FM NORMAL: -1.8 DPTR FM NORMAL: -0.59 2 = FOG REDUCING VISIBILITY
HIGHEST: 91 ON 26 GRTST 24HR 1.35 ON 18-18 TO 1/4 MILE OR LESS
LOWEST: 23 ON 9 3 = THUNDER
SNOW, ICE PELLETS, HAIL 4 = ICE PELLETS
TOTAL MONTH: T 5 = HAIL
GRTST 24HR T ON 11-11 6 = FREEZING RAIN OR DRIZZLE
GRTST DEPTH: 0 7 = DUSTSTORM OR SANDSTORM:
VSBY 1/2 MILE OR LESS
8 = SMOKE OR HAZE
[NO. OF DAYS WITH] [WEATHER - DAYS WITH] 9 = BLOWING SNOW
X = TORNADO
MAX 32 OR BELOW: 0 0.01 INCH OR MORE: 12
MAX 90 OR ABOVE: 1 0.10 INCH OR MORE: 5
MIN 32 OR BELOW: 4 0.50 INCH OR MORE: 3
MIN 0 OR BELOW: 0 1.00 INCH OR MORE: 1
[HDD (BASE 65) ]
TOTAL THIS MO. 246 CLEAR (SCALE 0-3) 3
DPTR FM NORMAL 56 PTCLDY (SCALE 4-7) 20
TOTAL FM JUL 1 5706 CLOUDY (SCALE 8-10) 8
DPTR FM NORMAL -366
[CDD (BASE 65) ]
TOTAL THIS MO. 56
DPTR FM NORMAL 7 [PRESSURE DATA]
TOTAL FM JAN 1 56 HIGHEST SLP 30.35 ON 31
DPTR FM NORMAL -1 LOWEST SLP 29.69 ON 18
[REMARKS]
#FINAL-05-20#