000
CXUS53 KIWX 010910
CF6FWA
PRELIMINARY LOCAL CLIMATOLOGICAL DATA (WS FORM: F-6)
STATION: FORT WAYNE
MONTH: NOVEMBER
YEAR: 2023
LATITUDE: 41 0 N
LONGITUDE: 85 12 W
TEMPERATURE IN F: :PCPN: SNOW: WIND :SUNSHINE: SKY :PK WND
================================================================================
1 2 3 4 5 6A 6B 7 8 9 10 11 12 13 14 15 16 17 18
12Z AVG MX 2MIN
DY MAX MIN AVG DEP HDD CDD WTR SNW DPTH SPD SPD DIR MIN PSBL S-S WX SPD DR
================================================================================
1 44 24 34 -13 31 0 T T 0 6.6 16 250 M M 7 1 19 250
2 52 31 42 -5 23 0 0.00 0.0 0 11.7 23 230 M M 6 30 210
3 60 38 49 3 16 0 0.00 0.0 0 13.4 26 220 M M 7 35 210
4 63 40 52 6 13 0 T 0.0 0 6.9 16 270 M M 5 19 320
5 59 32 46 1 19 0 0.00 0.0 0 3.8 8 220 M M 3 11 320
6 68 38 53 8 12 0 T 0.0 0 12.3 30 230 M M 7 38 220
7 59 44 52 8 13 0 0.00 0.0 0 8.2 16 270 M M 7 21 280
8 67 42 55 11 10 0 0.02 0.0 0 11.4 22 250 M M 8 1 29 260
9 60 43 52 8 13 0 0.01 0.0 0 10.6 20 280 M M 8 1 27 280
10 54 32 43 0 22 0 0.00 0.0 0 9.8 22 280 M M 4 29 280
11 51 29 40 -3 25 0 0.00 0.0 0 2.7 9 280 M M 3 15 50
12 54 29 42 0 23 0 0.00 0.0 0 6.4 17 130 M M 3 24 140
13 62 33 48 6 17 0 0.00 0.0 0 9.2 20 300 M M 0 29 300
14 59 26 43 1 22 0 0.00 0.0 0 3.9 12 180 M M 1 15 180
15 65 25 45 4 20 0 0.00 0.0 0 6.1 16 240 M M 2 21 230
16 66 35 51 10 14 0 0.00 0.0 0 9.5 23 200 M M 6 29 190
17 60 34 47 7 18 0 T 0.0 0 10.4 20 320 M M 8 1 25 320
18 50 22 36 -4 29 0 0.00 0.0 0 6.4 16 270 M M 0 22 270
19 57 28 43 3 22 0 0.00 0.0 0 4.4 9 220 M M 2 12 50
20 45 34 40 1 25 0 0.04 0.0 0 16.1 29 70 M M 9 38 70
21 50 38 44 5 21 0 0.34 0.0 0 12.9 25 90 M M 10 1 32 90
22 46 37 42 4 23 0 T 0.0 0 9.2 17 260 M M 7 18 22 260
23 49 33 41 3 24 0 0.00 0.0 0 10.4 20 250 M M 4 26 240
24 38 25 32 -6 33 0 0.00 0.0 0 8.4 18 10 M M 7 23 360
25 37 21 29 -8 36 0 0.00 0.0 0 4.9 13 120 M M 6 17 120
26 34 22 28 -9 37 0 0.23 0.4 0 8.0 29 270 M M 8 1 38 270
27 30 19 25 -11 40 0 T T 0 18.0 28 260 M M 9 37 290
28 27 16 22 -14 43 0 T T 0 13.9 22 260 M M 6 28 250
29 42 16 29 -7 36 0 0.00 0.0 0 11.7 21 250 M M 3 29 220
30 55 29 42 6 23 0 0.00 0.0 0 13.5 24 210 M M 7 34 230
================================================================================
SM 1563 915 703 0 0.64 0.4 280.7 M 163
================================================================================
AV 52.1 30.5 9.4 FASTST M M 5 MAX(MPH)
MISC ----> 30 230 # 38 220
================================================================================
NOTES:
# LAST OF SEVERAL OCCURRENCES
COLUMN 17 PEAK WIND IN M.P.H.
PRELIMINARY LOCAL CLIMATOLOGICAL DATA (WS FORM: F-6) , PAGE 2
STATION: FORT WAYNE
MONTH: NOVEMBER
YEAR: 2023
LATITUDE: 41 0 N
LONGITUDE: 85 12 W
[TEMPERATURE DATA] [PRECIPITATION DATA] SYMBOLS USED IN COLUMN 16
AVERAGE MONTHLY: 41.3 TOTAL FOR MONTH: 0.64 1 = FOG OR MIST
DPTR FM NORMAL: 0.2 DPTR FM NORMAL: -2.32 2 = FOG REDUCING VISIBILITY
HIGHEST: 68 ON 6 GRTST 24HR 0.37 ON 20-21 TO 1/4 MILE OR LESS
LOWEST: 16 ON 29,28 3 = THUNDER
SNOW, ICE PELLETS, HAIL 4 = ICE PELLETS
TOTAL MONTH: 0.4 INCH 5 = HAIL
GRTST 24HR 0.4 ON 26-26 6 = FREEZING RAIN OR DRIZZLE
GRTST DEPTH: 0 7 = DUSTSTORM OR SANDSTORM:
VSBY 1/2 MILE OR LESS
8 = SMOKE OR HAZE
[NO. OF DAYS WITH] [WEATHER - DAYS WITH] 9 = BLOWING SNOW
X = TORNADO
MAX 32 OR BELOW: 2 0.01 INCH OR MORE: 5
MAX 90 OR ABOVE: 0 0.10 INCH OR MORE: 2
MIN 32 OR BELOW: 17 0.50 INCH OR MORE: 0
MIN 0 OR BELOW: 0 1.00 INCH OR MORE: 0
[HDD (BASE 65) ]
TOTAL THIS MO. 703 CLEAR (SCALE 0-3) 7
DPTR FM NORMAL -14 PTCLDY (SCALE 4-7) 20
TOTAL FM JUL 1 1093 CLOUDY (SCALE 8-10) 3
DPTR FM NORMAL -104
[CDD (BASE 65) ]
TOTAL THIS MO. 0
DPTR FM NORMAL 0 [PRESSURE DATA]
TOTAL FM JAN 1 766 HIGHEST SLP 30.52 ON 12
DPTR FM NORMAL -83 LOWEST SLP 29.65 ON 8
[REMARKS]
#FINAL-11-23#