000
CXUS54 KTSA 011923
CF6FYV
PRELIMINARY LOCAL CLIMATOLOGICAL DATA (WS FORM: F-6)
STATION: FAYETTEVILLE ARKANSAS
MONTH: NOVEMBER
YEAR: 2021
LATITUDE: 36 0 N
LONGITUDE: 94 10 W
TEMPERATURE IN F: :PCPN: SNOW: WIND :SUNSHINE: SKY :PK WND
================================================================================
1 2 3 4 5 6A 6B 7 8 9 10 11 12 13 14 15 16 17 18
12Z AVG MX 2MIN
DY MAX MIN AVG DEP HDD CDD WTR SNW DPTH SPD SPD DIR MIN PSBL S-S WX SPD DR
================================================================================
1 50 40 45 -7 20 0 0.16 0.0 0 3.2 10 70 M M 7 13 17 60
2 46 41 44 -8 21 0 0.26 0.0 0 4.5 13 90 M M 10 1 18 100
3 52 42 47 -5 18 0 0.18 0.0 0 2.6 9 90 M M 9 1 14 80
4 57 34 46 -5 19 0 0.00 0.0 0 1.3 10 330 M M 4 128 14 330
5 59 28 44 -7 21 0 0.00 0.0 0 1.2 8 300 M M 1 12 12 300
6 64 29 47 -4 18 0 0.00 0.0 0 1.8 9 210 M M 0 14 210
7 72 32 52 2 13 0 0.00 0.0 0 5.0 15 190 M M 0 19 170
8 74 44 59 9 6 0 0.00 0.0 0 7.8 22 190 M M 0 29 190
9 70 45 58 8 7 0 0.00 0.0 0 5.0 18 190 M M 3 26 180
10 72 54 63 14 2 0 0.67 0.0 0 10.0 26 170 M M 8 13 40 170
11 60 38 49 0 16 0 T 0.0 0 7.8 20 300 M M 2 1 26 290
12 53 31 42 -6 23 0 0.15 0.0 0 8.6 22 290 M M 3 1 32 330
13 51 27 39 -9 26 0 0.00 0.0 0 4.9 13 200 M M 0 17 200
14 60 35 48 0 17 0 0.00 0.0 0 4.8 14 340 M M 0 21 340
15 69 31 50 2 15 0 0.00 0.0 0 5.4 17 190 M M 0 24 180
16 77 46 62 15 3 0 0.00 0.0 0 12.5 28 180 M M 0 36 180
17 75 49 62 15 3 0 T 0.0 0 12.2 26 180 M M 6 36 180
18 54 27 41 -5 24 0 0.00 0.0 0 5.7 17 320 M M 1 25 340
19 55 20 38 -8 27 0 0.00 0.0 0 5.5 18 170 M M 0 25 150
20 63 43 53 7 12 0 0.00 0.0 0 6.8 18 190 M M 2 24 170
21 60 32 46 1 19 0 T 0.0 0 5.2 14 350 M M 6 1 18 350
22 59 27 43 -2 22 0 0.00 0.0 0 1.1 9 320 M M 0 12 330
23 65 29 47 2 18 0 0.00 0.0 0 8.3 20 160 M M 0 31 160
24 66 50 58 14 7 0 T 0.0 0 14.7 28 180 M M 4 40 180
25 61 24 43 -1 22 0 0.15 0.0 0 8.3 23 330 M M 5 1 29 340
26 56 22 39 -5 26 0 0.00 0.0 0 5.8 16 180 M M 0 23 240
27 67 36 52 9 13 0 0.00 0.0 0 6.9 20 240 M M 0 30 220
28 59 29 44 1 21 0 0.00 0.0 0 2.0 10 330 M M 0 15 330
29 65 29 47 4 18 0 0.00 0.0 0 6.9 20 200 M M 0 31 220
30 77 36 57 15 8 0 0.00 0.0 0 2.6 10 200 M M 0 12 200
================================================================================
SM 1868 1050 485 0 1.57 0.0 178.4 M 71
================================================================================
AV 62.3 35.0 5.9 FASTST M M 2 MAX(MPH)
MISC ----> # 28 180 # 40 170
================================================================================
NOTES:
# LAST OF SEVERAL OCCURRENCES
COLUMN 17 PEAK WIND IN M.P.H.
PRELIMINARY LOCAL CLIMATOLOGICAL DATA (WS FORM: F-6) , PAGE 2
STATION: FAYETTEVILLE ARKANSAS
MONTH: NOVEMBER
YEAR: 2021
LATITUDE: 36 0 N
LONGITUDE: 94 10 W
[TEMPERATURE DATA] [PRECIPITATION DATA] SYMBOLS USED IN COLUMN 16
AVERAGE MONTHLY: 48.6 TOTAL FOR MONTH: 1.57 1 = FOG OR MIST
DPTR FM NORMAL: 1.3 DPTR FM NORMAL: -2.11 2 = FOG REDUCING VISIBILITY
HIGHEST: 77 ON 30,16 GRTST 24HR 0.67 ON 10-10 TO 1/4 MILE OR LESS
LOWEST: 20 ON 19 3 = THUNDER
SNOW, ICE PELLETS, HAIL 4 = ICE PELLETS
TOTAL MONTH: 0.0 INCH 5 = HAIL
GRTST 24HR 0.0 6 = FREEZING RAIN OR DRIZZLE
GRTST DEPTH: 0 7 = DUSTSTORM OR SANDSTORM:
VSBY 1/2 MILE OR LESS
8 = SMOKE OR HAZE
[NO. OF DAYS WITH] [WEATHER - DAYS WITH] 9 = BLOWING SNOW
X = TORNADO
MAX 32 OR BELOW: 0 0.01 INCH OR MORE: 6
MAX 90 OR ABOVE: 0 0.10 INCH OR MORE: 6
MIN 32 OR BELOW: 15 0.50 INCH OR MORE: 1
MIN 0 OR BELOW: 0 1.00 INCH OR MORE: 0
[HDD (BASE 65) ]
TOTAL THIS MO. 485 CLEAR (SCALE 0-3) 20
DPTR FM NORMAL -47 PTCLDY (SCALE 4-7) 7
TOTAL FM JUL 1 654 CLOUDY (SCALE 8-10) 3
DPTR FM NORMAL -166
[CDD (BASE 65) ]
TOTAL THIS MO. 0
DPTR FM NORMAL -3 [PRESSURE DATA]
TOTAL FM JAN 1 1578 HIGHEST SLP 30.53 ON 18
DPTR FM NORMAL 226 LOWEST SLP 29.71 ON 10
[REMARKS]
#FINAL-11-21#