000
CXUS54 KTSA 021103
CF6FYV
PRELIMINARY LOCAL CLIMATOLOGICAL DATA (WS FORM: F-6)
STATION: FAYETTEVILLE ARKANSAS
MONTH: APRIL
YEAR: 2021
LATITUDE: 36 0 N
LONGITUDE: 94 10 W
TEMPERATURE IN F: :PCPN: SNOW: WIND :SUNSHINE: SKY :PK WND
================================================================================
1 2 3 4 5 6A 6B 7 8 9 10 11 12 13 14 15 16 17 18
12Z AVG MX 2MIN
DY MAX MIN AVG DEP HDD CDD WTR SNW DPTH SPD SPD DIR MIN PSBL S-S WX SPD DR
================================================================================
1 56 26 41 -12 24 0 0.00 0.0 0 3.5 14 350 M M 0 21 10
2 64 26 45 -8 20 0 0.00 0.0 0 7.0 17 180 M M 0 22 180
3 69 41 55 2 10 0 0.00 0.0 0 6.7 17 170 M M 4 23 180
4 75 40 58 4 7 0 0.00 0.0 0 5.5 15 230 M M 1 22 170
5 77 45 61 7 4 0 0.00 0.0 0 8.8 22 180 M M 4 18 29 170
6 74 58 66 12 0 1 0.00 0.0 0 13.9 23 180 M M 3 34 170
7 68 49 59 5 6 0 0.23 0.0 0 12.9 26 170 M M 6 13 38 220
8 73 46 60 5 5 0 0.00 0.0 0 11.3 26 250 M M 4 41 240
9 84 51 68 13 0 3 0.25 0.0 0 8.1 37 280 M M 3 13 59 260
10 56 42 49 -6 16 0 0.00 0.0 0 9.1 21 290 M M 8 27 290
11 79 36 58 2 7 0 0.00 0.0 0 6.2 22 210 M M 0 30 210
12 78 42 60 4 5 0 T 0.0 0 5.0 15 330 M M 3 3 21 30
13 69 50 60 4 5 0 0.18 0.0 0 7.5 15 70 M M 7 13 24 50
14 63 47 55 -1 10 0 0.95 0.0 0 5.4 16 80 M M 8 1 25 90
15 63 44 54 -3 11 0 T 0.0 0 3.0 12 80 M M 3 19 50
16 55 47 51 -6 14 0 0.33 0.0 0 3.0 14 150 M M 10 1 18 110
17 52 41 47 -10 18 0 0.05 0.0 0 6.1 16 340 M M 10 1 23 350
18 62 38 50 -8 15 0 T 0.0 0 5.9 17 310 M M 6 1 25 290
19 70 33 52 -6 13 0 0.00 0.0 0 5.6 17 270 M M 0 23 290
20 46 28 37 -21 28 0 0.05 T 0 5.9 20 340 M M 5 1 30 360
21 57 25 41 -17 24 0 0.00 0.0 0 4.9 20 330 M M 0 18 26 320
22 63 28 46 -13 19 0 0.08 0.0 0 3.9 16 190 M M 4 20 180
23 69 46 58 -1 7 0 1.44 0.0 0 5.9 18 120 M M 9 1 27 120
24 65 45 55 -4 10 0 0.53 0.0 0 6.0 16 350 M M 7 1 23 350
25 75 37 56 -4 9 0 0.00 0.0 0 8.0 21 170 M M 0 1 30 160
26 85 58 72 12 0 7 0.00 0.0 0 15.0 26 180 M M 0 37 170
27 75 65 70 10 0 5 T 0.0 0 10.9 21 180 M M 3 1 32 180
28 72 64 68 8 0 3 2.48 0.0 0 6.8 21 160 M M 9 13 32 180
29 74 48 61 0 4 0 0.06 0.0 0 6.0 16 330 M M 7 13 22 340
30 82 45 64 3 1 0 0.00 0.0 0 2.9 12 320 M M 0 1 14 330
================================================================================
SM 2050 1291 292 19 6.63 T 210.7 M 124
================================================================================
AV 68.3 43.0 7.0 FASTST M M 4 MAX(MPH)
MISC ----> 37 280 59 260
================================================================================
NOTES:
# LAST OF SEVERAL OCCURRENCES
COLUMN 17 PEAK WIND IN M.P.H.
PRELIMINARY LOCAL CLIMATOLOGICAL DATA (WS FORM: F-6) , PAGE 2
STATION: FAYETTEVILLE ARKANSAS
MONTH: APRIL
YEAR: 2021
LATITUDE: 36 0 N
LONGITUDE: 94 10 W
[TEMPERATURE DATA] [PRECIPITATION DATA] SYMBOLS USED IN COLUMN 16
AVERAGE MONTHLY: 55.7 TOTAL FOR MONTH: 6.63 1 = FOG OR MIST
DPTR FM NORMAL: -1.1 DPTR FM NORMAL: 2.06 2 = FOG REDUCING VISIBILITY
HIGHEST: 85 ON 26 GRTST 24HR 2.48 ON 28-28 TO 1/4 MILE OR LESS
LOWEST: 25 ON 21 3 = THUNDER
SNOW, ICE PELLETS, HAIL 4 = ICE PELLETS
TOTAL MONTH: T 5 = HAIL
GRTST 24HR T ON 20-20 6 = FREEZING RAIN OR DRIZZLE
GRTST DEPTH: 0 7 = DUSTSTORM OR SANDSTORM:
VSBY 1/2 MILE OR LESS
8 = SMOKE OR HAZE
[NO. OF DAYS WITH] [WEATHER - DAYS WITH] 9 = BLOWING SNOW
X = TORNADO
MAX 32 OR BELOW: 0 0.01 INCH OR MORE: 12
MAX 90 OR ABOVE: 0 0.10 INCH OR MORE: 8
MIN 32 OR BELOW: 5 0.50 INCH OR MORE: 4
MIN 0 OR BELOW: 0 1.00 INCH OR MORE: 2
[HDD (BASE 65) ]
TOTAL THIS MO. 292 CLEAR (SCALE 0-3) 12
DPTR FM NORMAL 23 PTCLDY (SCALE 4-7) 14
TOTAL FM JUL 1 3930 CLOUDY (SCALE 8-10) 4
DPTR FM NORMAL -167
[CDD (BASE 65) ]
TOTAL THIS MO. 19
DPTR FM NORMAL -5 [PRESSURE DATA]
TOTAL FM JAN 1 20 HIGHEST SLP 30.60 ON 1
DPTR FM NORMAL -8 LOWEST SLP 29.53 ON 9
[REMARKS]
#FINAL-04-21#