000
CXUS54 KTSA 010950
CF6FYV
PRELIMINARY LOCAL CLIMATOLOGICAL DATA (WS FORM: F-6)
STATION: FAYETTEVILLE ARKANSAS
MONTH: NOVEMBER
YEAR: 2020
LATITUDE: 36 0 N
LONGITUDE: 94 10 W
TEMPERATURE IN F: :PCPN: SNOW: WIND :SUNSHINE: SKY :PK WND
================================================================================
1 2 3 4 5 6A 6B 7 8 9 10 11 12 13 14 15 16 17 18
12Z AVG MX 2MIN
DY MAX MIN AVG DEP HDD CDD WTR SNW DPTH SPD SPD DIR MIN PSBL S-S WX SPD DR
================================================================================
1 61 31 46 -7 19 0 0.00 0.0 M 4.4 17 340 M M 0 1 23 340
2 64 28 46 -7 19 0 0.00 0.0 M 4.5 15 220 M M 0 21 190
3 75 37 56 4 9 0 0.00 0.0 M 6.1 15 240 M M 0 24 270
4 73 50 62 10 3 0 0.00 0.0 M 9.5 21 220 M M 0 28 200
5 76 43 60 8 5 0 0.00 0.0 M 3.4 17 170 M M 0 1 23 210
6 73 42 58 7 7 0 0.00 0.0 M 2.5 14 180 M M 1 12 19 200
7 74 38 56 5 9 0 0.00 0.0 M 5.1 17 170 M M 2 1 24 170
8 75 63 69 18 0 4 0.00 0.0 M 11.2 23 170 M M 5 33 170
9 77 66 72 22 0 7 T 0.0 M 12.3 25 180 M M 7 36 160
10 74 35 55 5 10 0 0.15 0.0 M 9.9 26 190 M M 7 12 38 280
11 62 31 47 -2 18 0 0.00 0.0 M 2.3 9 90 M M 0 1 14 10
12 69 30 50 1 15 0 T 0.0 M 3.8 18 210 M M 3 25 200
13 64 35 50 1 15 0 0.00 0.0 M 5.0 18 180 M M 2 24 180
14 71 52 62 14 3 0 0.42 0.0 M 13.6 31 330 M M 6 13 43 310
15 57 31 44 -4 21 0 0.00 0.0 M 8.7 21 300 M M 0 31 290
16 68 28 48 1 17 0 0.00 0.0 0 4.7 18 230 M M 0 28 240
17 71 30 51 4 14 0 0.00 0.0 0 4.0 13 200 M M 0 17 100
18 67 42 55 9 10 0 0.00 0.0 0 11.1 25 200 M M 0 34 180
19 71 55 63 17 2 0 0.00 0.0 M 16.1 28 170 M M 0 40 190
20 72 57 65 19 0 0 0.00 0.0 M 8.1 22 170 M M 5 30 180
21 68 53 61 16 4 0 0.85 0.0 M 6.0 25 300 M M 9 13 36 300
22 53 32 43 -2 22 0 0.16 0.0 M 5.5 14 340 M M 8 12 21 10
23 56 29 43 -1 22 0 0.00 0.0 M 5.3 16 180 M M 5 12 21 170
24 57 47 52 8 13 0 0.49 0.0 0 12.2 22 170 M M 9 13 33 160
25 56 32 44 0 21 0 0.01 0.0 0 8.2 23 270 M M 8 12 33 240
26 65 27 46 3 19 0 0.00 0.0 M 3.1 13 150 M M 2 12 20 170
27 59 36 48 5 17 0 0.00 0.0 M 4.5 17 330 M M 2 22 350
28 56 26 41 -1 24 0 0.00 0.0 M 1.2 12 80 M M 0 16 80
29 46 33 40 -2 25 0 0.08 M M 7.6 23 340 M M 7 1 33 320
30 42 19 31 -11 34 0 0.00 0.0 M 8.4 18 330 M M 0 27 340
================================================================================
SM 1952 1158 397 11 2.16 0.0 208.3 M 88
================================================================================
AV 65.1 38.6 6.9 FASTST M M 3 MAX(MPH)
MISC ----> 31 330 43 310
================================================================================
NOTES:
# LAST OF SEVERAL OCCURRENCES
COLUMN 17 PEAK WIND IN M.P.H.
PRELIMINARY LOCAL CLIMATOLOGICAL DATA (WS FORM: F-6) , PAGE 2
STATION: FAYETTEVILLE ARKANSAS
MONTH: NOVEMBER
YEAR: 2020
LATITUDE: 36 0 N
LONGITUDE: 94 10 W
[TEMPERATURE DATA] [PRECIPITATION DATA] SYMBOLS USED IN COLUMN 16
AVERAGE MONTHLY: 51.8 TOTAL FOR MONTH: 2.16 1 = FOG OR MIST
DPTR FM NORMAL: 4.4 DPTR FM NORMAL: -2.07 2 = FOG REDUCING VISIBILITY
HIGHEST: 77 ON 9 GRTST 24HR 1.01 ON 21-22 TO 1/4 MILE OR LESS
LOWEST: 19 ON 30 3 = THUNDER
SNOW, ICE PELLETS, HAIL 4 = ICE PELLETS
TOTAL MONTH: 0.0 INCH 5 = HAIL
GRTST 24HR 0.0 6 = FREEZING RAIN OR DRIZZLE
GRTST DEPTH: 0 7 = DUSTSTORM OR SANDSTORM:
VSBY 1/2 MILE OR LESS
8 = SMOKE OR HAZE
[NO. OF DAYS WITH] [WEATHER - DAYS WITH] 9 = BLOWING SNOW
X = TORNADO
MAX 32 OR BELOW: 0 0.01 INCH OR MORE: 7
MAX 90 OR ABOVE: 0 0.10 INCH OR MORE: 5
MIN 32 OR BELOW: 13 0.50 INCH OR MORE: 1
MIN 0 OR BELOW: 0 1.00 INCH OR MORE: 0
[HDD (BASE 65) ]
TOTAL THIS MO. 397 CLEAR (SCALE 0-3) 19
DPTR FM NORMAL -132 PTCLDY (SCALE 4-7) 8
TOTAL FM JUL 1 710 CLOUDY (SCALE 8-10) 3
DPTR FM NORMAL -119
[CDD (BASE 65) ]
TOTAL THIS MO. 11
DPTR FM NORMAL 9 [PRESSURE DATA]
TOTAL FM JAN 1 1461 HIGHEST SLP 30.55 ON 17
DPTR FM NORMAL 153 LOWEST SLP 29.60 ON 14
[REMARKS]
#FINAL-11-20#