000
CXUS53 KUNR 010930
CF6GCC
PRELIMINARY LOCAL CLIMATOLOGICAL DATA (WS FORM: F-6)
STATION: GILLETTE AIRPORT WY
MONTH: JUNE
YEAR: 2023
LATITUDE: 44 20 N
LONGITUDE: 105 32 W
TEMPERATURE IN F: :PCPN: SNOW: WIND :SUNSHINE: SKY :PK WND
================================================================================
1 2 3 4 5 6A 6B 7 8 9 10 11 12 13 14 15 16 17 18
12Z AVG MX 2MIN
DY MAX MIN AVG DEP HDD CDD WTR SNW DPTH SPD SPD DIR MIN PSBL S-S WX SPD DR
================================================================================
1 75 51 63 5 2 0 0.64 M M 9.7 29 170 M M 4 138 38 170
2 71 52 62 4 3 0 0.43 M M 4.8 18 250 M M 7 138 26 250
3 75 50 63 5 2 0 0.00 M M 6.9 18 140 M M 5 12 25 150
4 77 55 66 7 0 1 0.00 M M 10.9 23 160 M M 2 30 160
5 78 49 64 5 1 0 0.00 M M 12.9 26 150 M M 0 36 150
6 82 54 68 9 0 3 0.00 M M 8.1 17 170 M M 1 23 170
7 84 52 68 8 0 3 T M M 4.7 20 300 M M 2 3 27 250
8 81 51 66 6 0 1 0.08 M M 5.8 22 220 M M 3 3 32 210
9 80 49 65 5 0 0 0.00 M M 6.7 24 30 M M 0 31 10
10 59 54 57 -4 8 0 0.78 M M 6.2 16 270 M M 9 1 23 270
11 68 50 59 -2 6 0 0.00 M M 8.4 17 160 M M 3 1 24 170
12 73 51 62 1 3 0 0.48 M M 9.4 25 50 M M 4 13 35 60
13 75 49 62 0 3 0 0.00 M M 2.9 10 170 M M 0 14 170
14 80 53 67 5 0 2 T M M 9.6 21 290 M M 2 3 30 280
15 60 49 55 -7 10 0 0.30 M M 11.4 22 300 M M 9 13 28 300
16 60 44 52 -10 13 0 0.02 M M 7.8 14 330 M M 7 18 330
17 75 44 60 -3 5 0 0.00 M M 4.2 14 310 M M 1 22 280
18 79 47 63 0 2 0 T M M 10.9 29 210 M M 0 37 200
19 88 56 72 8 0 7 0.03 M M 8.9 26 200 M M 3 1 36 200
20 76 53 65 1 0 0 0.17 M M 9.8 26 310 M M 6 13 35 310
21 66 49 58 -6 7 0 0.01 M M 7.4 17 350 M M 9 3 23 350
22 68 52 60 -5 5 0 0.00 M M 8.9 20 340 M M 8 1 27 340
23 71 44 58 -7 7 0 0.11 M M 10.4 26 250 M M 4 13 37 260
24 60 43 52 -13 13 0 0.25 M M 9.1 23 300 M M 8 18 31 290
25 76 44 60 -6 5 0 0.00 M M 2.2 9 350 M M 0 14 340
26 77 51 64 -2 1 0 0.03 M M 8.7 22 180 M M 2 3 41 230
27 71 51 61 -5 4 0 0.34 M M 4.7 22 280 M M 3 13 31 270
28 77 51 64 -3 1 0 0.21 M M 4.2 17 20 M M 3 3 22 10
29 77 51 64 -3 1 0 0.00 M M 6.3 23 180 M M 3 3 32 180
30 77 52 65 -2 0 0 0.00 M M 3.6 12 130 M M 1 3 15 110
================================================================================
SM 2216 1501 102 17 3.88 M 225.5 M 109
================================================================================
AV 73.9 50.0 7.5 FASTST M M 4 MAX(MPH)
MISC ----> # 29 170 41 230
================================================================================
NOTES:
# LAST OF SEVERAL OCCURRENCES
COLUMN 17 PEAK WIND IN M.P.H.
PRELIMINARY LOCAL CLIMATOLOGICAL DATA (WS FORM: F-6) , PAGE 2
STATION: GILLETTE AIRPORT WY
MONTH: JUNE
YEAR: 2023
LATITUDE: 44 20 N
LONGITUDE: 105 32 W
[TEMPERATURE DATA] [PRECIPITATION DATA] SYMBOLS USED IN COLUMN 16
AVERAGE MONTHLY: 62.0 TOTAL FOR MONTH: 3.88 1 = FOG OR MIST
DPTR FM NORMAL: -0.5 DPTR FM NORMAL: 1.85 2 = FOG REDUCING VISIBILITY
HIGHEST: 88 ON 19 GRTST 24HR 1.01 ON 1- 2 TO 1/4 MILE OR LESS
LOWEST: 43 ON 24 3 = THUNDER
SNOW, ICE PELLETS, HAIL 4 = ICE PELLETS
TOTAL MONTH: M 5 = HAIL
GRTST 24HR M ON M 6 = FREEZING RAIN OR DRIZZLE
GRTST DEPTH: M ON M 7 = DUSTSTORM OR SANDSTORM:
VSBY 1/2 MILE OR LESS
8 = SMOKE OR HAZE
[NO. OF DAYS WITH] [WEATHER - DAYS WITH] 9 = BLOWING SNOW
X = TORNADO
MAX 32 OR BELOW: 0 0.01 INCH OR MORE: 15
MAX 90 OR ABOVE: 0 0.10 INCH OR MORE: 10
MIN 32 OR BELOW: 0 0.50 INCH OR MORE: 2
MIN 0 OR BELOW: 0 1.00 INCH OR MORE: 0
[HDD (BASE 65) ]
TOTAL THIS MO. 102 CLEAR (SCALE 0-3) 17
DPTR FM NORMAL -36 PTCLDY (SCALE 4-7) 9
TOTAL FM JUL 1 7642 CLOUDY (SCALE 8-10) 4
DPTR FM NORMAL 145
[CDD (BASE 65) ]
TOTAL THIS MO. 17
DPTR FM NORMAL -45 [PRESSURE DATA]
TOTAL FM JAN 1 24 HIGHEST SLP 30.18 ON 16
DPTR FM NORMAL -45 LOWEST SLP 29.44 ON 18
[REMARKS]
#FINAL-06-23#