000
CXUS53 KDDC 021407
CF6GCK
PRELIMINARY LOCAL CLIMATOLOGICAL DATA (WS FORM: F-6)
STATION: GARDEN CITY REGIONAL ARPT KS
MONTH: SEPTEMBER
YEAR: 2023
LATITUDE: 37 55 N
LONGITUDE: 100 43 W
TEMPERATURE IN F: :PCPN: SNOW: WIND :SUNSHINE: SKY :PK WND
================================================================================
1 2 3 4 5 6A 6B 7 8 9 10 11 12 13 14 15 16 17 18
12Z AVG MX 2MIN
DY MAX MIN AVG DEP HDD CDD WTR SNW DPTH SPD SPD DIR MIN PSBL S-S WX SPD DR
================================================================================
1 98 62 80 7 0 15 0.00 M M 14.5 24 150 M M 0 33 190
2 99 62 81 8 0 16 0.00 M M 12.3 22 190 M M 0 29 190
3 97 60 79 6 0 14 0.00 M M 10.9 20 140 M M 0 25 150
4 101 62 82 10 0 17 0.00 M M 12.5 22 200 M M 0 31 200
5 88 58 73 1 0 8 0.00 M M 14.8 30 360 M M 0 8 40 350
6 82 49 66 -6 0 1 0.00 M M 7.0 16 50 M M 0 18 22 60
7 96 62 79 7 0 14 0.00 M M 11.4 25 180 M M 0 8 34 190
8 93 57 75 4 0 10 0.00 M M 10.4 22 30 M M 0 18 28 30
9 87 58 73 2 0 8 0.00 M M 11.3 20 190 M M 0 1 27 150
10 82 58 70 -1 0 5 1.58 M M 15.4 40 90 M M 6 138 52 90
11 62 50 56 -14 9 0 0.40 M M 9.8 21 40 M M 9 12 30 40
12 69 47 58 -12 7 0 0.00 M M 5.6 12 180 M M 5 12 16 150
13 71 53 62 -8 3 0 0.00 M M 10.6 21 150 M M 8 28 150
14 69 60 65 -4 0 0 0.01 M M 8.6 15 140 M M 10 1 26 110
15 74 61 68 -1 0 3 T M M 7.4 18 40 M M 9 1 25 10
16 78 54 66 -3 0 1 0.00 M M 5.1 12 340 M M 1 1 18 330
17 84 50 67 -1 0 2 0.00 M M 7.9 14 210 M M 0 18 20 220
18 87 54 71 3 0 6 0.00 M M 10.3 21 190 M M 0 28 200
19 87 57 72 4 0 7 T M M 9.5 35 130 M M 1 3 60 150
20 87 56 72 5 0 7 0.00 M M 7.0 15 150 M M 0 20 170
21 90 64 77 10 0 12 T M M 13.8 26 150 M M 1 1 36 200
22 88 59 74 8 0 9 0.00 M M 6.8 15 200 M M 0 21 200
23 81 52 67 1 0 2 0.00 M M 12.6 31 10 M M 1 12 39 10
24 82 46 64 -2 1 0 0.00 M M 4.6 12 10 M M 0 8 13 50
25 87 48 68 3 0 3 0.00 M M 6.3 13 240 M M 0 8 18 200
26 91 54 73 8 0 8 T M M 10.5 23 220 M M 1 3 32 230
27 89 54 72 8 0 7 0.00 M M 8.7 15 140 M M 0 20 140
28 92 59 76 12 0 11 0.00 M M 15.8 32 190 M M 0 45 180
29 90 62 76 13 0 11 0.00 M M 12.1 24 180 M M 0 8 32 180
30 91 61 76 13 0 11 0.00 M M 13.8 30 190 M M 0 40 180
================================================================================
SM 2572 1689 20 208 1.99 M 307.3 M 52
================================================================================
AV 85.7 56.3 10.2 FASTST M M 2 MAX(MPH)
MISC ----> 40 90 60 150
================================================================================
NOTES:
# LAST OF SEVERAL OCCURRENCES
COLUMN 17 PEAK WIND IN M.P.H.
PRELIMINARY LOCAL CLIMATOLOGICAL DATA (WS FORM: F-6) , PAGE 2
STATION: GARDEN CITY REGIONAL ARPT KS
MONTH: SEPTEMBER
YEAR: 2023
LATITUDE: 37 55 N
LONGITUDE: 100 43 W
[TEMPERATURE DATA] [PRECIPITATION DATA] SYMBOLS USED IN COLUMN 16
AVERAGE MONTHLY: 71.0 TOTAL FOR MONTH: 1.99 1 = FOG OR MIST
DPTR FM NORMAL: 2.4 DPTR FM NORMAL: 0.62 2 = FOG REDUCING VISIBILITY
HIGHEST: 101 ON 4 GRTST 24HR 1.58 ON 10-10 TO 1/4 MILE OR LESS
LOWEST: 46 ON 24 3 = THUNDER
4 = ICE PELLETS
5 = HAIL
6 = FREEZING RAIN OR DRIZZLE
7 = DUSTSTORM OR SANDSTORM:
VSBY 1/2 MILE OR LESS
8 = SMOKE OR HAZE
[NO. OF DAYS WITH] [WEATHER - DAYS WITH] 9 = BLOWING SNOW
X = TORNADO
MAX 32 OR BELOW: 0 0.01 INCH OR MORE: 3
MAX 90 OR ABOVE: 11 0.10 INCH OR MORE: 2
MIN 32 OR BELOW: 0 0.50 INCH OR MORE: 1
MIN 0 OR BELOW: 0 1.00 INCH OR MORE: 1
[HDD (BASE 65) ]
TOTAL THIS MO. 20 CLEAR (SCALE 0-3) 24
DPTR FM NORMAL -39 PTCLDY (SCALE 4-7) 3
TOTAL FM JUL 1 20 CLOUDY (SCALE 8-10) 3
DPTR FM NORMAL -43
[CDD (BASE 65) ]
TOTAL THIS MO. 208
DPTR FM NORMAL 42 [PRESSURE DATA]
TOTAL FM JAN 1 1187 HIGHEST SLP 30.28 ON 10
DPTR FM NORMAL -116 LOWEST SLP 29.45 ON 4
[REMARKS]
#FINAL-09-23#