000
CXUS56 KFGZ 010900
CF6GCN
PRELIMINARY LOCAL CLIMATOLOGICAL DATA (WS FORM: F-6)
STATION: GRAND CANYON AZ AIRPORT
MONTH: JULY
YEAR: 2020
LATITUDE: 35 57 N
LONGITUDE: 112 9 W
TEMPERATURE IN F: :PCPN: SNOW: WIND :SUNSHINE: SKY :PK WND
================================================================================
1 2 3 4 5 6A 6B 7 8 9 10 11 12 13 14 15 16 17 18
12Z AVG MX 2MIN
DY MAX MIN AVG DEP HDD CDD WTR SNW DPTH SPD SPD DIR MIN PSBL S-S WX SPD DR
================================================================================
1 80 34 57 -6 8 0 0.00 M M 8.3 28 210 M M 0 35 200
2 83 39 61 -2 4 0 0.00 M M 9.9 23 220 M M 1 33 210
3 81 46 64 0 1 0 0.30 M M 3.1 22 260 M M 4 13 30 260
4 86 46 66 2 0 1 0.00 M M 4.2 20 230 M M 1 29 220
5 90 44 67 3 0 2 0.00 M M 6.9 22 220 M M 0 30 210
6 89 42 66 2 0 1 0.00 M M 8.3 26 210 M M 0 34 210
7 88 34 61 -4 4 0 0.00 M M 9.8 28 230 M M 0 36 230
8 89 41 65 0 0 0 0.00 M M 10.2 29 220 M M 0 40 220
9 89 41 65 0 0 0 0.00 M M 9.3 29 210 M M 0 8 39 210
10 92 44 68 3 0 3 0.00 M M 5.3 20 220 M M 1 8 27 220
11 95 52 74 9 0 9 T M M 5.8 21 210 M M 1 3 29 140
12 95 53 74 9 0 9 0.01 M M 4.2 25 210 M M 1 32 200
13 90 50 70 4 0 5 0.03 M M 9.8 29 220 M M 1 3 39 210
14 89 46 68 2 0 3 0.00 M M 8.7 26 220 M M 1 36 210
15 89 46 68 2 0 3 T M M 6.7 21 230 M M 2 3 27 220
16 88 51 70 4 0 5 T M M 2.8 17 210 M M 2 3 23 200
17 89 47 68 2 0 3 0.00 M M 5.3 18 210 M M 2 23 210
18 93 46 70 4 0 5 0.00 M M 4.7 20 140 M M 0 3 32 120
19 90 48 69 3 0 4 0.00 M M 4.6 26 220 M M 0 36 210
20 87 52 70 4 0 5 0.00 0.0 0 7.1 22 220 M M 3 8 28 220
21 84 50 67 1 0 2 0.04 M M 5.0 24 220 M M 5 3 36 220
22 87 48 68 2 0 3 T M M 5.0 20 250 M M 4 3 35 230
23 81 48 65 -1 0 0 0.28 M 0 5.5 17 50 M M 6 13 24 190
24 76 53 65 -2 0 0 0.14 M M 3.2 17 260 M M 6 13 27 290
25 81 47 64 -3 1 0 0.00 M M 2.7 18 50 M M 3 22 50
26 81 50 66 -1 0 1 T M M 4.8 18 150 M M 4 3 23 150
27 89 51 70 3 0 5 0.00 M M 5.7 20 230 M M 2 3 27 210
28 90 46 68 1 0 3 0.00 M M 5.7 20 220 M M 0 27 220
29 92 44 68 1 0 3 0.00 M M 5.7 22 220 M M 0 34 220
30 95 45 70 4 0 5 0.00 M M 3.8 16 260 M M 0 22 270
31 97 48 73 7 0 8 0.00 M M 3.7 18 230 M M 0 23 210
================================================================================
SM 2725 1432 18 88 0.80 0.0 185.8 M 50
================================================================================
AV 87.9 46.2 6.0 FASTST M M 2 MAX(MPH)
MISC ----> # 29 220 # 40 220
================================================================================
NOTES:
# LAST OF SEVERAL OCCURRENCES
COLUMN 17 PEAK WIND IN M.P.H.
PRELIMINARY LOCAL CLIMATOLOGICAL DATA (WS FORM: F-6) , PAGE 2
STATION: GRAND CANYON AZ AIRPORT
MONTH: JULY
YEAR: 2020
LATITUDE: 35 57 N
LONGITUDE: 112 9 W
[TEMPERATURE DATA] [PRECIPITATION DATA] SYMBOLS USED IN COLUMN 16
AVERAGE MONTHLY: 67.1 TOTAL FOR MONTH: 0.80 1 = FOG OR MIST
DPTR FM NORMAL: 1.5 DPTR FM NORMAL: -0.98 2 = FOG REDUCING VISIBILITY
HIGHEST: 97 ON 31 GRTST 24HR 0.30 ON 3- 3 TO 1/4 MILE OR LESS
LOWEST: 34 ON 7, 1 3 = THUNDER
SNOW, ICE PELLETS, HAIL 4 = ICE PELLETS
TOTAL MONTH: 0.0 INCH 5 = HAIL
GRTST 24HR 0.0 6 = FREEZING RAIN OR DRIZZLE
GRTST DEPTH: 0 7 = DUSTSTORM OR SANDSTORM:
VSBY 1/2 MILE OR LESS
8 = SMOKE OR HAZE
[NO. OF DAYS WITH] [WEATHER - DAYS WITH] 9 = BLOWING SNOW
X = TORNADO
MAX 32 OR BELOW: 0 0.01 INCH OR MORE: 6
MAX 90 OR ABOVE: 11 0.10 INCH OR MORE: 3
MIN 32 OR BELOW: 0 0.50 INCH OR MORE: 0
MIN 0 OR BELOW: 0 1.00 INCH OR MORE: 0
[HDD (BASE 65) ]
TOTAL THIS MO. 18 CLEAR (SCALE 0-3) 24
DPTR FM NORMAL -18 PTCLDY (SCALE 4-7) 7
TOTAL FM JUL 1 18 CLOUDY (SCALE 8-10) 0
DPTR FM NORMAL -18
[CDD (BASE 65) ]
TOTAL THIS MO. 88
DPTR FM NORMAL 36 [PRESSURE DATA]
TOTAL FM JAN 1 97 HIGHEST SLP M ON M
DPTR FM NORMAL 43 LOWEST SLP 29.81 ON 21
[REMARKS]
#FINAL-07-20#