000
CXUS56 KFGZ 010910
CF6GCN
PRELIMINARY LOCAL CLIMATOLOGICAL DATA (WS FORM: F-6)
STATION: GRAND CANYON AZ AIRPORT
MONTH: OCTOBER
YEAR: 2023
LATITUDE: 35 57 N
LONGITUDE: 112 9 W
TEMPERATURE IN F: :PCPN: SNOW: WIND :SUNSHINE: SKY :PK WND
================================================================================
1 2 3 4 5 6A 6B 7 8 9 10 11 12 13 14 15 16 17 18
12Z AVG MX 2MIN
DY MAX MIN AVG DEP HDD CDD WTR SNW DPTH SPD SPD DIR MIN PSBL S-S WX SPD DR
================================================================================
1 62 39 51 -2 14 0 0.13 M M 7.9 24 220 M M 7 13 37 210
2 60 35 48 -5 17 0 0.01 M M 4.8 25 220 M M 6 1 35 210
3 64 29 47 -5 18 0 0.00 M M 1.5 13 220 M M 0 17 220
4 69 31 50 -2 15 0 0.00 M M 4.6 14 60 M M 0 17 50
5 72 30 51 -1 14 0 0.00 M M 7.1 22 40 M M 0 29 50
6 75 33 54 3 11 0 0.00 M M 7.6 23 60 M M 0 31 60
7 78 41 60 9 5 0 0.00 M M 5.4 13 70 M M 1 20 180
8 77 39 58 8 7 0 T M M 4.2 21 210 M M 2 3 28 200
9 75 35 55 5 10 0 T M M 3.0 17 50 M M 3 28 190
10 75 36 56 6 9 0 0.00 M M 8.6 25 210 M M 0 36 220
11 70 46 58 9 7 0 0.00 M M 10.9 28 230 M M 0 40 220
12 58 27 43 -6 22 0 0.00 M M 3.9 13 290 M M 0 23 300
13 66 23 45 -4 20 0 0.00 M M 4.1 15 60 M M 0 20 80
14 71 28 50 2 15 0 0.00 M M 2.5 10 200 M M 0 15 170
15 74 30 52 4 13 0 0.00 M M 5.5 17 50 M M 0 22 50
16 80 33 57 9 8 0 0.00 M M 4.1 12 220 M M 0 16 210
17 78 34 56 9 9 0 0.00 M M 2.4 18 230 M M 0 25 340
18 81 33 57 10 8 0 0.00 M M 2.5 12 360 M M 0 17 360
19 82 34 58 11 7 0 0.00 M M 3.8 13 40 M M 0 16 360
20 81 33 57 11 8 0 0.00 M M 3.6 17 220 M M 0 25 190
21 77 33 55 9 10 0 0.00 M M 2.2 16 230 M M 0 26 250
22 75 31 53 7 12 0 0.00 M M 7.3 23 220 M M 0 48 250
23 69 31 50 5 15 0 0.00 M M 6.3 23 230 M M 0 32 220
24 67 28 48 3 17 0 0.00 M M 3.1 17 220 M M 2 23 220
25 65 26 46 1 19 0 0.00 M M 8.5 24 210 M M 0 34 230
26 65 30 48 4 17 0 0.00 M M 8.9 25 220 M M 4 38 220
27 64 27 46 2 19 0 0.00 M M 7.5 23 210 M M 5 35 210
28 62 27 45 1 20 0 0.00 M M 6.5 23 220 M M 3 39 210
29 47 12 30 -14 35 0 0.00 M M 9.4 23 50 M M 0 30 50
30 50 20 35 -8 30 0 0.00 M M 9.1 22 60 M M 0 33 70
31 55 20 38 -5 27 0 0.00 M M 8.6 21 40 M M 0 28 60
================================================================================
SM 2144 954 458 0 0.14 M 175.4 M 33
================================================================================
AV 69.2 30.8 5.7 FASTST M M 1 MAX(MPH)
MISC ----> 28 230 48 250
================================================================================
NOTES:
# LAST OF SEVERAL OCCURRENCES
COLUMN 17 PEAK WIND IN M.P.H.
PRELIMINARY LOCAL CLIMATOLOGICAL DATA (WS FORM: F-6) , PAGE 2
STATION: GRAND CANYON AZ AIRPORT
MONTH: OCTOBER
YEAR: 2023
LATITUDE: 35 57 N
LONGITUDE: 112 9 W
[TEMPERATURE DATA] [PRECIPITATION DATA] SYMBOLS USED IN COLUMN 16
AVERAGE MONTHLY: 50.0 TOTAL FOR MONTH: 0.14 1 = FOG OR MIST
DPTR FM NORMAL: 2.2 DPTR FM NORMAL: -1.20 2 = FOG REDUCING VISIBILITY
HIGHEST: 82 ON 19 GRTST 24HR 0.45 ON 30- 1 TO 1/4 MILE OR LESS
LOWEST: 12 ON 29 3 = THUNDER
SNOW, ICE PELLETS, HAIL 4 = ICE PELLETS
TOTAL MONTH: M 5 = HAIL
GRTST 24HR M ON M 6 = FREEZING RAIN OR DRIZZLE
GRTST DEPTH: M ON M 7 = DUSTSTORM OR SANDSTORM:
VSBY 1/2 MILE OR LESS
8 = SMOKE OR HAZE
[NO. OF DAYS WITH] [WEATHER - DAYS WITH] 9 = BLOWING SNOW
X = TORNADO
MAX 32 OR BELOW: 0 0.01 INCH OR MORE: 2
MAX 90 OR ABOVE: 0 0.10 INCH OR MORE: 1
MIN 32 OR BELOW: 17 0.50 INCH OR MORE: 0
MIN 0 OR BELOW: 0 1.00 INCH OR MORE: 0
[HDD (BASE 65) ]
TOTAL THIS MO. 458 CLEAR (SCALE 0-3) 27
DPTR FM NORMAL -75 PTCLDY (SCALE 4-7) 4
TOTAL FM JUL 1 621 CLOUDY (SCALE 8-10) 0
DPTR FM NORMAL -157
[CDD (BASE 65) ]
TOTAL THIS MO. 0
DPTR FM NORMAL 0 [PRESSURE DATA]
TOTAL FM JAN 1 313 HIGHEST SLP M ON M
DPTR FM NORMAL 152 LOWEST SLP 29.40 ON 11
[REMARKS]
#FINAL-10-23#