000
CXUS55 KRIW 051203
CF6GEY
PRELIMINARY LOCAL CLIMATOLOGICAL DATA (WS FORM: F-6)
STATION: GREYBULL WY
MONTH: JULY
YEAR: 2020
LATITUDE: 44 30 N
LONGITUDE: 108 4 W
TEMPERATURE IN F: :PCPN: SNOW: WIND :SUNSHINE: SKY :PK WND
================================================================================
1 2 3 4 5 6A 6B 7 8 9 10 11 12 13 14 15 16 17 18
12Z AVG MX 2MIN
DY MAX MIN AVG DEP HDD CDD WTR SNW DPTH SPD SPD DIR MIN PSBL S-S WX SPD DR
================================================================================
1 83 50 67 -4 0 2 0.00 M M 7.7 25 280 M M 1 34 290
2 89 60 75 4 0 10 0.01 M M 8.1 24 340 M M 0 3 32 330
3 94 53 74 2 0 9 0.00 M M 8.4 26 310 M M 0 36 310
4 90 58 74 2 0 9 0.00 M M 8.3 26 300 M M 0 34 300
5 90 59 75 3 0 10 0.00 M M 8.3 23 300 M M 0 30 300
6 94 56 75 3 0 10 0.00 M M 7.0 23 330 M M 0 30 340
7 97 58 78 6 0 13 0.00 M M 10.0 32 280 M M 0 38 45 290
8 87 51 69 -4 0 4 0.00 M M 6.3 21 340 M M 0 26 350
9 91 53 72 -1 0 7 0.00 M M 5.3 22 200 M M 0 32 210
10 91 57 74 1 0 9 0.00 M M 11.1 25 330 M M 0 32 330
11 94 55 75 2 0 10 0.00 M M 4.1 14 360 M M 0 8 16 350
12 102 56 79 5 0 14 0.00 M M 8.1 21 330 M M 0 31 250
13 81 62 72 -2 0 7 0.00 M M 12.0 28 330 M M 2 37 330
14 83 55 69 -5 0 4 0.00 M M 6.3 16 340 M M 2 22 340
15 90 48 69 -5 0 4 0.00 M M 6.5 18 330 M M 0 23 330
16 94 56 75 1 0 10 0.00 M M 5.7 15 160 M M 0 8 23 150
17 97 60 79 5 0 14 0.00 M M 6.5 21 310 M M 0 27 320
18 87 66 77 3 0 12 0.00 M M 11.2 24 310 M M 0 30 320
19 92 55 74 0 0 9 0.00 M M 8.3 25 330 M M 0 32 340
20 87 58 73 -2 0 8 0.00 M M 10.8 23 330 M M 0 30 360
21 93 58 76 1 0 11 0.00 M M 4.5 13 170 M M 0 20 170
22 100 59 80 5 0 15 0.00 M M 4.4 13 230 M M 0 8 17 170
23 90 71 81 6 0 16 T M M 8.5 26 320 M M 3 3 35 310
24 93 62 78 3 0 13 0.00 M M 6.9 24 280 M M 0 33 180
25 92 59 76 1 0 11 0.11 M M 5.7 38 340 M M 0 3 53 330
26 92 55 74 -1 0 9 0.00 M M 6.3 20 340 M M 0 24 340
27 95 59 77 2 0 12 0.00 M M 5.9 41 200 M M 0 54 220
28 90 61 76 1 0 11 T M M 4.8 23 270 M M 2 29 110
29 85 63 74 -1 0 9 0.04 M M 3.0 17 30 M M 5 3 28 20
30 91 56 74 -1 0 9 0.00 M M 3.9 14 100 M M 0 20 100
31 97 58 78 3 0 13 0.00 M M 4.2 13 330 M M 0 17 340
================================================================================
SM 2831 1787 0 304 0.16 M 218.1 M 15
================================================================================
AV 91.3 57.7 7.0 FASTST M M 0 MAX(MPH)
MISC ----> # 41 200 # 54 220
================================================================================
NOTES:
# LAST OF SEVERAL OCCURRENCES
COLUMN 17 PEAK WIND IN M.P.H.
PRELIMINARY LOCAL CLIMATOLOGICAL DATA (WS FORM: F-6) , PAGE 2
STATION: GREYBULL WY
MONTH: JULY
YEAR: 2020
LATITUDE: 44 30 N
LONGITUDE: 108 4 W
[TEMPERATURE DATA] [PRECIPITATION DATA] SYMBOLS USED IN COLUMN 16
AVERAGE MONTHLY: 74.5 TOTAL FOR MONTH: 0.16 1 = FOG OR MIST
DPTR FM NORMAL: 0.8 DPTR FM NORMAL: -0.50 2 = FOG REDUCING VISIBILITY
HIGHEST: 102 ON 12 GRTST 24HR 0.11 ON 25-25 TO 1/4 MILE OR LESS
LOWEST: 48 ON 15 3 = THUNDER
SNOW, ICE PELLETS, HAIL 4 = ICE PELLETS
TOTAL MONTH: M 5 = HAIL
GRTST 24HR M ON M 6 = FREEZING RAIN OR DRIZZLE
GRTST DEPTH: M ON M 7 = DUSTSTORM OR SANDSTORM:
VSBY 1/2 MILE OR LESS
8 = SMOKE OR HAZE
[NO. OF DAYS WITH] [WEATHER - DAYS WITH] 9 = BLOWING SNOW
X = TORNADO
MAX 32 OR BELOW: 0 0.01 INCH OR MORE: 3
MAX 90 OR ABOVE: 23 0.10 INCH OR MORE: 1
MIN 32 OR BELOW: 0 0.50 INCH OR MORE: 0
MIN 0 OR BELOW: 0 1.00 INCH OR MORE: 0
[HDD (BASE 65) ]
TOTAL THIS MO. 0 CLEAR (SCALE 0-3) 29
DPTR FM NORMAL -6 PTCLDY (SCALE 4-7) 2
TOTAL FM JUL 1 0 CLOUDY (SCALE 8-10) 0
DPTR FM NORMAL -6
[CDD (BASE 65) ]
TOTAL THIS MO. 304
DPTR FM NORMAL 27 [PRESSURE DATA]
TOTAL FM JAN 1 496 HIGHEST SLP 30.15 ON 11
DPTR FM NORMAL 93 LOWEST SLP 29.49 ON 7
[REMARKS]
#FINAL-07-20#