000
CXUS53 KFGF 010815
CF6GFK
PRELIMINARY LOCAL CLIMATOLOGICAL DATA (WS FORM: F-6)
STATION: GRAND FORKS INTL AP ND
MONTH: JUNE
YEAR: 2022
LATITUDE: 47 57 N
LONGITUDE: 97 11 W
TEMPERATURE IN F: :PCPN: SNOW: WIND :SUNSHINE: SKY :PK WND
================================================================================
1 2 3 4 5 6A 6B 7 8 9 10 11 12 13 14 15 16 17 18
12Z AVG MX 2MIN
DY MAX MIN AVG DEP HDD CDD WTR SNW DPTH SPD SPD DIR MIN PSBL S-S WX SPD DR
================================================================================
1 73 41 57 -4 8 0 0.00 0.0 0 12.5 28 260 M M 3 37 260
2 66 42 54 -7 11 0 0.00 0.0 0 12.4 31 280 M M 5 43 270
3 75 37 56 -5 9 0 0.00 0.0 0 7.7 22 290 M M 2 30 260
4 75 41 58 -4 7 0 0.00 0.0 0 6.9 13 30 M M 1 20 10
5 73 41 57 -5 8 0 0.00 0.0 0 10.5 24 30 M M 3 31 50
6 73 40 57 -5 8 0 0.00 0.0 0 10.2 18 50 M M 3 25 50
7 75 44 60 -3 5 0 0.00 0.0 0 6.9 14 10 M M 6 19 10
8 76 44 60 -3 5 0 0.00 0.0 0 7.3 20 340 M M 4 27 330
9 81 47 64 1 1 0 T 0.0 0 3.9 12 350 M M 5 17 140
10 79 56 68 4 0 3 0.04 0.0 0 4.8 23 240 M M 8 30 240
11 82 59 71 7 0 6 0.00 0.0 0 6.0 14 110 M M 6 1 18 110
12 88 63 76 12 0 11 T 0.0 0 11.3 21 220 M M 5 1 29 220
13 88 65 77 13 0 12 0.04 0.0 0 9.4 22 130 M M 7 18 35 130
14 80 57 69 4 0 4 1.20 0.0 0 10.3 38 210 M M 7 123 55 220
15 78 54 66 1 0 1 0.01 0.0 0 15.5 35 230 M M 5 8 51 220
16 77 59 68 3 0 3 T 0.0 0 17.3 24 290 M M 5 39 270
17 82 53 68 3 0 3 0.00 0.0 0 7.2 16 110 M M 1 25 90
18 83 62 73 7 0 8 T 0.0 0 24.0 43 140 M M 6 378 56 140
19 100 77 89 23 0 24 T 0.0 0 17.9 32 230 M M 2 45 220
20 92 68 80 14 0 15 0.12 0.0 0 8.2 20 320 M M 5 13 31 320
21 77 59 68 2 0 3 0.08 0.0 0 13.8 32 250 M M 5 13 45 260
22 84 53 69 3 0 4 0.00 0.0 0 6.9 15 260 M M 3 25 280
23 95 63 79 13 0 14 0.00 0.0 0 6.0 13 300 M M 1 17 310
24 90 63 77 10 0 12 0.64 0.0 M 11.5 37 330 M M 5 137 49 310
25 70 55 63 -4 2 0 0.00 0.0 0 16.2 29 270 M M 6 37 290
26 75 52 64 -3 1 0 0.00 0.0 M 12.6 25 310 M M 4 33 310
27 82 54 68 1 0 3 0.00 0.0 0 9.9 21 270 M M 2 27 250
28 72 52 62 -5 3 0 T 0.0 0 5.9 13 10 M M 5 16 10
29 83 51 67 -1 0 2 0.03 0.0 0 9.9 26 140 M M 5 36 140
30 77 54 66 -2 0 1 0.00 0.0 0 12.2 23 310 M M 5 33 300
================================================================================
SM 2401 1606 68 129 2.16 0.0 315.1 M 130
================================================================================
AV 80.0 53.5 10.5 FASTST M M 4 MAX(MPH)
MISC ----> 43 140 56 140
================================================================================
NOTES:
# LAST OF SEVERAL OCCURRENCES
COLUMN 17 PEAK WIND IN M.P.H.
PRELIMINARY LOCAL CLIMATOLOGICAL DATA (WS FORM: F-6) , PAGE 2
STATION: GRAND FORKS INTL AP ND
MONTH: JUNE
YEAR: 2022
LATITUDE: 47 57 N
LONGITUDE: 97 11 W
[TEMPERATURE DATA] [PRECIPITATION DATA] SYMBOLS USED IN COLUMN 16
AVERAGE MONTHLY: 66.8 TOTAL FOR MONTH: 2.16 1 = FOG OR MIST
DPTR FM NORMAL: 2.2 DPTR FM NORMAL: -1.61 2 = FOG REDUCING VISIBILITY
HIGHEST: 100 ON 19 GRTST 24HR 1.20 ON 14-14 TO 1/4 MILE OR LESS
LOWEST: 37 ON 3 3 = THUNDER
SNOW, ICE PELLETS, HAIL 4 = ICE PELLETS
TOTAL MONTH: 0.0 INCH 5 = HAIL
GRTST 24HR 0.0 6 = FREEZING RAIN OR DRIZZLE
GRTST DEPTH: 0 7 = DUSTSTORM OR SANDSTORM:
VSBY 1/2 MILE OR LESS
8 = SMOKE OR HAZE
[NO. OF DAYS WITH] [WEATHER - DAYS WITH] 9 = BLOWING SNOW
X = TORNADO
MAX 32 OR BELOW: 0 0.01 INCH OR MORE: 8
MAX 90 OR ABOVE: 4 0.10 INCH OR MORE: 3
MIN 32 OR BELOW: 0 0.50 INCH OR MORE: 2
MIN 0 OR BELOW: 0 1.00 INCH OR MORE: 1
[HDD (BASE 65) ]
TOTAL THIS MO. 68 CLEAR (SCALE 0-3) 7
DPTR FM NORMAL -22 PTCLDY (SCALE 4-7) 22
TOTAL FM JUL 1 9794 CLOUDY (SCALE 8-10) 1
DPTR FM NORMAL 258
[CDD (BASE 65) ]
TOTAL THIS MO. 129
DPTR FM NORMAL 50 [PRESSURE DATA]
TOTAL FM JAN 1 140 HIGHEST SLP M ON M
DPTR FM NORMAL 46 LOWEST SLP 29.38 ON 14
[REMARKS]
#FINAL-06-22#