000
CXUS53 KFGF 010915
CF6GFK
PRELIMINARY LOCAL CLIMATOLOGICAL DATA (WS FORM: F-6)
STATION: GRAND FORKS INTL AP ND
MONTH: NOVEMBER
YEAR: 2023
LATITUDE: 47 57 N
LONGITUDE: 97 11 W
TEMPERATURE IN F: :PCPN: SNOW: WIND :SUNSHINE: SKY :PK WND
================================================================================
1 2 3 4 5 6A 6B 7 8 9 10 11 12 13 14 15 16 17 18
12Z AVG MX 2MIN
DY MAX MIN AVG DEP HDD CDD WTR SNW DPTH SPD SPD DIR MIN PSBL S-S WX SPD DR
================================================================================
1 32 24 28 -6 37 0 0.00 0.0 3 6.8 16 180 M M 8 22 180
2 33 16 25 -9 40 0 0.00 0.0 3 7.6 16 190 M M 7 128 21 190
3 32 13 23 -10 42 0 0.00 0.0 2 8.1 20 350 M M 2 18 24 360
4 32 19 26 -7 39 0 0.00 0.0 2 6.4 13 150 M M 10 168 16 150
5 40 31 36 4 29 0 T 0.0 3 8.1 18 120 M M 8 1 22 110
6 35 26 31 -1 34 0 T T 1 12.7 21 330 M M 10 18 26 320
7 39 32 36 5 29 0 T 0.0 T 10.1 20 140 M M 10 1 24 120
8 42 34 38 7 27 0 T 0.0 0 15.4 25 280 M M 8 12 34 290
9 37 32 35 5 30 0 0.05 T 0 16.3 29 300 M M 10 1 40 280
10 34 27 31 1 34 0 0.00 0.0 0 6.8 12 30 M M 10 15 320
11 36 26 31 2 34 0 0.00 0.0 0 9.2 16 140 M M 9 21 110
12 54 25 40 12 25 0 0.00 0.0 0 12.3 23 290 M M 3 18 33 300
13 49 28 39 11 26 0 0.00 0.0 0 10.6 24 160 M M 5 31 160
14 58 31 45 18 20 0 0.00 0.0 0 8.8 17 330 M M 6 24 180
15 57 27 42 15 23 0 0.00 0.0 0 11.1 21 190 M M 4 28 190
16 40 23 32 6 33 0 0.00 0.0 0 12.5 36 350 M M 5 51 350
17 49 20 35 9 30 0 0.00 0.0 0 10.4 20 250 M M 3 24 270
18 53 25 39 14 26 0 0.00 0.0 0 4.7 10 320 M M 1 14 270
19 53 25 39 14 26 0 0.00 0.0 0 9.1 15 140 M M 2 20 150
20 56 34 45 21 20 0 0.02 0.0 0 13.5 24 200 M M 9 18 33 200
21 37 21 29 5 36 0 0.00 0.0 0 11.2 22 320 M M 5 29 320
22 37 18 28 5 37 0 0.00 0.0 0 16.9 33 360 M M 5 42 360
23 21 7 14 -9 51 0 0.00 0.0 0 10.0 18 330 M M 2 29 330
24 32 7 20 -2 45 0 0.00 0.0 0 9.0 17 250 M M 1 22 270
25 35 9 22 0 43 0 T T 0 13.8 23 210 M M 3 30 210
26 32 4 18 -3 47 0 0.03 0.3 T 15.6 31 340 M M 8 1 41 340
27 19 0 10 -11 55 0 T T T 9.4 16 330 M M 6 21 340
28 44 10 27 7 38 0 0.00 0.0 0 13.8 24 190 M M 5 32 180
29 50 24 37 17 28 0 0.00 0.0 0 9.9 17 300 M M 4 24 310
30 37 23 30 11 35 0 0.00 0.0 0 10.3 22 360 M M 5 28 350
================================================================================
SM 1205 641 1019 0 0.10 0.3 320.4 M 174
================================================================================
AV 40.2 21.4 10.7 FASTST M M 6 MAX(MPH)
MISC ----> 36 350 51 350
================================================================================
NOTES:
# LAST OF SEVERAL OCCURRENCES
COLUMN 17 PEAK WIND IN M.P.H.
PRELIMINARY LOCAL CLIMATOLOGICAL DATA (WS FORM: F-6) , PAGE 2
STATION: GRAND FORKS INTL AP ND
MONTH: NOVEMBER
YEAR: 2023
LATITUDE: 47 57 N
LONGITUDE: 97 11 W
[TEMPERATURE DATA] [PRECIPITATION DATA] SYMBOLS USED IN COLUMN 16
AVERAGE MONTHLY: 30.8 TOTAL FOR MONTH: 0.10 1 = FOG OR MIST
DPTR FM NORMAL: 4.1 DPTR FM NORMAL: -0.82 2 = FOG REDUCING VISIBILITY
HIGHEST: 58 ON 14 GRTST 24HR 0.05 ON 9- 9 TO 1/4 MILE OR LESS
LOWEST: 0 ON 27 3 = THUNDER
SNOW, ICE PELLETS, HAIL 4 = ICE PELLETS
TOTAL MONTH: 0.3 INCH 5 = HAIL
GRTST 24HR 0.3 ON 26-26 6 = FREEZING RAIN OR DRIZZLE
GRTST DEPTH: 4 ON M 7 = DUSTSTORM OR SANDSTORM:
VSBY 1/2 MILE OR LESS
8 = SMOKE OR HAZE
[NO. OF DAYS WITH] [WEATHER - DAYS WITH] 9 = BLOWING SNOW
X = TORNADO
MAX 32 OR BELOW: 7 0.01 INCH OR MORE: 3
MAX 90 OR ABOVE: 0 0.10 INCH OR MORE: 0
MIN 32 OR BELOW: 28 0.50 INCH OR MORE: 0
MIN 0 OR BELOW: 1 1.00 INCH OR MORE: 0
[HDD (BASE 65) ]
TOTAL THIS MO. 1019 CLEAR (SCALE 0-3) 8
DPTR FM NORMAL -129 PTCLDY (SCALE 4-7) 14
TOTAL FM JUL 1 1798 CLOUDY (SCALE 8-10) 8
DPTR FM NORMAL -348
[CDD (BASE 65) ]
TOTAL THIS MO. 0
DPTR FM NORMAL 0 [PRESSURE DATA]
TOTAL FM JAN 1 634 HIGHEST SLP 30.72 ON 24
DPTR FM NORMAL 251 LOWEST SLP 29.50 ON 6
[REMARKS]
#FINAL-11-23#