000
CXUS55 KALY 010710
CF6GFL
PRELIMINARY LOCAL CLIMATOLOGICAL DATA (WS FORM: F-6)
STATION: GLENS FALLS NY
MONTH: JUNE
YEAR: 2021
LATITUDE: 43 20 N
LONGITUDE: 73 37 W
TEMPERATURE IN F: :PCPN: SNOW: WIND :SUNSHINE: SKY :PK WND
================================================================================
1 2 3 4 5 6A 6B 7 8 9 10 11 12 13 14 15 16 17 18
12Z AVG MX 2MIN
DY MAX MIN AVG DEP HDD CDD WTR SNW DPTH SPD SPD DIR MIN PSBL S-S WX SPD DR
================================================================================
1 77 40 59 -2 6 0 0.00 M M 4.0 17 230 M M 4 1 27 220
2 76 40 58 -3 7 0 0.26 M M 4.2 18 190 M M 3 12 24 190
3 74 56 65 3 0 0 0.69 M M 6.1 17 200 M M 9 12 24 190
4 79 60 70 8 0 5 0.33 M M 4.9 14 150 M M 5 1 17 160
5 89 58 74 12 0 9 0.00 M M 7.5 23 220 M M 2 1 29 220
6 89 58 74 12 0 9 0.00 M M 5.9 20 210 M M 0 26 220
7 91 58 75 12 0 10 T M M 4.7 15 230 M M 2 12 21 220
8 86 67 77 14 0 12 1.61 M M 2.6 13 250 M M 4 123 15 240
9 83 60 72 9 0 7 0.00 M M 5.0 13 30 M M 5 1 18 40
10 74 50 62 -2 3 0 0.00 M M 6.4 16 30 M M 0 18 40
11 68 48 58 -6 7 0 0.12 M M 4.1 10 360 M M 7 1 14 210
12 77 57 67 3 0 2 0.26 M M 3.2 10 30 M M 4 1 12 30
13 80 51 66 2 0 1 0.00 M M 5.4 13 160 M M 1 1 18 180
14 66 61 64 -1 1 0 0.83 M M 4.8 15 190 M M 10 13 21 200
15 73 55 64 -1 1 0 0.03 M M 4.1 17 330 M M 8 123 23 340
16 72 49 61 -4 4 0 0.00 M M 5.9 17 320 M M 4 1 21 320
17 77 43 60 -6 5 0 0.00 M M 3.6 13 350 M M 0 18 350
18 80 43 62 -4 3 0 T M M 5.4 16 190 M M 3 1 20 200
19 85 63 74 8 0 9 T M M 6.3 18 220 M M 4 28 220
20 84 61 73 7 0 8 0.00 M M 6.4 16 210 M M 2 20 200
21 89 63 76 10 0 11 1.15 M M 7.7 29 330 M M 5 13 37 340
22 69 49 59 -8 6 0 0.05 M M 5.2 14 60 M M 9 1 17 340
23 72 43 58 -9 7 0 0.00 M M 3.0 14 250 M M 3 1 18 220
24 77 42 60 -7 5 0 0.00 M M 4.9 17 190 M M 0 1 22 210
25 78 48 63 -5 2 0 0.00 M M 5.4 13 160 M M 0 1 16 150
26 80 59 70 2 0 5 0.00 M M 7.6 18 190 M M 3 27 180
27 90 70 80 12 0 15 0.00 M M 8.9 17 210 M M 2 24 200
28 93 72 83 15 0 18 0.01 M M 7.7 17 220 M M 3 3 23 210
29 92 69 81 13 0 16 0.23 M M 5.1 18 350 M M 1 13 27 360
30 88 71 80 12 0 15 0.08 M M 7.6 16 260 M M 2 3 24 280
================================================================================
SM 2408 1664 57 152 5.65 M 163.6 M 105
================================================================================
AV 80.3 55.5 5.5 FASTST M M 4 MAX(MPH)
MISC ----> 29 330 37 340
================================================================================
NOTES:
# LAST OF SEVERAL OCCURRENCES
COLUMN 17 PEAK WIND IN M.P.H.
PRELIMINARY LOCAL CLIMATOLOGICAL DATA (WS FORM: F-6) , PAGE 2
STATION: GLENS FALLS NY
MONTH: JUNE
YEAR: 2021
LATITUDE: 43 20 N
LONGITUDE: 73 37 W
[TEMPERATURE DATA] [PRECIPITATION DATA] SYMBOLS USED IN COLUMN 16
AVERAGE MONTHLY: 67.9 TOTAL FOR MONTH: 5.65 1 = FOG OR MIST
DPTR FM NORMAL: 2.9 DPTR FM NORMAL: 1.93 2 = FOG REDUCING VISIBILITY
HIGHEST: 93 ON 28 GRTST 24HR 1.61 ON 8- 8 TO 1/4 MILE OR LESS
LOWEST: 40 ON 2, 1 3 = THUNDER
SNOW, ICE PELLETS, HAIL 4 = ICE PELLETS
TOTAL MONTH: M 5 = HAIL
GRTST 24HR M ON M 6 = FREEZING RAIN OR DRIZZLE
GRTST DEPTH: M ON M 7 = DUSTSTORM OR SANDSTORM:
VSBY 1/2 MILE OR LESS
8 = SMOKE OR HAZE
[NO. OF DAYS WITH] [WEATHER - DAYS WITH] 9 = BLOWING SNOW
X = TORNADO
MAX 32 OR BELOW: 0 0.01 INCH OR MORE: 13
MAX 90 OR ABOVE: 4 0.10 INCH OR MORE: 9
MIN 32 OR BELOW: 0 0.50 INCH OR MORE: 4
MIN 0 OR BELOW: 0 1.00 INCH OR MORE: 2
[HDD (BASE 65) ]
TOTAL THIS MO. 57 CLEAR (SCALE 0-3) 16
DPTR FM NORMAL -20 PTCLDY (SCALE 4-7) 11
TOTAL FM JUL 1 7070 CLOUDY (SCALE 8-10) 3
DPTR FM NORMAL -339
[CDD (BASE 65) ]
TOTAL THIS MO. 152
DPTR FM NORMAL 75 [PRESSURE DATA]
TOTAL FM JAN 1 184 HIGHEST SLP M ON M
DPTR FM NORMAL 88 LOWEST SLP 29.46 ON 21
[REMARKS]
#FINAL-06-21#