000
CXUS54 KSHV 011300
CF6GGG
PRELIMINARY LOCAL CLIMATOLOGICAL DATA (WS FORM: F-6)
STATION: LONGVIEW
MONTH: AUGUST
YEAR: 2023
LATITUDE: 32 22 N
LONGITUDE: 94 43 W
TEMPERATURE IN F: :PCPN: SNOW: WIND :SUNSHINE: SKY :PK WND
================================================================================
1 2 3 4 5 6A 6B 7 8 9 10 11 12 13 14 15 16 17 18
12Z AVG MX 2MIN
DY MAX MIN AVG DEP HDD CDD WTR SNW DPTH SPD SPD DIR MIN PSBL S-S WX SPD DR
================================================================================
1 103 76 90 5 0 25 0.00 0.0 0 4.2 13 60 M M 0 17 70
2 106 79 93 8 0 28 0.00 0.0 0 5.4 15 200 M M 1 20 200
3 105 82 94 9 0 29 0.00 0.0 0 8.2 16 200 M M 0 22 210
4 103 82 93 8 0 28 0.00 0.0 0 8.0 15 190 M M 0 22 200
5 104 81 93 8 0 28 0.00 0.0 0 7.0 16 220 M M 0 21 220
6 102 81 92 7 0 27 0.00 0.0 0 6.6 15 190 M M 1 21 210
7 101 81 91 6 0 26 0.00 0.0 0 7.8 16 200 M M 2 22 200
8 95 80 88 3 0 23 0.00 0.0 0 8.3 21 60 M M 1 28 50
9 105 81 93 9 0 28 0.00 0.0 0 13.5 25 210 M M 0 35 200
10 106 83 95 11 0 30 0.00 0.0 0 10.7 23 200 M M 0 3 32 210
11 105 80 93 9 0 28 0.00 0.0 0 9.5 20 210 M M 0 28 210
12 105 81 93 9 0 28 0.00 0.0 0 8.3 20 230 M M 1 28 220
13 105 79 92 8 0 27 0.00 0.0 0 8.0 17 200 M M 0 24 200
14 106 81 94 10 0 29 0.00 0.0 0 9.3 21 210 M M 0 26 210
15 95 70 83 -1 0 18 0.00 0.0 0 6.4 15 340 M M 0 21 340
16 95 63 79 -5 0 14 0.00 0.0 0 3.7 12 260 M M 1 17 270
17 106 68 87 3 0 22 0.00 0.0 0 5.7 12 280 M M 0 17 280
18 107 75 91 7 0 26 0.00 0.0 0 5.3 13 230 M M 0 18 220
19 108 78 93 9 0 28 0.00 0.0 0 4.9 13 200 M M 0 18 230
20 107 76 92 8 0 27 0.00 0.0 0 6.2 20 70 M M 0 29 70
21 106 74 90 7 0 25 0.00 0.0 0 5.4 16 50 M M 0 21 60
22 104 76 90 7 0 25 0.00 0.0 0 5.3 17 80 M M 1 23 80
23 105 75 90 7 0 25 0.00 0.0 0 2.6 12 60 M M 0 16 60
24 107 78 93 10 0 28 0.00 0.0 0 3.5 14 60 M M 0 19 60
25 109 79 94 11 0 29 0.00 0.0 0 5.0 17 160 M M 0 24 150
26 108 81 95 12 0 30 0.00 0.0 0 3.9 13 270 M M 0 18 240
27 104 74 89 7 0 24 1.43 0.0 0 7.5 23 330 M M 2 13 33 330
28 93 74 84 2 0 19 0.01 0.0 0 4.1 13 80 M M 6 13 19 70
29 95 71 83 1 0 18 0.00 0.0 0 4.4 17 350 M M 0 23 10
30 95 67 81 -1 0 16 0.00 0.0 0 3.2 13 50 M M 0 17 40
31 95 68 82 0 0 17 0.00 0.0 0 4.1 12 100 M M 1 16 110
================================================================================
SM 3190 2374 0 775 1.44 0.0 196.0 M 17
================================================================================
AV102.9 76.6 6.3 FASTST M M 1 MAX(MPH)
MISC ----> 25 210 35 200
================================================================================
NOTES:
# LAST OF SEVERAL OCCURRENCES
COLUMN 17 PEAK WIND IN M.P.H.
PRELIMINARY LOCAL CLIMATOLOGICAL DATA (WS FORM: F-6) , PAGE 2
STATION: LONGVIEW
MONTH: AUGUST
YEAR: 2023
LATITUDE: 32 22 N
LONGITUDE: 94 43 W
[TEMPERATURE DATA] [PRECIPITATION DATA] SYMBOLS USED IN COLUMN 16
AVERAGE MONTHLY: 89.7 TOTAL FOR MONTH: 1.44 1 = FOG OR MIST
DPTR FM NORMAL: 5.9 DPTR FM NORMAL: -1.20 2 = FOG REDUCING VISIBILITY
HIGHEST: 109 ON 25 GRTST 24HR 1.44 ON 27-28 TO 1/4 MILE OR LESS
LOWEST: 63 ON 16 3 = THUNDER
SNOW, ICE PELLETS, HAIL 4 = ICE PELLETS
TOTAL MONTH: 0.0 INCH 5 = HAIL
GRTST 24HR 0.0 6 = FREEZING RAIN OR DRIZZLE
GRTST DEPTH: 0 7 = DUSTSTORM OR SANDSTORM:
VSBY 1/2 MILE OR LESS
8 = SMOKE OR HAZE
[NO. OF DAYS WITH] [WEATHER - DAYS WITH] 9 = BLOWING SNOW
X = TORNADO
MAX 32 OR BELOW: 0 0.01 INCH OR MORE: 2
MAX 90 OR ABOVE: 31 0.10 INCH OR MORE: 1
MIN 32 OR BELOW: 0 0.50 INCH OR MORE: 1
MIN 0 OR BELOW: 0 1.00 INCH OR MORE: 1
[HDD (BASE 65) ]
TOTAL THIS MO. 0 CLEAR (SCALE 0-3) 30
DPTR FM NORMAL 0 PTCLDY (SCALE 4-7) 1
TOTAL FM JUL 1 0 CLOUDY (SCALE 8-10) 0
DPTR FM NORMAL 0
[CDD (BASE 65) ]
TOTAL THIS MO. 775
DPTR FM NORMAL 194 [PRESSURE DATA]
TOTAL FM JAN 1 2386 HIGHEST SLP 30.11 ON 15
DPTR FM NORMAL 328 LOWEST SLP 29.68 ON 9
[REMARKS]
#FINAL-08-23#