000
CXUS54 KFWD 220502
CF6GKY
PRELIMINARY LOCAL CLIMATOLOGICAL DATA (WS FORM: F-6)
STATION: ARLINGTON
MONTH: JULY
YEAR: 2022
LATITUDE: 32 39 N
LONGITUDE: 97 6 W
TEMPERATURE IN F: :PCPN: SNOW: WIND :SUNSHINE: SKY :PK WND
================================================================================
1 2 3 4 5 6A 6B 7 8 9 10 11 12 13 14 15 16 17 18
12Z AVG MX 2MIN
DY MAX MIN AVG DEP HDD CDD WTR SNW DPTH SPD SPD DIR MIN PSBL S-S WX SPD DR
================================================================================
1 95 73 84 0 0 19 0.00 M M 8.1 16 120 M M 0 22 150
2 99 75 87 3 0 22 0.00 M M 7.6 17 110 M M 1 3 24 100
3 102 80 91 7 0 26 0.00 M M 8.9 18 130 M M 1 24 140
4 100 80 90 6 0 25 0.00 M M 10.3 20 130 M M 0 34 200
5 101 80 91 7 0 26 0.00 M M 10.2 21 130 M M 0 27 110
6 103 80 92 8 0 27 0.00 M M 8.6 18 140 M M 0 29 130
7 103 81 92 7 0 27 0.00 M M 8.8 20 140 M M 0 29 160
8 105 82 94 9 0 29 0.00 M M 8.0 15 130 M M 0 21 160
9 106 77 92 7 0 27 0.00 M M 5.6 15 340 M M 0 3 21 30
10 103 80 92 7 0 27 0.00 M M 8.2 17 340 M M 0 27 350
11 103 81 92 7 0 27 0.00 M M 7.9 15 30 M M 0 20 70
12 104 77 91 6 0 26 0.00 M M 7.8 20 40 M M 0 27 60
13 105 74 90 5 0 25 0.00 M M 4.3 14 60 M M 0 19 60
14 97 72 85 0 0 20 0.07 M M 7.4 26 100 M M 0 138 34 100
15 99 70 85 0 0 20 0.00 M M 6.4 17 120 M M 0 23 130
16 99 77 88 2 0 23 0.00 M M 7.9 17 120 M M 0 24 130
17 105 81 93 7 0 28 0.00 M M 8.4 17 140 M M 0 24 130
18 109 83 96 10 0 31 0.00 M M 11.0 21 160 M M 0 31 170
19 108 42 75 -11 0 10 0.00 M M 12.8 23 150 M M 0 31 130
20 108 82 95 9 0 30 0.00 M M 11.3 20 170 M M 0 34 180
21 102 83 93 7 0 28 0.00 M M 8.2 17 90 M M 0 24 190
22 100 82 91 5 0 26 0.00 M M 10.9 24 120 M M 0 32 100
23 101 77 89 3 0 24 0.00 M M 9.8 18 150 M M 1 26 130
24 102 81 92 6 0 27 0.00 M M 10.1 20 140 M M 0 25 140
25 104 81 93 7 0 28 0.00 M M 9.6 20 130 M M 0 28 130
26 103 80 92 6 0 27 0.00 M M 10.4 18 140 M M 0 29 190
27 103 81 92 6 0 27 0.00 M M 10.3 20 130 M M 0 26 150
28 102 82 92 6 0 27 0.00 M M 8.9 18 130 M M 0 25 120
29 104 81 93 6 0 28 0.00 M M 8.2 17 130 M M 1 25 110
30 102 82 92 5 0 27 0.00 M M 8.1 16 40 M M 2 24 160
31 104 83 94 7 0 29 0.00 M M 11.6 18 130 M M 0 25 170
================================================================================
SM 3181 2420 0 793 0.07 M 275.6 M 6
================================================================================
AV102.6 78.1 8.9 FASTST M M 0 MAX(MPH)
MISC ----> 26 100 # 34 200
================================================================================
NOTES:
# LAST OF SEVERAL OCCURRENCES
COLUMN 17 PEAK WIND IN M.P.H.
PRELIMINARY LOCAL CLIMATOLOGICAL DATA (WS FORM: F-6) , PAGE 2
STATION: ARLINGTON
MONTH: JULY
YEAR: 2022
LATITUDE: 32 39 N
LONGITUDE: 97 6 W
[TEMPERATURE DATA] [PRECIPITATION DATA] SYMBOLS USED IN COLUMN 16
AVERAGE MONTHLY: 90.3 TOTAL FOR MONTH: 0.07 1 = FOG OR MIST
DPTR FM NORMAL: 4.9 DPTR FM NORMAL: -1.63 2 = FOG REDUCING VISIBILITY
HIGHEST: 109 ON 18 GRTST 24HR 0.07 ON 14-14 TO 1/4 MILE OR LESS
LOWEST: 42 ON 19 3 = THUNDER
SNOW, ICE PELLETS, HAIL 4 = ICE PELLETS
TOTAL MONTH: M 5 = HAIL
GRTST 24HR M ON M 6 = FREEZING RAIN OR DRIZZLE
GRTST DEPTH: M ON M 7 = DUSTSTORM OR SANDSTORM:
VSBY 1/2 MILE OR LESS
8 = SMOKE OR HAZE
[NO. OF DAYS WITH] [WEATHER - DAYS WITH] 9 = BLOWING SNOW
X = TORNADO
MAX 32 OR BELOW: 0 0.01 INCH OR MORE: 1
MAX 90 OR ABOVE: 31 0.10 INCH OR MORE: 0
MIN 32 OR BELOW: 0 0.50 INCH OR MORE: 0
MIN 0 OR BELOW: 0 1.00 INCH OR MORE: 0
[HDD (BASE 65) ]
TOTAL THIS MO. 0 CLEAR (SCALE 0-3) 31
DPTR FM NORMAL 0 PTCLDY (SCALE 4-7) 0
TOTAL FM JUL 1 0 CLOUDY (SCALE 8-10) 0
DPTR FM NORMAL 0
[CDD (BASE 65) ]
TOTAL THIS MO. 793
DPTR FM NORMAL 159 [PRESSURE DATA]
TOTAL FM JAN 1 2005 HIGHEST SLP 30.07 ON 15
DPTR FM NORMAL 414 LOWEST SLP 29.72 ON 19
[REMARKS]
#FINAL-07-22#