000
CXUS54 KFWD 010730
CF6GKY
PRELIMINARY LOCAL CLIMATOLOGICAL DATA (WS FORM: F-6)
STATION: ARLINGTON
MONTH: AUGUST
YEAR: 2021
LATITUDE: 32 39 N
LONGITUDE: 97 6 W
TEMPERATURE IN F: :PCPN: SNOW: WIND :SUNSHINE: SKY :PK WND
================================================================================
1 2 3 4 5 6A 6B 7 8 9 10 11 12 13 14 15 16 17 18
12Z AVG MX 2MIN
DY MAX MIN AVG DEP HDD CDD WTR SNW DPTH SPD SPD DIR MIN PSBL S-S WX SPD DR
================================================================================
1 103 75 89 2 0 24 2.29 M M 6.7 26 280 M M 2 13 40 270
2 90 76 83 -4 0 18 1.08 M M 7.1 21 340 M M 7 138 26 340
3 93 73 83 -4 0 18 0.00 M M 3.5 12 90 M M 2 18 19 40
4 92 73 83 -4 0 18 0.00 M M 4.3 13 110 M M 3 18 17 130
5 95 75 85 -2 0 20 0.00 M M 7.3 16 100 M M 2 8 21 120
6 96 76 86 -1 0 21 0.00 M M 8.4 16 110 M M 3 22 110
7 97 77 87 0 0 22 0.00 M M 11.1 20 140 M M 3 28 170
8 99 81 90 4 0 25 0.00 M M 13.6 24 150 M M 1 35 140
9 99 81 90 4 0 25 0.00 M M 12.5 21 150 M M 1 35 170
10 99 80 90 4 0 25 0.00 M M 12.0 23 140 M M 2 31 160
11 99 78 89 3 0 24 0.00 M M 11.7 21 150 M M 0 29 140
12 100 80 90 4 0 25 0.00 M M 9.7 20 140 M M 0 24 130
13 99 80 90 4 0 25 0.00 M M 6.4 13 120 M M 0 19 140
14 94 76 85 -1 0 20 0.41 M M 3.3 26 320 M M 1 138 33 320
15 91 77 84 -2 0 19 0.03 M M 3.6 10 110 M M 4 14 130
16 95 74 85 -1 0 20 0.00 M M 3.9 13 60 M M 1 18 19 80
17 92 77 85 -1 0 20 0.08 M M 7.3 21 310 M M 3 3 26 310
18 87 76 82 -4 0 17 0.06 M M 7.8 28 120 M M 7 138 36 150
19 96 78 87 2 0 22 0.01 M M 10.6 17 150 M M 5 18 26 140
20 98 80 89 4 0 24 0.00 M M 11.2 18 150 M M 1 28 160
21 98 79 89 4 0 24 0.00 M M 7.9 15 150 M M 0 23 160
22 99 80 90 5 0 25 0.00 M M 7.3 15 150 M M 0 19 140
23 100 77 89 4 0 24 0.00 M M 7.4 16 120 M M 0 20 130
24 100 77 89 5 0 24 0.00 M M 8.0 15 140 M M 0 21 130
25 100 75 88 4 0 23 0.00 M M 5.4 13 130 M M 0 20 120
26 100 77 89 5 0 24 0.00 M M 4.9 17 120 M M 0 24 120
27 95 78 87 3 0 22 0.00 M M 8.0 17 130 M M 1 22 120
28 96 75 86 2 0 21 0.00 M M 6.8 17 100 M M 1 23 110
29 93 77 85 2 0 20 T M M 4.4 21 330 M M 7 38 24 340
30 98 77 88 5 0 23 0.00 M M 3.6 12 30 M M 2 1 17 40
31 100 76 88 5 0 23 0.00 M M 4.0 12 140 M M 0 15 170
================================================================================
SM 2993 2391 0 685 3.96 M 229.7 M 59
================================================================================
AV 96.5 77.1 7.4 FASTST M M 2 MAX(MPH)
MISC ----> 28 120 40 270
================================================================================
NOTES:
# LAST OF SEVERAL OCCURRENCES
COLUMN 17 PEAK WIND IN M.P.H.
PRELIMINARY LOCAL CLIMATOLOGICAL DATA (WS FORM: F-6) , PAGE 2
STATION: ARLINGTON
MONTH: AUGUST
YEAR: 2021
LATITUDE: 32 39 N
LONGITUDE: 97 6 W
[TEMPERATURE DATA] [PRECIPITATION DATA] SYMBOLS USED IN COLUMN 16
AVERAGE MONTHLY: 86.8 TOTAL FOR MONTH: 3.96 1 = FOG OR MIST
DPTR FM NORMAL: 1.3 DPTR FM NORMAL: 2.28 2 = FOG REDUCING VISIBILITY
HIGHEST: 103 ON 1 GRTST 24HR 3.37 ON 1- 2 TO 1/4 MILE OR LESS
LOWEST: 73 ON 4, 3 3 = THUNDER
SNOW, ICE PELLETS, HAIL 4 = ICE PELLETS
TOTAL MONTH: M 5 = HAIL
GRTST 24HR M ON M 6 = FREEZING RAIN OR DRIZZLE
GRTST DEPTH: M ON M 7 = DUSTSTORM OR SANDSTORM:
VSBY 1/2 MILE OR LESS
8 = SMOKE OR HAZE
[NO. OF DAYS WITH] [WEATHER - DAYS WITH] 9 = BLOWING SNOW
X = TORNADO
MAX 32 OR BELOW: 0 0.01 INCH OR MORE: 7
MAX 90 OR ABOVE: 30 0.10 INCH OR MORE: 3
MIN 32 OR BELOW: 0 0.50 INCH OR MORE: 2
MIN 0 OR BELOW: 0 1.00 INCH OR MORE: 2
[HDD (BASE 65) ]
TOTAL THIS MO. 0 CLEAR (SCALE 0-3) 24
DPTR FM NORMAL 0 PTCLDY (SCALE 4-7) 7
TOTAL FM JUL 1 0 CLOUDY (SCALE 8-10) 0
DPTR FM NORMAL 0
[CDD (BASE 65) ]
TOTAL THIS MO. 685
DPTR FM NORMAL 51 [PRESSURE DATA]
TOTAL FM JAN 1 2350 HIGHEST SLP M ON M
DPTR FM NORMAL 125 LOWEST SLP 29.67 ON 31
[REMARKS]
#FINAL-08-21#