000
CXUS53 KGLD 042341
CF6GLD
PRELIMINARY LOCAL CLIMATOLOGICAL DATA (WS FORM: F-6)
STATION: GOODLAND KS
MONTH: OCTOBER
YEAR: 2021
LATITUDE: 39 22 N
LONGITUDE: 101 42 W
TEMPERATURE IN F: :PCPN: SNOW: WIND :SUNSHINE: SKY :PK WND
================================================================================
1 2 3 4 5 6A 6B 7 8 9 10 11 12 13 14 15 16 17 18
12Z AVG MX 2MIN
DY MAX MIN AVG DEP HDD CDD WTR SNW DPTH SPD SPD DIR MIN PSBL S-S WX SPD DR
================================================================================
1 74 43 59 0 6 0 0.00 0.0 0 6.5 12 250 M M 1 18 16 320
2 76 46 61 3 4 0 0.00 0.0 0 7.7 16 350 M M 3 8 23 10
3 83 36 60 2 5 0 0.00 0.0 0 6.3 14 190 M M 0 18 160
4 84 47 66 9 0 1 0.00 0.0 0 9.0 15 40 M M 0 23 20
5 80 40 60 3 5 0 0.00 0.0 0 7.5 15 120 M M 0 20 110
6 83 42 63 7 2 0 0.00 0.0 0 14.5 25 160 M M 0 36 160
7 82 44 63 7 2 0 0.00 0.0 0 8.1 17 340 M M 0 22 350
8 85 47 66 11 0 1 0.00 0.0 0 9.1 18 160 M M 0 25 160
9 82 45 64 9 1 0 T 0.0 0 8.9 23 330 M M 0 33 330
10 70 41 56 2 9 0 0.00 0.0 0 12.3 26 10 M M 0 35 30
11 74 40 57 3 8 0 0.00 0.0 0 9.7 20 150 M M 0 31 140
12 74 44 59 5 6 0 0.24 0.0 0 23.6 44 160 M M 4 13 60 150
13 64 33 49 -4 16 0 0.00 0.0 0 8.9 21 310 M M 0 28 320
14 53 31 42 -11 23 0 0.00 0.0 0 7.1 16 40 M M 7 22 20
15 57 29 43 -9 22 0 0.00 0.0 0 12.1 24 310 M M 2 42 350
16 70 30 50 -2 15 0 0.00 0.0 0 8.9 16 250 M M 0 20 240
17 76 37 57 6 8 0 0.00 0.0 0 12.0 23 170 M M 0 32 170
18 81 31 56 5 9 0 0.00 0.0 0 12.1 25 160 M M 0 34 160
19 78 39 59 9 6 0 0.00 0.0 0 17.1 36 320 M M 0 51 330
20 60 30 45 -5 20 0 0.00 0.0 0 13.5 30 320 M M 1 8 40 330
21 66 34 50 0 15 0 0.00 0.0 0 7.7 14 240 M M 0 17 220
22 79 37 58 9 7 0 0.00 0.0 0 6.9 14 250 M M 0 8 20 240
23 53 30 42 -7 23 0 0.00 0.0 0 7.3 21 350 M M 7 18 26 350
24 67 30 49 1 16 0 0.00 0.0 0 12.3 28 320 M M 3 1 40 320
25 66 30 48 0 17 0 0.00 0.0 0 16.7 30 160 M M 1 12 39 150
26 87 41 64 16 1 0 0.00 0.0 0 25.6 40 170 M M 1 1 54 330
27 60 37 49 2 16 0 0.01 0.0 0 24.3 43 350 M M 4 62 340
28 59 33 46 -1 19 0 0.00 0.0 0 23.1 41 340 M M 1 56 340
29 69 28 49 3 16 0 0.00 0.0 0 6.9 17 230 M M 0 23 220
30 69 33 51 5 14 0 0.00 0.0 0 12.9 29 350 M M 0 39 10
31 47 26 37 -9 28 0 T T 0 8.4 17 90 M M 7 4 22 90
================================================================================
SM 2208 1134 339 2 0.25 T 367.0 M 42
================================================================================
AV 71.2 36.6 11.8 FASTST M M 1 MAX(MPH)
MISC ----> 44 160 62 340
================================================================================
NOTES:
# LAST OF SEVERAL OCCURRENCES
COLUMN 17 PEAK WIND IN M.P.H.
PRELIMINARY LOCAL CLIMATOLOGICAL DATA (WS FORM: F-6) , PAGE 2
STATION: GOODLAND KS
MONTH: OCTOBER
YEAR: 2021
LATITUDE: 39 22 N
LONGITUDE: 101 42 W
[TEMPERATURE DATA] [PRECIPITATION DATA] SYMBOLS USED IN COLUMN 16
AVERAGE MONTHLY: 53.9 TOTAL FOR MONTH: 0.25 1 = FOG OR MIST
DPTR FM NORMAL: 2.1 DPTR FM NORMAL: -1.16 2 = FOG REDUCING VISIBILITY
HIGHEST: 87 ON 26 GRTST 24HR 0.24 ON 12-12 TO 1/4 MILE OR LESS
LOWEST: 26 ON 31 3 = THUNDER
SNOW, ICE PELLETS, HAIL 4 = ICE PELLETS
TOTAL MONTH: T 5 = HAIL
GRTST 24HR T ON 31-31 6 = FREEZING RAIN OR DRIZZLE
GRTST DEPTH: 0 7 = DUSTSTORM OR SANDSTORM:
VSBY 1/2 MILE OR LESS
8 = SMOKE OR HAZE
[NO. OF DAYS WITH] [WEATHER - DAYS WITH] 9 = BLOWING SNOW
X = TORNADO
MAX 32 OR BELOW: 0 0.01 INCH OR MORE: 2
MAX 90 OR ABOVE: 0 0.10 INCH OR MORE: 1
MIN 32 OR BELOW: 10 0.50 INCH OR MORE: 0
MIN 0 OR BELOW: 0 1.00 INCH OR MORE: 0
[HDD (BASE 65) ]
TOTAL THIS MO. 339 CLEAR (SCALE 0-3) 26
DPTR FM NORMAL -79 PTCLDY (SCALE 4-7) 5
TOTAL FM JUL 1 363 CLOUDY (SCALE 8-10) 0
DPTR FM NORMAL -167
[CDD (BASE 65) ]
TOTAL THIS MO. 2
DPTR FM NORMAL -8 [PRESSURE DATA]
TOTAL FM JAN 1 1215 HIGHEST SLP 30.38 ON 16
DPTR FM NORMAL 226 LOWEST SLP 29.21 ON 26
[REMARKS]
#FINAL-10-21#