000
CXUS53 KGLD 022006
CLMGLD
CLIMATE REPORT
NATIONAL WEATHER SERVICE
206 PM MDT SUN JUL 02 2023
...................................
...THE GOODLAND KS CLIMATE SUMMARY FOR THE MONTH OF JUNE 2023...
CLIMATE NORMAL PERIOD: 1991 TO 2020
CLIMATE RECORD PERIOD: 1895 TO 2023
WEATHER OBSERVED NORMAL DEPART LAST YEAR`S
VALUE DATE(S) VALUE FROM VALUE DATE(S)
NORMAL
................................................................
TEMPERATURE (F)
RECORD
HIGH 110 06/27/2012
06/26/2012
LOW 31 06/02/1951
HIGHEST 91 06/28 99 -8 103 06/13
LOWEST 50 06/13 44 6 43 06/02
06/03
AVG. MAXIMUM 80.4 85.2 -4.8 88.3
AVG. MINIMUM 56.5 56.2 0.3 58.1
MEAN 68.4 70.7 -2.3 73.2
DAYS MAX >= 90 1 10.7 -9.7 13
DAYS MAX <= 32 0 0.0 0.0 0
DAYS MIN <= 32 0 0.0 0.0 0
DAYS MIN <= 0 0 0.0 0.0 0
PRECIPITATION (INCHES)
RECORD
MAXIMUM 9.46 1982
MINIMUM 0.10 1976
TOTALS 5.56 2.96 2.60 1.35
DAILY AVG. 0.19 0.10 0.09 0.05
DAYS >= .01 13 9.4 3.6 9
DAYS >= .10 9 5.6 3.4 2
DAYS >= .50 5 2.1 2.9 1
DAYS >= 1.00 2 0.5 1.5 0
GREATEST
24 HR. TOTAL 1.28 06/16 TO 06/16 0.86
STORM TOTAL 1.28
(MM/DD(HH))
SNOWFALL (INCHES)
RECORDS
TOTAL T 2022
TOTALS T 0.0 0.0 T
SINCE 7/1 40.6 30.0 10.6 25.6
SNOWDEPTH AVG. 0 0
DAYS >= 1.0 0 0.0 0.0 0
GREATEST
SNOW DEPTH 0 0
DEGREE DAYS
COOLING TOTAL 128 200 -72 277
SINCE 1/1 171 247 -76 345
................................................................
WIND (MPH)
AVERAGE WIND SPEED 10.7
HIGHEST WIND SPEED/DIRECTION 41/210 DATE 06/29
HIGHEST GUST SPEED/DIRECTION 57/210 DATE 06/29
SKY COVER
AVERAGE SKY COVER 0.29
AVERAGE RH (PERCENT) 69
WEATHER CONDITIONS. NUMBER OF DAYS WITH
THUNDERSTORM 16 MIXED PRECIP 0
HEAVY RAIN 7 RAIN 6
LIGHT RAIN 15 FREEZING RAIN 0
LT FREEZING RAIN 0 HAIL 3
HEAVY SNOW 0 SNOW 0
LIGHT SNOW 0 SLEET 0
FOG 14 FOG W/VIS <= 1/4 MILE 2
HAZE 4
- INDICATES NEGATIVE NUMBERS.
R INDICATES RECORD WAS SET OR TIED.
MM INDICATES DATA IS MISSING.
T INDICATES TRACE AMOUNT.
$$