000
CXUS54 KFWD 010830
CF6GLE
PRELIMINARY LOCAL CLIMATOLOGICAL DATA (WS FORM: F-6)
STATION: GAINESVILLE
MONTH: FEBRUARY
YEAR: 2021
LATITUDE: 33 39 N
LONGITUDE: 97 12 W
TEMPERATURE IN F: :PCPN: SNOW: WIND :SUNSHINE: SKY :PK WND
================================================================================
1 2 3 4 5 6A 6B 7 8 9 10 11 12 13 14 15 16 17 18
12Z AVG MX 2MIN
DY MAX MIN AVG DEP HDD CDD WTR SNW DPTH SPD SPD DIR MIN PSBL S-S WX SPD DR
================================================================================
1 57 28 43 -1 22 0 0.00 M M 5.5 9 360 M M 0 1 M M
2 60 35 48 4 17 0 0.00 M M 5.5 14 150 M M 0 18 170
3 69 39 54 10 11 0 0.00 M M 12.8 23 170 M M 0 30 170
4 59 36 48 4 17 0 0.00 M M 13.6 28 340 M M 0 36 340
5 56 32 44 0 21 0 0.00 M M 4.7 9 160 M M 4 9 140
6 48 37 43 -2 22 0 0.00 M M 8.4 17 340 M M 8 22 340
7 52 30 41 -4 24 0 0.00 M M 8.0 15 140 M M 4 1 20 160
8 55 31 43 -2 22 0 T M M 10.6 16 320 M M 8 1 23 320
9 31 25 28 -17 37 0 M M M 8.7 14 350 M M 10 1 18 350
10 28 24 26 -19 39 0 0.00 M M 9.3 14 360 M M 10 1 18 10
11 25 21 23 -23 42 0 M 0.0 0 11.4 14 360 M M 10 1 20 360
12 23 19 21 -25 44 0 0.00 0.0 0 12.2 15 360 M M 10 1 22 350
13 30 16 23 -23 42 0 0.00 M M 12.5 16 360 M M 10 22 360
14 18 6 12 -34 53 0 M M M 14.2 17 360 M M 10 25 20
15 10 -1 5 -41 60 0 0.00 M M 14.9 21 330 M M 3 28 360
16 16 -6 5 -41 60 0 0.00 M M 5.8 9 130 M M 6 M M
17 25 14 20 -27 45 0 0.00 M M 6.5 9 80 M M 10 M M
18 29 14 22 -25 43 0 0.00 M M 10.5 16 360 M M 3 20 360
19 37 9 23 -24 42 0 0.00 M M 4.5 9 160 M M 0 M M
20 55 23 39 -8 26 0 0.00 M M 10.4 20 160 M M 0 1 23 150
21 66 41 54 6 11 0 0.00 M M 14.3 21 290 M M 4 31 190
22 70 28 49 1 16 0 0.00 M M 5.8 13 210 M M 0 22 230
23 79 39 59 11 6 0 0.00 0.0 M 11.2 23 190 M M 0 32 180
24 67 45 56 8 9 0 0.00 M M 11.7 20 350 M M 0 28 350
25 50 40 45 -3 20 0 0.48 M M 9.1 13 360 M M 5 18 30
26 55 43 49 0 16 0 M M M 4.1 8 30 M M 8 1 M M
27 61 45 53 4 12 0 M M M 7.1 14 160 M M 9 12 18 160
28 64 47 56 7 9 0 0.31 M M 8.2 16 350 M M 6 1 22 330
================================================================================
SM 1295 760 788 0 0.79 0.0 261.5 M 138
================================================================================
AV 46.3 27.1 9.3 FASTST M M 5 MAX(MPH)
MISC ----> 28 340 36 340
================================================================================
NOTES:
# LAST OF SEVERAL OCCURRENCES
COLUMN 17 PEAK WIND IN M.P.H.
PRELIMINARY LOCAL CLIMATOLOGICAL DATA (WS FORM: F-6) , PAGE 2
STATION: GAINESVILLE
MONTH: FEBRUARY
YEAR: 2021
LATITUDE: 33 39 N
LONGITUDE: 97 12 W
[TEMPERATURE DATA] [PRECIPITATION DATA] SYMBOLS USED IN COLUMN 16
AVERAGE MONTHLY: 36.7 TOTAL FOR MONTH: 0.79 1 = FOG OR MIST
DPTR FM NORMAL: -9.6 DPTR FM NORMAL: -1.91 2 = FOG REDUCING VISIBILITY
HIGHEST: 79 ON 23 GRTST 24HR 0.48 ON 25-25 TO 1/4 MILE OR LESS
LOWEST: -6 ON 16 3 = THUNDER
SNOW, ICE PELLETS, HAIL 4 = ICE PELLETS
TOTAL MONTH: 0.0 INCH 5 = HAIL
GRTST 24HR 0.0 6 = FREEZING RAIN OR DRIZZLE
GRTST DEPTH: 0 7 = DUSTSTORM OR SANDSTORM:
VSBY 1/2 MILE OR LESS
8 = SMOKE OR HAZE
[NO. OF DAYS WITH] [WEATHER - DAYS WITH] 9 = BLOWING SNOW
X = TORNADO
MAX 32 OR BELOW: 10 0.01 INCH OR MORE: 2
MAX 90 OR ABOVE: 0 0.10 INCH OR MORE: 2
MIN 32 OR BELOW: 17 0.50 INCH OR MORE: 0
MIN 0 OR BELOW: 2 1.00 INCH OR MORE: 0
[HDD (BASE 65) ]
TOTAL THIS MO. 788 CLEAR (SCALE 0-3) 10
DPTR FM NORMAL 262 PTCLDY (SCALE 4-7) 8
TOTAL FM JUL 1 2413 CLOUDY (SCALE 8-10) 10
DPTR FM NORMAL 39
[CDD (BASE 65) ]
TOTAL THIS MO. 0
DPTR FM NORMAL -2 [PRESSURE DATA]
TOTAL FM JAN 1 0 HIGHEST SLP M ON M
DPTR FM NORMAL 0 LOWEST SLP M ON M
[REMARKS]
#FINAL-02-21#