000
CXUS54 KFWD 010731
CF6GLE
PRELIMINARY LOCAL CLIMATOLOGICAL DATA (WS FORM: F-6)
STATION: GAINESVILLE
MONTH: APRIL
YEAR: 2020
LATITUDE: 33 39 N
LONGITUDE: 97 12 W
TEMPERATURE IN F: :PCPN: SNOW: WIND :SUNSHINE: SKY :PK WND
================================================================================
1 2 3 4 5 6A 6B 7 8 9 10 11 12 13 14 15 16 17 18
12Z AVG MX 2MIN
DY MAX MIN AVG DEP HDD CDD WTR SNW DPTH SPD SPD DIR MIN PSBL S-S WX SPD DR
================================================================================
1 69 47 58 0 7 0 0.00 0.0 0 8.3 18 150 M M 0 23 170
2 66 55 61 2 4 0 0.00 0.0 0 13.7 17 160 M M 7 25 170
3 64 37 51 -8 14 0 0.12 0.0 0 12.9 20 340 M M 10 1 25 340
4 48 38 43 -16 22 0 M 0.0 0 7.7 13 350 M M 10 18 350
5 63 43 53 -7 12 0 0.00 0.0 0 4.7 10 160 M M 10 1 M M
6 72 56 64 4 1 0 0.00 0.0 0 7.4 14 160 M M 7 1 M M
7 85 62 74 14 0 9 0.00 0.0 0 7.9 14 210 M M 4 1 17 190
8 91 60 76 16 0 11 0.00 0.0 0 5.3 14 230 M M 1 18 230
9 74 57 66 5 0 1 0.00 0.0 0 8.3 16 60 M M 0 21 60
10 70 48 59 -2 6 0 0.00 0.0 0 7.0 12 60 M M 1 17 90
11 68 55 62 1 3 0 0.29 0.0 0 10.2 20 170 M M 8 1 25 170
12 77 41 59 -3 6 0 0.06 0.0 0 12.7 28 330 M M 6 1 37 330
13 53 35 44 -18 21 0 0.00 0.0 0 11.1 25 350 M M 2 37 350
14 51 37 44 -18 21 0 0.00 0.0 0 7.1 13 10 M M 8 M M
15 60 31 46 -16 19 0 0.00 0.0 0 3.5 8 230 M M 0 M M
16 71 44 58 -4 7 0 0.00 0.0 0 12.8 22 160 M M 0 31 160
17 61 40 51 -12 14 0 0.00 0.0 0 9.9 22 180 M M 6 25 180
18 65 37 51 -12 14 0 0.00 0.0 0 5.3 10 150 M M 4 M M
19 76 54 65 2 0 0 0.00 0.0 0 7.2 16 160 M M 7 1 18 360
20 71 48 60 -4 5 0 0.00 0.0 0 2.8 7 130 M M 2 1 M M
21 81 50 66 2 0 1 0.00 0.0 0 7.2 15 140 M M 4 1 20 140
22 87 60 74 10 0 9 0.01 0.0 0 14.0 22 310 M M 6 31 310
23 82 55 69 5 0 4 0.00 0.0 0 7.0 12 360 M M 0 18 310
24 85 59 72 8 0 7 0.00 0.0 0 10.5 22 310 M M 0 29 310
25 75 51 63 -2 2 0 0.00 0.0 0 8.5 18 350 M M 0 24 350
26 80 46 63 -2 2 0 0.00 0.0 0 5.2 12 150 M M 0 18 18 150
27 82 60 71 6 0 6 0.00 0.0 0 12.0 23 190 M M 0 30 170
28 87 64 76 10 0 11 0.30 0.0 0 13.0 25 350 M M 3 30 350
29 76 53 65 -1 0 0 0.00 0.0 0 11.0 25 330 M M 0 37 320
30 80 47 64 -2 1 0 0.00 0.0 0 3.9 10 160 M M 0 9 220
================================================================================
SM 2170 1470 181 59 0.78 0.0 258.1 M 106
================================================================================
AV 72.3 49.0 8.6 FASTST M M 4 MAX(MPH)
MISC ----> # 28 330 # 37 330
================================================================================
NOTES:
# LAST OF SEVERAL OCCURRENCES
COLUMN 17 PEAK WIND IN M.P.H.
PRELIMINARY LOCAL CLIMATOLOGICAL DATA (WS FORM: F-6) , PAGE 2
STATION: GAINESVILLE
MONTH: APRIL
YEAR: 2020
LATITUDE: 33 39 N
LONGITUDE: 97 12 W
[TEMPERATURE DATA] [PRECIPITATION DATA] SYMBOLS USED IN COLUMN 16
AVERAGE MONTHLY: 60.7 TOTAL FOR MONTH: 0.78 1 = FOG OR MIST
DPTR FM NORMAL: -1.6 DPTR FM NORMAL: -3.09 2 = FOG REDUCING VISIBILITY
HIGHEST: 91 ON 8 GRTST 24HR 0.30 ON 28-28 TO 1/4 MILE OR LESS
LOWEST: 31 ON 15 3 = THUNDER
SNOW, ICE PELLETS, HAIL 4 = ICE PELLETS
TOTAL MONTH: 0.0 INCH 5 = HAIL
GRTST 24HR 0.0 6 = FREEZING RAIN OR DRIZZLE
GRTST DEPTH: 0 7 = DUSTSTORM OR SANDSTORM:
VSBY 1/2 MILE OR LESS
8 = SMOKE OR HAZE
[NO. OF DAYS WITH] [WEATHER - DAYS WITH] 9 = BLOWING SNOW
X = TORNADO
MAX 32 OR BELOW: 0 0.01 INCH OR MORE: 5
MAX 90 OR ABOVE: 1 0.10 INCH OR MORE: 3
MIN 32 OR BELOW: 1 0.50 INCH OR MORE: 0
MIN 0 OR BELOW: 0 1.00 INCH OR MORE: 0
[HDD (BASE 65) ]
TOTAL THIS MO. 181 CLEAR (SCALE 0-3) 15
DPTR FM NORMAL 44 PTCLDY (SCALE 4-7) 12
TOTAL FM JUL 1 2603 CLOUDY (SCALE 8-10) 3
DPTR FM NORMAL -272
[CDD (BASE 65) ]
TOTAL THIS MO. 59
DPTR FM NORMAL 3 [PRESSURE DATA]
TOTAL FM JAN 1 107 HIGHEST SLP M ON M
DPTR FM NORMAL 37 LOWEST SLP M ON M
[REMARKS]
#FINAL-04-20#