000
CXUS52 KJAX 230800
CF6GNV
PRELIMINARY LOCAL CLIMATOLOGICAL DATA (WS FORM: F-6)
STATION: GAINESVILLE
MONTH: APRIL
YEAR: 2024
LATITUDE: 29 40 N
LONGITUDE: 82 16 W
TEMPERATURE IN F: :PCPN: SNOW: WIND :SUNSHINE: SKY :PK WND
================================================================================
1 2 3 4 5 6A 6B 7 8 9 10 11 12 13 14 15 16 17 18
12Z AVG MX 2MIN
DY MAX MIN AVG DEP HDD CDD WTR SNW DPTH SPD SPD DIR MIN PSBL S-S WX SPD DR
================================================================================
1 82 56 69 3 0 4 0.00 0.0 0 5.2 15 240 M M 0 20 230
2 83 59 71 5 0 6 0.00 0.0 0 7.2 20 250 M M 4 12 29 260
3 76 57 67 1 0 2 2.07 0.0 0 10.5 26 270 M M 6 13 39 290
4 71 49 60 -6 5 0 0.00 0.0 0 9.7 24 250 M M 0 35 270
5 76 48 62 -4 3 0 0.00 0.0 0 8.6 22 260 M M 0 30 270
6 73 49 61 -5 4 0 0.00 0.0 0 4.6 13 330 M M 0 17 330
7 76 42 59 -8 6 0 0.00 0.0 0 4.0 12 80 M M 0 18 110
8 78 49 64 -3 1 0 0.00 0.0 0 5.5 15 110 M M 0 22 130
9 80 53 67 0 0 2 0.00 0.0 0 6.2 17 130 M M 2 24 110
10 84 60 72 5 0 7 0.00 0.0 0 9.9 20 120 M M 4 28 120
11 80 64 72 4 0 7 0.91 0.0 0 16.9 30 250 M M 7 13 42 260
12 78 52 65 -3 0 0 0.00 0.0 0 11.0 23 260 M M 0 36 270
13 78 49 64 -4 1 0 0.00 0.0 0 5.4 15 10 M M 0 22 340
14 83 49 66 -2 0 1 0.00 0.0 0 4.6 15 250 M M 0 18 240
15 84 53 69 1 0 4 0.00 0.0 0 1.6 10 130 M M 0 14 190
16 85 54 70 1 0 5 0.00 0.0 0 5.3 15 120 M M 0 21 120
17 86 56 71 2 0 6 0.00 0.0 0 4.6 14 210 M M 0 12 17 120
18 88 63 76 7 0 11 0.00 0.0 0 2.9 15 290 M M 1 21 290
19 88 61 75 6 0 10 0.00 0.0 0 6.3 17 250 M M 1 1 21 250
20 89 65 77 7 0 12 0.00 0.0 0 7.8 16 260 M M 2 23 230
21 85 61 73 3 0 8 0.13 0.0 0 8.8 21 230 M M 5 13 28 220
22 74 52 63 -7 2 0 0.00 0.0 0 7.7 15 50 M M 4 21 350
================================================================================
SM 1777 1201 22 85 3.11 0.0 154.3 M 36
================================================================================
AV 80.8 54.6 7.0 FASTST M M 2 MAX(MPH)
MISC ----> 30 250 42 260
================================================================================
NOTES:
# LAST OF SEVERAL OCCURRENCES
COLUMN 17 PEAK WIND IN M.P.H.
PRELIMINARY LOCAL CLIMATOLOGICAL DATA (WS FORM: F-6) , PAGE 2
STATION: GAINESVILLE
MONTH: APRIL
YEAR: 2024
LATITUDE: 29 40 N
LONGITUDE: 82 16 W
[TEMPERATURE DATA] [PRECIPITATION DATA] SYMBOLS USED IN COLUMN 16
AVERAGE MONTHLY: 67.7 TOTAL FOR MONTH: 3.11 1 = FOG OR MIST
DPTR FM NORMAL: 0.0 DPTR FM NORMAL: 1.02 2 = FOG REDUCING VISIBILITY
HIGHEST: 89 ON 20 GRTST 24HR 2.07 ON 3- 3 TO 1/4 MILE OR LESS
LOWEST: 42 ON 7 3 = THUNDER
SNOW, ICE PELLETS, HAIL 4 = ICE PELLETS
TOTAL MONTH: 0.0 INCH 5 = HAIL
GRTST 24HR 0.0 6 = FREEZING RAIN OR DRIZZLE
GRTST DEPTH: 0 7 = DUSTSTORM OR SANDSTORM:
VSBY 1/2 MILE OR LESS
8 = SMOKE OR HAZE
[NO. OF DAYS WITH] [WEATHER - DAYS WITH] 9 = BLOWING SNOW
X = TORNADO
MAX 32 OR BELOW: 0 0.01 INCH OR MORE: 3
MAX 90 OR ABOVE: 0 0.10 INCH OR MORE: 3
MIN 32 OR BELOW: 0 0.50 INCH OR MORE: 2
MIN 0 OR BELOW: 0 1.00 INCH OR MORE: 1
[HDD (BASE 65) ]
TOTAL THIS MO. 22 CLEAR (SCALE 0-3) 16
DPTR FM NORMAL -10 PTCLDY (SCALE 4-7) 6
TOTAL FM JUL 1 871 CLOUDY (SCALE 8-10) 0
DPTR FM NORMAL -262
[CDD (BASE 65) ]
TOTAL THIS MO. 85
DPTR FM NORMAL -5 [PRESSURE DATA]
TOTAL FM JAN 1 228 HIGHEST SLP M ON M
DPTR FM NORMAL 32 LOWEST SLP 29.63 ON 3
[REMARKS]