000
CXUS52 KJAX 010800
CF6GNV
PRELIMINARY LOCAL CLIMATOLOGICAL DATA (WS FORM: F-6)
STATION: GAINESVILLE
MONTH: JULY
YEAR: 2023
LATITUDE: 29 40 N
LONGITUDE: 82 16 W
TEMPERATURE IN F: :PCPN: SNOW: WIND :SUNSHINE: SKY :PK WND
================================================================================
1 2 3 4 5 6A 6B 7 8 9 10 11 12 13 14 15 16 17 18
12Z AVG MX 2MIN
DY MAX MIN AVG DEP HDD CDD WTR SNW DPTH SPD SPD DIR MIN PSBL S-S WX SPD DR
================================================================================
1 95 70 83 2 0 18 0.00 0.0 0 3.5 16 100 M M 1 1 22 70
2 96 73 85 4 0 20 0.00 0.0 0 2.6 12 120 M M 1 15 110
3 98 73 86 5 0 21 0.00 0.0 0 3.1 18 210 M M 1 3 24 210
4 98 74 86 5 0 21 0.00 0.0 0 3.7 18 240 M M 0 13 25 250
5 95 75 85 4 0 20 0.00 0.0 0 5.6 21 160 M M 1 13 29 150
6 95 76 86 5 0 21 0.00 0.0 0 5.9 17 290 M M 1 3 22 280
7 92 73 83 2 0 18 0.20 0.0 0 6.4 18 290 M M 2 13 29 290
8 94 74 84 3 0 19 T 0.0 0 6.1 17 260 M M 2 13 23 260
9 93 78 86 5 0 21 0.10 0.0 0 8.6 21 300 M M 3 13 30 310
10 88 75 82 1 0 17 0.41 0.0 0 7.4 26 260 M M 3 13 38 250
11 89 75 82 1 0 17 0.07 0.0 0 7.0 13 280 M M 4 13 19 240
12 95 74 85 4 0 20 0.01 0.0 0 2.6 16 220 M M 2 13 22 210
13 94 73 84 3 0 19 0.00 0.0 0 4.7 16 290 M M 1 1 24 270
14 90 74 82 1 0 17 0.23 0.0 0 3.3 23 230 M M 1 13 31 260
15 89 75 82 1 0 17 0.49 0.0 0 6.4 23 230 M M 3 3 39 240
16 92 76 84 3 0 19 0.03 0.0 0 7.2 20 300 M M 3 13 26 310
17 92 74 83 2 0 18 0.54 0.0 0 4.2 24 310 M M 3 13 37 310
18 95 73 84 3 0 19 0.00 0.0 0 3.0 13 320 M M 1 13 18 330
19 94 73 84 3 0 19 0.11 0.0 0 3.0 15 170 M M 2 13 20 160
20 95 74 85 4 0 20 0.00 0.0 0 3.2 9 240 M M 2 1 12 130
21 96 75 86 5 0 21 0.00 0.0 0 7.4 17 250 M M 1 21 260
22 96 74 85 3 0 20 0.34 0.0 0 8.9 25 350 M M 2 13 36 330
23 88 72 80 -2 0 15 0.18 0.0 0 4.3 21 260 M M 4 13 29 250
24 91 74 83 1 0 18 0.06 0.0 0 6.6 17 200 M M 4 13 27 230
25 88 71 80 -2 0 15 0.03 0.0 0 3.5 21 250 M M 1 13 29 250
26 95 69 82 0 0 17 0.04 0.0 0 2.2 15 60 M M 1 3 21 20
27 91 73 82 0 0 17 0.00 0.0 0 2.7 15 110 M M 1 1 18 100
28 90 75 83 1 0 18 0.89 0.0 0 2.0 18 280 M M 3 13 24 280
29 93 73 83 1 0 18 0.00 0.0 0 3.6 17 270 M M 2 13 24 280
30 97 72 85 3 0 20 0.74 0.0 0 6.9 29 40 M M 3 13 40 50
31 92 72 82 0 0 17 0.10 0.0 0 3.0 24 220 M M 1 13 32 220
================================================================================
SM 2886 2282 0 577 4.57 0.0 148.6 M 60
================================================================================
AV 93.1 73.6 4.8 FASTST M M 2 MAX(MPH)
MISC ----> 29 40 40 50
================================================================================
NOTES:
# LAST OF SEVERAL OCCURRENCES
COLUMN 17 PEAK WIND IN M.P.H.
PRELIMINARY LOCAL CLIMATOLOGICAL DATA (WS FORM: F-6) , PAGE 2
STATION: GAINESVILLE
MONTH: JULY
YEAR: 2023
LATITUDE: 29 40 N
LONGITUDE: 82 16 W
[TEMPERATURE DATA] [PRECIPITATION DATA] SYMBOLS USED IN COLUMN 16
AVERAGE MONTHLY: 83.4 TOTAL FOR MONTH: 4.57 1 = FOG OR MIST
DPTR FM NORMAL: 2.0 DPTR FM NORMAL: -2.11 2 = FOG REDUCING VISIBILITY
HIGHEST: 98 ON 4, 3 GRTST 24HR 0.89 ON 28-28 TO 1/4 MILE OR LESS
LOWEST: 69 ON 26 3 = THUNDER
SNOW, ICE PELLETS, HAIL 4 = ICE PELLETS
TOTAL MONTH: 0.0 INCH 5 = HAIL
GRTST 24HR 0.0 6 = FREEZING RAIN OR DRIZZLE
GRTST DEPTH: 0 7 = DUSTSTORM OR SANDSTORM:
VSBY 1/2 MILE OR LESS
8 = SMOKE OR HAZE
[NO. OF DAYS WITH] [WEATHER - DAYS WITH] 9 = BLOWING SNOW
X = TORNADO
MAX 32 OR BELOW: 0 0.01 INCH OR MORE: 18
MAX 90 OR ABOVE: 26 0.10 INCH OR MORE: 12
MIN 32 OR BELOW: 0 0.50 INCH OR MORE: 3
MIN 0 OR BELOW: 0 1.00 INCH OR MORE: 0
[HDD (BASE 65) ]
TOTAL THIS MO. 0 CLEAR (SCALE 0-3) 26
DPTR FM NORMAL 0 PTCLDY (SCALE 4-7) 5
TOTAL FM JUL 1 0 CLOUDY (SCALE 8-10) 0
DPTR FM NORMAL 0
[CDD (BASE 65) ]
TOTAL THIS MO. 577
DPTR FM NORMAL 70 [PRESSURE DATA]
TOTAL FM JAN 1 1812 HIGHEST SLP 30.18 ON 19
DPTR FM NORMAL 299 LOWEST SLP 29.87 ON 8
[REMARKS]
#FINAL-07-23#