000
CXUS54 KOUN 010910
CF6GOK
PRELIMINARY LOCAL CLIMATOLOGICAL DATA (WS FORM: F-6)
STATION: GUTHRIE MUNICIPAL
MONTH: DECEMBER
YEAR: 2020
LATITUDE: 35 50 N
LONGITUDE: 97 25 W
TEMPERATURE IN F: :PCPN: SNOW: WIND :SUNSHINE: SKY :PK WND
================================================================================
1 2 3 4 5 6A 6B 7 8 9 10 11 12 13 14 15 16 17 18
12Z AVG MX 2MIN
DY MAX MIN AVG DEP HDD CDD WTR SNW DPTH SPD SPD DIR MIN PSBL S-S WX SPD DR
================================================================================
1 58 33 46 2 19 0 0.00 M M 10.6 17 170 M M 0 23 180
2 44 38 41 -2 24 0 0.12 M M 6.9 14 90 M M 10 1 20 320
3 40 27 34 -9 31 0 0.05 M M 6.4 13 350 M M 8 1 19 330
4 52 24 38 -5 27 0 0.00 M M 4.5 13 280 M M 0 1 15 270
5 57 26 42 0 23 0 0.00 M M 3.9 12 330 M M 0 16 340
6 56 25 41 -1 24 0 0.00 M M 3.5 13 330 M M 0 18 340
7 61 25 43 1 22 0 0.00 0.0 M 4.5 10 290 M M 0 13 290
8 62 28 45 4 20 0 0.00 0.0 M 5.3 10 270 M M 0 14 300
9 69 32 51 10 14 0 0.00 0.0 M 4.0 8 180 M M 0 9 260
10 73 40 57 16 8 0 T M M 6.9 20 190 M M 1 25 190
11 53 35 44 4 21 0 0.03 M M 7.8 15 300 M M 6 18 21 300
12 42 29 36 -4 29 0 0.00 M M 5.7 13 330 M M 5 21 310
13 36 22 29 -11 36 0 0.34 M M 7.5 15 10 M M 7 1 26 10
14 35 15 25 -15 40 0 0.00 M M 5.9 13 110 M M 0 12 17 120
15 31 27 29 -10 36 0 M M M 7.4 18 120 M M 9 12 25 130
16 33 23 28 -11 37 0 0.00 M M 4.3 10 280 M M 6 1 13 290
17 49 21 35 -4 30 0 0.00 0.0 M 5.7 15 160 M M 0 1 21 180
18 57 42 50 11 15 0 0.00 M M 14.3 31 200 M M 1 42 190
19 49 27 38 -1 27 0 0.00 M M 4.3 12 300 M M 0 15 330
20 56 27 42 4 23 0 0.00 M M 7.1 13 290 M M 0 16 290
21 66 35 51 13 14 0 0.00 M M 5.8 12 70 M M 0 8 16 50
22 67 42 55 17 10 0 0.00 M M 15.6 35 180 M M 0 47 150
23 61 27 44 6 21 0 0.00 0.0 M 15.5 35 200 M M 0 44 200
24 46 20 33 -5 32 0 0.00 M M 6.7 17 300 M M 1 25 320
25 57 20 39 1 26 0 0.00 M M 6.9 15 220 M M 0 19 220
26 65 35 50 12 15 0 0.00 0.0 M 11.8 22 180 M M 0 31 190
27 63 42 53 16 12 0 0.00 M M 10.8 23 200 M M 0 29 190
28 47 34 41 4 24 0 0.00 M M 7.3 16 80 M M 2 21 80
29 57 37 47 10 18 0 0.65 M M 13.9 25 160 M M 10 1 37 160
30 42 29 36 -1 29 0 0.69 M M 7.3 15 10 M M 5 1 23 10
31 36 24 30 -7 35 0 0.59 M M 8.5 20 20 M M 3 16 31 20
================================================================================
SM 1620 911 742 0 2.47 0.0 236.6 M 74
================================================================================
AV 52.3 29.4 7.6 FASTST M M 2 MAX(MPH)
MISC ----> # 35 180 47 150
================================================================================
NOTES:
# LAST OF SEVERAL OCCURRENCES
COLUMN 17 PEAK WIND IN M.P.H.
PRELIMINARY LOCAL CLIMATOLOGICAL DATA (WS FORM: F-6) , PAGE 2
STATION: GUTHRIE MUNICIPAL
MONTH: DECEMBER
YEAR: 2020
LATITUDE: 35 50 N
LONGITUDE: 97 25 W
[TEMPERATURE DATA] [PRECIPITATION DATA] SYMBOLS USED IN COLUMN 16
AVERAGE MONTHLY: 40.8 TOTAL FOR MONTH: 2.47 1 = FOG OR MIST
DPTR FM NORMAL: 1.2 DPTR FM NORMAL: 0.62 2 = FOG REDUCING VISIBILITY
HIGHEST: 73 ON 10 GRTST 24HR 1.27 ON 29-30 TO 1/4 MILE OR LESS
LOWEST: 15 ON 14 3 = THUNDER
SNOW, ICE PELLETS, HAIL 4 = ICE PELLETS
TOTAL MONTH: 0.0 INCH 5 = HAIL
GRTST 24HR 0.0 6 = FREEZING RAIN OR DRIZZLE
GRTST DEPTH: M ON M 7 = DUSTSTORM OR SANDSTORM:
VSBY 1/2 MILE OR LESS
8 = SMOKE OR HAZE
[NO. OF DAYS WITH] [WEATHER - DAYS WITH] 9 = BLOWING SNOW
X = TORNADO
MAX 32 OR BELOW: 1 0.01 INCH OR MORE: 7
MAX 90 OR ABOVE: 0 0.10 INCH OR MORE: 5
MIN 32 OR BELOW: 20 0.50 INCH OR MORE: 3
MIN 0 OR BELOW: 0 1.00 INCH OR MORE: 0
[HDD (BASE 65) ]
TOTAL THIS MO. 742 CLEAR (SCALE 0-3) 21
DPTR FM NORMAL -44 PTCLDY (SCALE 4-7) 7
TOTAL FM JUL 1 1344 CLOUDY (SCALE 8-10) 3
DPTR FM NORMAL -88
[CDD (BASE 65) ]
TOTAL THIS MO. 0
DPTR FM NORMAL -1 [PRESSURE DATA]
TOTAL FM JAN 1 1937 HIGHEST SLP 30.42 ON 28
DPTR FM NORMAL -136 LOWEST SLP 29.61 ON 23
[REMARKS]
#FINAL-12-20#