000
CXUS55 KMSO 012202
CF6GPI
PRELIMINARY LOCAL CLIMATOLOGICAL DATA (WS FORM: F-6)
STATION: KALISPELL MT
MONTH: FEBRUARY
YEAR: 2023
LATITUDE: 48 17 N
LONGITUDE: 114 16 W
TEMPERATURE IN F: :PCPN: SNOW: WIND :SUNSHINE: SKY :PK WND
================================================================================
1 2 3 4 5 6A 6B 7 8 9 10 11 12 13 14 15 16 17 18
12Z AVG MX 2MIN
DY MAX MIN AVG DEP HDD CDD WTR SNW DPTH SPD SPD DIR MIN PSBL S-S WX SPD DR
================================================================================
1 26 16 21 -4 44 0 0.03 0.5 16 0.3 5 260 M M 10 1 6 270
2 31 5 18 -7 47 0 0.00 0.0 15 0.5 6 20 M M 4 128 7 220
3 36 8 22 -3 43 0 0.00 0.0 13 3.0 15 160 M M 7 128 20 160
4 40 21 31 6 34 0 0.00 0.0 13 8.4 17 150 M M 8 1 24 130
5 36 18 27 2 38 0 T 0.0 11 1.5 10 170 M M 10 12 12 160
6 38 28 33 7 32 0 0.00 0.0 11 7.7 17 210 M M 9 22 220
7 41 34 38 12 27 0 0.03 0.0 10 7.2 14 170 M M 10 21 180
8 40 24 32 6 33 0 0.01 T 10 6.4 17 230 M M 7 18 26 210
9 36 10 23 -3 42 0 0.00 0.0 10 1.3 7 270 M M 2 10 140
10 37 11 24 -2 41 0 0.00 0.0 10 1.2 7 30 M M 6 9 180
11 38 18 28 2 37 0 0.00 0.0 10 3.2 13 160 M M 3 19 140
12 36 14 25 -1 40 0 0.00 0.0 10 0.6 8 280 M M 6 10 290
13 42 29 36 10 29 0 T 0.0 10 8.1 21 230 M M 7 32 240
14 31 5 18 -8 47 0 0.12 1.0 10 7.9 23 360 M M 4 12 28 350
15 33 4 19 -8 46 0 0.00 0.0 10 2.1 9 20 M M 5 11 20
16 33 2 18 -9 47 0 0.00 0.0 10 1.7 9 170 M M 1 1 12 180
17 36 20 28 1 37 0 T T 10 9.2 17 210 M M 9 22 210
18 33 29 31 4 34 0 T T 10 8.8 15 160 M M 9 1 23 130
19 37 28 33 6 32 0 0.04 1.0 10 11.5 22 230 M M 9 1 27 130
20 42 34 38 10 27 0 0.11 0.0 10 11.9 20 150 M M 10 1 29 140
21 38 8 23 -5 42 0 T 0.5 9 22.6 40 20 M M 9 129 53 30
22 8 -1 4 -24 61 0 0.00 0.0 10 18.7 31 40 M M 4 45 40
23 4 -5 0 -28 65 0 0.00 0.0 10 15.6 29 20 M M 4 18 39 20
24 14 -6 4 -24 61 0 T T 10 6.1 21 10 M M 6 1 25 10
25 32 5 19 -10 46 0 T T 10 0.3 5 240 M M 5 7 150
26 39 11 25 -4 40 0 T T 9 4.4 21 250 M M 4 29 230
27 34 14 24 -5 41 0 0.00 0.0 7 6.3 17 150 M M 6 25 120
28 31 9 20 -9 45 0 0.22 4.4 9 4.1 14 140 M M 7 128 17 140
================================================================================
SM 922 393 1158 0 0.56 7.4 180.6 M 181
================================================================================
AV 32.9 14.0 6.5 FASTST M M 6 MAX(MPH)
MISC ----> 40 20 53 30
================================================================================
NOTES:
# LAST OF SEVERAL OCCURRENCES
COLUMN 17 PEAK WIND IN M.P.H.
PRELIMINARY LOCAL CLIMATOLOGICAL DATA (WS FORM: F-6) , PAGE 2
STATION: KALISPELL MT
MONTH: FEBRUARY
YEAR: 2023
LATITUDE: 48 17 N
LONGITUDE: 114 16 W
[TEMPERATURE DATA] [PRECIPITATION DATA] SYMBOLS USED IN COLUMN 16
AVERAGE MONTHLY: 23.5 TOTAL FOR MONTH: 0.56 1 = FOG OR MIST
DPTR FM NORMAL: -3.3 DPTR FM NORMAL: -0.40 2 = FOG REDUCING VISIBILITY
HIGHEST: 42 ON 20,13 GRTST 24HR 0.22 ON 28-28 TO 1/4 MILE OR LESS
LOWEST: -6 ON 24 3 = THUNDER
SNOW, ICE PELLETS, HAIL 4 = ICE PELLETS
TOTAL MONTH: 12.2 INCHES 5 = HAIL
GRTST 24HR 4.4 ON 28-28 6 = FREEZING RAIN OR DRIZZLE
GRTST DEPTH: 16 ON 1 7 = DUSTSTORM OR SANDSTORM:
VSBY 1/2 MILE OR LESS
8 = SMOKE OR HAZE
[NO. OF DAYS WITH] [WEATHER - DAYS WITH] 9 = BLOWING SNOW
X = TORNADO
MAX 32 OR BELOW: 8 0.01 INCH OR MORE: 7
MAX 90 OR ABOVE: 0 0.10 INCH OR MORE: 3
MIN 32 OR BELOW: 26 0.50 INCH OR MORE: 0
MIN 0 OR BELOW: 3 1.00 INCH OR MORE: 0
[HDD (BASE 65) ]
TOTAL THIS MO. 1158 CLEAR (SCALE 0-3) 2
DPTR FM NORMAL 88 PTCLDY (SCALE 4-7) 17
TOTAL FM JUL 1 5933 CLOUDY (SCALE 8-10) 9
DPTR FM NORMAL 86
[CDD (BASE 65) ]
TOTAL THIS MO. 0
DPTR FM NORMAL 0 [PRESSURE DATA]
TOTAL FM JAN 1 0 HIGHEST SLP 30.60 ON 9
DPTR FM NORMAL 0 LOWEST SLP 29.31 ON 21
[REMARKS]
#FINAL-02-23#