000
CXUS55 KMSO 042051
CF6GPI
PRELIMINARY LOCAL CLIMATOLOGICAL DATA (WS FORM: F-6)
STATION: KALISPELL MT
MONTH: MARCH
YEAR: 2021
LATITUDE: 48 17 N
LONGITUDE: 114 16 W
TEMPERATURE IN F: :PCPN: SNOW: WIND :SUNSHINE: SKY :PK WND
================================================================================
1 2 3 4 5 6A 6B 7 8 9 10 11 12 13 14 15 16 17 18
12Z AVG MX 2MIN
DY MAX MIN AVG DEP HDD CDD WTR SNW DPTH SPD SPD DIR MIN PSBL S-S WX SPD DR
================================================================================
1 46 33 40 10 25 0 0.00 0.0 0 8.3 15 170 M M 7 20 150
2 50 32 41 11 24 0 0.00 0.0 0 9.6 20 230 M M 6 28 240
3 53 27 40 9 25 0 0.00 0.0 0 4.4 13 170 M M 2 16 160
4 54 24 39 8 26 0 0.00 0.0 0 2.4 13 20 M M 0 17 20
5 55 23 39 7 26 0 0.00 0.0 0 0.9 7 260 M M 0 9 190
6 48 26 37 5 28 0 0.00 0.0 0 4.7 16 160 M M 6 19 230
7 45 25 35 3 30 0 0.00 0.0 0 6.1 20 210 M M 8 24 210
8 44 24 34 2 31 0 0.00 0.0 0 2.1 8 190 M M 5 10 240
9 43 22 33 0 32 0 0.00 0.0 0 3.5 16 160 M M 3 8 20 150
10 46 22 34 1 31 0 0.00 0.0 0 2.9 14 160 M M 4 18 280
11 47 20 34 0 31 0 0.00 0.0 0 3.6 15 160 M M 0 19 140
12 49 20 35 1 30 0 0.00 0.0 0 3.3 13 160 M M 0 21 140
13 56 22 39 5 26 0 0.00 0.0 0 2.7 8 50 M M 0 14 150
14 58 21 40 5 25 0 0.00 0.0 0 1.9 9 170 M M 0 12 170
15 60 26 43 8 22 0 0.00 0.0 0 3.1 13 360 M M 4 15 360
16 54 28 41 5 24 0 0.00 0.0 0 5.3 9 170 M M 8 18 130
17 58 24 41 5 24 0 0.00 0.0 0 2.5 12 150 M M 0 14 150
18 63 27 45 9 20 0 0.00 0.0 0 5.1 18 150 M M 2 23 130
19 51 28 40 3 25 0 0.01 0.0 0 5.6 16 160 M M 8 23 150
20 49 21 35 -2 30 0 T 0.0 0 5.9 17 260 M M 5 22 260
21 43 32 38 1 27 0 0.00 0.0 0 9.9 21 210 M M 10 26 210
22 43 28 36 -2 29 0 0.09 0.0 0 8.4 21 150 M M 9 1 25 150
23 47 20 34 -4 31 0 0.15 1.8 2 6.3 16 150 M M 6 12 20 150
24 42 34 38 0 27 0 0.11 T 0 10.7 17 140 M M 8 1 22 190
25 47 31 39 1 26 0 T 0.0 0 1.2 9 360 M M 9 128 11 290
26 52 29 41 2 24 0 T 0.0 0 5.9 18 260 M M 10 25 290
27 58 40 49 10 16 0 0.00 0.0 0 10.4 23 200 M M 7 28 200
28 62 34 48 9 17 0 0.07 T 0 14.0 36 220 M M 5 18 46 210
29 40 29 35 -5 30 0 0.01 T 0 10.3 21 210 M M 9 1 30 220
30 43 16 30 -10 35 0 0.00 0.0 0 3.6 17 270 M M 5 23 290
31 53 19 36 -4 29 0 0.00 0.0 0 7.9 22 160 M M 0 28 190
================================================================================
SM 1559 807 826 0 0.44 1.8 172.5 M 146
================================================================================
AV 50.3 26.0 5.6 FASTST M M 5 MAX(MPH)
MISC ----> 36 220 46 210
================================================================================
NOTES:
# LAST OF SEVERAL OCCURRENCES
COLUMN 17 PEAK WIND IN M.P.H.
PRELIMINARY LOCAL CLIMATOLOGICAL DATA (WS FORM: F-6) , PAGE 2
STATION: KALISPELL MT
MONTH: MARCH
YEAR: 2021
LATITUDE: 48 17 N
LONGITUDE: 114 16 W
[TEMPERATURE DATA] [PRECIPITATION DATA] SYMBOLS USED IN COLUMN 16
AVERAGE MONTHLY: 38.2 TOTAL FOR MONTH: 0.44 1 = FOG OR MIST
DPTR FM NORMAL: 2.8 DPTR FM NORMAL: -0.65 2 = FOG REDUCING VISIBILITY
HIGHEST: 63 ON 18 GRTST 24HR 0.24 ON 22-23 TO 1/4 MILE OR LESS
LOWEST: 16 ON 30 3 = THUNDER
SNOW, ICE PELLETS, HAIL 4 = ICE PELLETS
TOTAL MONTH: 2.0 INCHES 5 = HAIL
GRTST 24HR 1.8 ON 23-23 6 = FREEZING RAIN OR DRIZZLE
GRTST DEPTH: 2 ON 23 7 = DUSTSTORM OR SANDSTORM:
VSBY 1/2 MILE OR LESS
8 = SMOKE OR HAZE
[NO. OF DAYS WITH] [WEATHER - DAYS WITH] 9 = BLOWING SNOW
X = TORNADO
MAX 32 OR BELOW: 0 0.01 INCH OR MORE: 6
MAX 90 OR ABOVE: 0 0.10 INCH OR MORE: 2
MIN 32 OR BELOW: 27 0.50 INCH OR MORE: 0
MIN 0 OR BELOW: 0 1.00 INCH OR MORE: 0
[HDD (BASE 65) ]
TOTAL THIS MO. 826 CLEAR (SCALE 0-3) 11
DPTR FM NORMAL -93 PTCLDY (SCALE 4-7) 14
TOTAL FM JUL 1 6392 CLOUDY (SCALE 8-10) 6
DPTR FM NORMAL -379
[CDD (BASE 65) ]
TOTAL THIS MO. 0
DPTR FM NORMAL 0 [PRESSURE DATA]
TOTAL FM JAN 1 0 HIGHEST SLP 30.50 ON 31
DPTR FM NORMAL 0 LOWEST SLP 29.40 ON 28
[REMARKS]
#FINAL-03-21#