000
CXUS55 KMSO 012337
CF6GPI
PRELIMINARY LOCAL CLIMATOLOGICAL DATA (WS FORM: F-6)
STATION: KALISPELL MT
MONTH: NOVEMBER
YEAR: 2020
LATITUDE: 48 17 N
LONGITUDE: 114 16 W
TEMPERATURE IN F: :PCPN: SNOW: WIND :SUNSHINE: SKY :PK WND
================================================================================
1 2 3 4 5 6A 6B 7 8 9 10 11 12 13 14 15 16 17 18
12Z AVG MX 2MIN
DY MAX MIN AVG DEP HDD CDD WTR SNW DPTH SPD SPD DIR MIN PSBL S-S WX SPD DR
================================================================================
1 53 20 37 0 28 0 0.00 0.0 0 1.2 8 170 M M 0 14 150
2 54 19 37 1 28 0 0.00 0.0 0 0.5 6 170 M M 0 1 7 190
3 52 20 36 0 29 0 0.00 0.0 0 2.1 10 210 M M 3 12 13 200
4 56 46 51 15 14 0 0.04 0.0 0 6.8 15 160 M M 10 20 160
5 64 44 54 18 11 0 0.16 0.0 0 11.9 30 220 M M 9 42 210
6 47 37 42 7 23 0 0.33 0.0 0 9.1 23 10 M M 9 8 30 10
7 39 29 34 -1 31 0 0.56 1.0 0 9.1 33 20 M M 10 18 42 20
8 29 20 25 -9 40 0 T T 1 13.1 35 20 M M 9 41 30
9 28 14 21 -13 44 0 0.00 0.0 1 4.0 14 160 M M 8 17 140
10 32 23 28 -6 37 0 0.07 2.8 1 4.5 12 170 M M 10 1 14 170
11 31 25 28 -6 37 0 0.04 1.6 3 4.8 15 360 M M 10 1 19 360
12 33 21 27 -6 38 0 T T 4 5.9 14 140 M M 10 1 15 140
13 36 24 30 -3 35 0 0.15 T 2 7.0 23 200 M M 9 1 30 200
14 38 29 34 2 31 0 T T 2 8.2 17 210 M M 7 22 220
15 44 28 36 4 29 0 0.02 0.4 2 6.6 16 230 M M 9 1 22 240
16 41 28 35 3 30 0 0.25 0.0 1 2.0 10 230 M M 8 18 13 220
17 46 29 38 7 27 0 T 0.0 0 0.7 8 290 M M 6 128 10 290
18 49 33 41 10 24 0 0.05 0.0 0 5.9 17 170 M M 7 23 160
19 44 28 36 5 29 0 0.04 0.0 0 7.5 15 230 M M 9 1 20 180
20 44 28 36 6 29 0 T 0.0 0 7.3 16 220 M M 10 22 210
21 45 23 34 4 31 0 0.00 0.0 0 6.9 13 220 M M 7 16 230
22 39 17 28 -2 37 0 0.00 0.0 0 1.0 8 10 M M 0 10 10
23 33 20 27 -2 38 0 0.08 1.3 0 1.1 6 170 M M 9 1 8 200
24 37 29 33 4 32 0 0.00 0.0 1 5.6 12 160 M M 10 14 160
25 41 30 36 8 29 0 T 0.0 T 7.6 15 240 M M 9 22 230
26 43 28 36 8 29 0 0.00 0.0 0 8.1 14 230 M M 8 18 270
27 45 29 37 9 28 0 0.00 0.0 0 10.1 21 160 M M 5 24 150
28 45 20 33 6 32 0 0.00 0.0 0 6.0 13 210 M M 5 16 240
29 38 16 27 0 38 0 0.00 0.0 0 0.4 5 30 M M 0 1 5 20
30 32 13 23 -3 42 0 0.01 0.1 0 1.5 10 150 M M 8 128 13 150
================================================================================
SM 1258 770 930 0 1.80 7.2 166.5 M 214
================================================================================
AV 41.9 25.7 5.6 FASTST M M 7 MAX(MPH)
MISC ----> 35 20 # 42 210
================================================================================
NOTES:
# LAST OF SEVERAL OCCURRENCES
COLUMN 17 PEAK WIND IN M.P.H.
PRELIMINARY LOCAL CLIMATOLOGICAL DATA (WS FORM: F-6) , PAGE 2
STATION: KALISPELL MT
MONTH: NOVEMBER
YEAR: 2020
LATITUDE: 48 17 N
LONGITUDE: 114 16 W
[TEMPERATURE DATA] [PRECIPITATION DATA] SYMBOLS USED IN COLUMN 16
AVERAGE MONTHLY: 33.8 TOTAL FOR MONTH: 1.80 1 = FOG OR MIST
DPTR FM NORMAL: 2.0 DPTR FM NORMAL: 0.37 2 = FOG REDUCING VISIBILITY
HIGHEST: 64 ON 5 GRTST 24HR 0.57 ON 6- 7 TO 1/4 MILE OR LESS
LOWEST: 13 ON 30 3 = THUNDER
SNOW, ICE PELLETS, HAIL 4 = ICE PELLETS
TOTAL MONTH: 7.2 INCHES 5 = HAIL
GRTST 24HR 2.8 ON 10-10 6 = FREEZING RAIN OR DRIZZLE
GRTST DEPTH: 4 ON 12 7 = DUSTSTORM OR SANDSTORM:
VSBY 1/2 MILE OR LESS
8 = SMOKE OR HAZE
[NO. OF DAYS WITH] [WEATHER - DAYS WITH] 9 = BLOWING SNOW
X = TORNADO
MAX 32 OR BELOW: 5 0.01 INCH OR MORE: 13
MAX 90 OR ABOVE: 0 0.10 INCH OR MORE: 5
MIN 32 OR BELOW: 26 0.50 INCH OR MORE: 1
MIN 0 OR BELOW: 0 1.00 INCH OR MORE: 0
[HDD (BASE 65) ]
TOTAL THIS MO. 930 CLEAR (SCALE 0-3) 5
DPTR FM NORMAL -66 PTCLDY (SCALE 4-7) 8
TOTAL FM JUL 1 2130 CLOUDY (SCALE 8-10) 17
DPTR FM NORMAL -75
[CDD (BASE 65) ]
TOTAL THIS MO. 0
DPTR FM NORMAL 0 [PRESSURE DATA]
TOTAL FM JAN 1 155 HIGHEST SLP 30.56 ON 29
DPTR FM NORMAL 8 LOWEST SLP 29.33 ON 13
[REMARKS]
#FINAL-11-20#