000
CXUS54 KLIX 010810
CF6GPT
PRELIMINARY LOCAL CLIMATOLOGICAL DATA (WS FORM: F-6)
STATION: GULFPORT
MONTH: AUGUST
YEAR: 2021
LATITUDE: 30 23 N
LONGITUDE: 89 4 W
TEMPERATURE IN F: :PCPN: SNOW: WIND :SUNSHINE: SKY :PK WND
================================================================================
1 2 3 4 5 6A 6B 7 8 9 10 11 12 13 14 15 16 17 18
12Z AVG MX 2MIN
DY MAX MIN AVG DEP HDD CDD WTR SNW DPTH SPD SPD DIR MIN PSBL S-S WX SPD DR
================================================================================
1 94 75 85 2 0 20 T M M 4.5 22 10 M M 2 1 30 20
2 90 75 83 0 0 18 0.27 M M 3.2 25 290 M M 3 1 34 290
3 86 75 81 -2 0 16 0.17 M M 3.1 12 50 M M 7 1 14 60
4 92 75 84 1 0 19 0.00 0.0 M 6.4 15 360 M M 5 18 21 350
5 90 69 80 -3 0 15 0.00 0.0 M 4.1 10 210 M M 0 15 200
6 91 69 80 -3 0 15 0.00 M M 2.0 12 160 M M 0 15 160
7 91 73 82 -1 0 17 0.00 0.0 M 2.5 12 150 M M 1 8 15 160
8 92 76 84 1 0 19 0.00 0.0 M 4.4 14 150 M M 1 1 20 190
9 93 77 85 2 0 20 0.00 M M 4.2 14 160 M M 1 18 150
10 91 77 84 1 0 19 0.00 M M 2.5 12 40 M M 2 3 13 40
11 90 77 84 1 0 19 0.01 M M 4.5 20 120 M M 2 22 120
12 88 75 82 -1 0 17 0.00 M M 2.9 25 140 M M 1 35 130
13 91 74 83 0 0 18 0.00 M M 2.7 10 150 M M 1 3 13 150
14 95 74 85 2 0 20 0.00 M M 4.9 13 160 M M 1 3 16 150
15 92 76 84 1 0 19 0.03 M M 6.3 18 150 M M 2 3 23 150
16 95 75 85 2 0 20 T M M 6.1 17 10 M M 1 3 23 20
17 93 74 84 1 0 19 0.00 M M 3.6 13 150 M M 2 3 17 150
18 91 77 84 1 0 19 0.35 M M 6.2 17 130 M M 3 18 21 130
19 91 79 85 2 0 20 0.18 M M 6.3 15 160 M M 3 13 21 160
20 91 78 85 2 0 20 0.00 M M 3.8 13 40 M M 2 19 230
21 94 79 87 4 0 22 0.00 M M 3.8 13 200 M M 0 19 190
22 96 76 86 4 0 21 0.00 M M 4.9 13 200 M M 0 19 230
23 99 75 87 5 0 22 1.26 M M 7.0 33 50 M M 3 138 48 60
24 95 76 86 4 0 21 0.00 M M 4.4 14 150 M M 1 3 17 140
25 94 79 87 5 0 22 0.24 M M 5.8 23 130 M M 3 3 27 120
26 88 76 82 0 0 17 0.58 M M 7.4 22 90 M M 3 13 27 80
27 80 73 77 -5 0 12 4.80 M M 6.7 22 150 M M 3 13 29 150
28 89 74 82 0 0 17 0.01 M M 8.2 18 110 M M 2 25 120
29 81 73 77 -5 0 12 3.81 0.0 M 24.4 49 140 M M 8 18 63 140
30 85 75 80 -2 0 15 4.33 M M 18.4 49 160 M M 8 13 73 150
31 92 75 84 2 0 19 2.57 M M 8.2 20 280 M M 3 13 26 270
================================================================================
SM 2820 2331 0 569 18.61 0.0 183.4 M 74
================================================================================
AV 91.0 75.2 5.9 FASTST M M 2 MAX(MPH)
MISC ----> # 49 140 73 150
================================================================================
NOTES:
# LAST OF SEVERAL OCCURRENCES
COLUMN 17 PEAK WIND IN M.P.H.
PRELIMINARY LOCAL CLIMATOLOGICAL DATA (WS FORM: F-6) , PAGE 2
STATION: GULFPORT
MONTH: AUGUST
YEAR: 2021
LATITUDE: 30 23 N
LONGITUDE: 89 4 W
[TEMPERATURE DATA] [PRECIPITATION DATA] SYMBOLS USED IN COLUMN 16
AVERAGE MONTHLY: 83.1 TOTAL FOR MONTH: 18.61 1 = FOG OR MIST
DPTR FM NORMAL: 0.5 DPTR FM NORMAL: 12.08 2 = FOG REDUCING VISIBILITY
HIGHEST: 99 ON 23 GRTST 24HR 6.86 ON 29-30 TO 1/4 MILE OR LESS
LOWEST: 69 ON 6, 5 3 = THUNDER
SNOW, ICE PELLETS, HAIL 4 = ICE PELLETS
TOTAL MONTH: 0.0 INCH 5 = HAIL
GRTST 24HR 0.0 6 = FREEZING RAIN OR DRIZZLE
GRTST DEPTH: M ON M 7 = DUSTSTORM OR SANDSTORM:
VSBY 1/2 MILE OR LESS
8 = SMOKE OR HAZE
[NO. OF DAYS WITH] [WEATHER - DAYS WITH] 9 = BLOWING SNOW
X = TORNADO
MAX 32 OR BELOW: 0 0.01 INCH OR MORE: 14
MAX 90 OR ABOVE: 24 0.10 INCH OR MORE: 11
MIN 32 OR BELOW: 0 0.50 INCH OR MORE: 6
MIN 0 OR BELOW: 0 1.00 INCH OR MORE: 5
[HDD (BASE 65) ]
TOTAL THIS MO. 0 CLEAR (SCALE 0-3) 24
DPTR FM NORMAL 0 PTCLDY (SCALE 4-7) 6
TOTAL FM JUL 1 0 CLOUDY (SCALE 8-10) 1
DPTR FM NORMAL 0
[CDD (BASE 65) ]
TOTAL THIS MO. 569
DPTR FM NORMAL 22 [PRESSURE DATA]
TOTAL FM JAN 1 2085 HIGHEST SLP M ON M
DPTR FM NORMAL 9 LOWEST SLP 29.65 ON 30
[REMARKS]
#FINAL-08-21#