000
CXUS53 KGRB 011104
CF6GRB
PRELIMINARY LOCAL CLIMATOLOGICAL DATA (WS FORM: F-6)
STATION: GREEN BAY WI
MONTH: MARCH
YEAR: 2022
LATITUDE: 44 28 N
LONGITUDE: 88 8 W
TEMPERATURE IN F: :PCPN: SNOW: WIND :SUNSHINE: SKY :PK WND
================================================================================
1 2 3 4 5 6A 6B 7 8 9 10 11 12 13 14 15 16 17 18
12Z AVG MX 2MIN
DY MAX MIN AVG DEP HDD CDD WTR SNW DPTH SPD SPD DIR MIN PSBL S-S WX SPD DR
================================================================================
1 39 24 32 6 33 0 0.00 0.0 0 5.1 14 340 M M 1 1 21 310
2 38 20 29 3 36 0 T T 0 7.8 16 10 M M 5 1 23 30
3 30 14 22 -5 43 0 0.00 0.0 0 5.6 12 310 M M 0 17 300
4 39 15 27 0 38 0 0.00 0.0 0 4.7 13 150 M M 2 16 80
5 42 33 38 10 27 0 1.79 0.0 0 8.0 17 140 M M 9 1368 23 150
6 46 32 39 11 26 0 0.01 0.0 0 12.3 30 260 M M 10 12 40 260
7 33 22 28 0 37 0 0.11 1.4 1 8.2 17 330 M M 8 1 23 340
8 35 15 25 -4 40 0 0.00 0.0 T 10.4 18 200 M M 0 28 220
9 33 20 27 -2 38 0 0.00 0.0 0 13.4 23 260 M M 5 31 250
10 24 13 19 -11 46 0 0.00 0.0 0 9.7 17 260 M M 0 25 260
11 27 11 19 -11 46 0 T T 0 15.4 30 290 M M 2 40 280
12 20 3 12 -19 53 0 0.00 0.0 0 12.0 21 300 M M 1 28 290
13 43 18 31 0 34 0 0.13 2.3 0 10.3 25 270 M M 4 1 33 260
14 39 30 35 4 30 0 T T T 7.5 18 50 M M 9 22 50
15 45 27 36 4 29 0 T T 0 5.4 10 210 M M 5 12 14 200
16 62 31 47 15 18 0 0.00 0.0 0 7.1 18 210 M M 0 18 27 210
17 62 38 50 17 15 0 0.00 0.0 0 6.6 14 50 M M 3 8 19 40
18 38 33 36 3 29 0 0.54 1.4 0 16.0 28 30 M M 10 1 39 40
19 51 34 43 10 22 0 0.19 0.3 1 10.4 21 20 M M 6 1 27 10
20 57 29 43 9 22 0 0.00 0.0 0 5.2 13 270 M M 0 17 220
21 47 34 41 7 24 0 0.02 0.0 0 10.8 22 50 M M 7 27 40
22 43 36 40 5 25 0 0.47 0.0 0 12.5 20 80 M M 9 1 29 80
23 39 33 36 1 29 0 1.08 0.0 0 16.2 25 40 M M 10 1 33 40
24 40 33 37 2 28 0 0.01 T 0 9.8 22 30 M M 10 1 31 40
25 43 30 37 1 28 0 0.02 0.2 0 12.2 22 280 M M 7 31 320
26 30 22 26 -10 39 0 T T 0 17.3 26 310 M M 9 39 320
27 30 17 24 -13 41 0 0.00 0.0 0 14.2 23 330 M M 2 31 320
28 33 17 25 -12 40 0 0.00 0.0 0 7.2 15 350 M M 0 22 300
29 36 23 30 -7 35 0 0.19 0.2 0 11.3 22 150 M M 7 36 27 140
30 41 33 37 -1 28 0 0.93 T T 10.8 23 20 M M 10 138 30 20
31 35 30 33 -5 32 0 0.54 1.3 T 12.0 23 10 M M 10 1 32 360
================================================================================
SM 1220 770 1011 0 6.03 7.1 315.4 M 161
================================================================================
AV 39.4 24.8 10.2 FASTST M M 5 MAX(MPH)
MISC ----> # 30 260 # 40 260
================================================================================
NOTES:
# LAST OF SEVERAL OCCURRENCES
COLUMN 17 PEAK WIND IN M.P.H.
PRELIMINARY LOCAL CLIMATOLOGICAL DATA (WS FORM: F-6) , PAGE 2
STATION: GREEN BAY WI
MONTH: MARCH
YEAR: 2022
LATITUDE: 44 28 N
LONGITUDE: 88 8 W
[TEMPERATURE DATA] [PRECIPITATION DATA] SYMBOLS USED IN COLUMN 16
AVERAGE MONTHLY: 32.1 TOTAL FOR MONTH: 6.03 1 = FOG OR MIST
DPTR FM NORMAL: 0.0 DPTR FM NORMAL: 4.07 2 = FOG REDUCING VISIBILITY
HIGHEST: 62 ON 17,16 GRTST 24HR 1.79 ON 5- 5 TO 1/4 MILE OR LESS
LOWEST: 3 ON 12 3 = THUNDER
SNOW, ICE PELLETS, HAIL 4 = ICE PELLETS
TOTAL MONTH: 7.1 INCHES 5 = HAIL
GRTST 24HR 2.3 ON 13-13 6 = FREEZING RAIN OR DRIZZLE
GRTST DEPTH: 1 ON 19, 7 7 = DUSTSTORM OR SANDSTORM:
VSBY 1/2 MILE OR LESS
8 = SMOKE OR HAZE
[NO. OF DAYS WITH] [WEATHER - DAYS WITH] 9 = BLOWING SNOW
X = TORNADO
MAX 32 OR BELOW: 6 0.01 INCH OR MORE: 14
MAX 90 OR ABOVE: 0 0.10 INCH OR MORE: 10
MIN 32 OR BELOW: 22 0.50 INCH OR MORE: 5
MIN 0 OR BELOW: 0 1.00 INCH OR MORE: 2
[HDD (BASE 65) ]
TOTAL THIS MO. 1011 CLEAR (SCALE 0-3) 12
DPTR FM NORMAL -8 PTCLDY (SCALE 4-7) 9
TOTAL FM JUL 1 6249 CLOUDY (SCALE 8-10) 10
DPTR FM NORMAL -280
[CDD (BASE 65) ]
TOTAL THIS MO. 0
DPTR FM NORMAL 0 [PRESSURE DATA]
TOTAL FM JAN 1 0 HIGHEST SLP 30.51 ON 3
DPTR FM NORMAL 0 LOWEST SLP 29.16 ON 31
[REMARKS]
#FINAL-03-22#